-- MySQL dump 10.13  Distrib 8.0.43, for Linux (x86_64)
--
-- Host: localhost    Database: atmprod
-- ------------------------------------------------------
-- Server version	8.0.43

/*!40101 SET @OLD_CHARACTER_SET_CLIENT=@@CHARACTER_SET_CLIENT */;
/*!40101 SET @OLD_CHARACTER_SET_RESULTS=@@CHARACTER_SET_RESULTS */;
/*!40101 SET @OLD_COLLATION_CONNECTION=@@COLLATION_CONNECTION */;
/*!50503 SET NAMES utf8mb4 */;
/*!40103 SET @OLD_TIME_ZONE=@@TIME_ZONE */;
/*!40103 SET TIME_ZONE='+00:00' */;
/*!40014 SET @OLD_UNIQUE_CHECKS=@@UNIQUE_CHECKS, UNIQUE_CHECKS=0 */;
/*!40014 SET @OLD_FOREIGN_KEY_CHECKS=@@FOREIGN_KEY_CHECKS, FOREIGN_KEY_CHECKS=0 */;
/*!40101 SET @OLD_SQL_MODE=@@SQL_MODE, SQL_MODE='NO_AUTO_VALUE_ON_ZERO' */;
/*!40111 SET @OLD_SQL_NOTES=@@SQL_NOTES, SQL_NOTES=0 */;

--
-- Table structure for table `ArteVlr`
--

DROP TABLE IF EXISTS `ArteVlr`;
/*!40101 SET @saved_cs_client     = @@character_set_client */;
/*!50503 SET character_set_client = utf8mb4 */;
CREATE TABLE `ArteVlr` (
  `id` int NOT NULL AUTO_INCREMENT,
  `nivel_arte` varchar(255) NOT NULL,
  `valor` decimal(10,2) NOT NULL,
  `created_at` datetime NOT NULL,
  `updated_at` datetime NOT NULL,
  PRIMARY KEY (`id`)
) ENGINE=InnoDB DEFAULT CHARSET=utf8mb3;
/*!40101 SET character_set_client = @saved_cs_client */;

--
-- Dumping data for table `ArteVlr`
--

LOCK TABLES `ArteVlr` WRITE;
/*!40000 ALTER TABLE `ArteVlr` DISABLE KEYS */;
/*!40000 ALTER TABLE `ArteVlr` ENABLE KEYS */;
UNLOCK TABLES;

--
-- Table structure for table `Cliente`
--

DROP TABLE IF EXISTS `Cliente`;
/*!40101 SET @saved_cs_client     = @@character_set_client */;
/*!50503 SET character_set_client = utf8mb4 */;
CREATE TABLE `Cliente` (
  `id` int NOT NULL AUTO_INCREMENT,
  `nome` varchar(255) NOT NULL,
  `telefone` varchar(255) NOT NULL,
  `email` varchar(255) DEFAULT NULL,
  `endereco` varchar(255) DEFAULT NULL,
  `cpf_cnpj` varchar(255) DEFAULT NULL,
  `created_at` datetime NOT NULL,
  `updated_at` datetime NOT NULL,
  `tipo` enum('Física','Jurídica') NOT NULL DEFAULT 'Física',
  `cep` varchar(255) DEFAULT NULL,
  `numero` varchar(255) DEFAULT NULL,
  `complemento` varchar(255) DEFAULT NULL,
  `bairro` varchar(255) DEFAULT NULL,
  `cidade` varchar(255) DEFAULT NULL,
  `estado` varchar(255) DEFAULT NULL,
  `inscricao_estadual` varchar(255) DEFAULT NULL,
  PRIMARY KEY (`id`)
) ENGINE=InnoDB AUTO_INCREMENT=48 DEFAULT CHARSET=utf8mb3;
/*!40101 SET character_set_client = @saved_cs_client */;

--
-- Dumping data for table `Cliente`
--

LOCK TABLES `Cliente` WRITE;
/*!40000 ALTER TABLE `Cliente` DISABLE KEYS */;
INSERT INTO `Cliente` VALUES (6,'KATIA ALVES MARTINS','(62) 99959-6254',NULL,'RUA AYMORE','000.474.031-95','2025-08-06 17:28:55','2025-08-06 17:28:55','Física','','155','QD 11, TL 19','ALTO DA BOA VISTA','JUSSARA','GO',NULL),(7,'THALLES RIBEIRO DE MELO','(62) 98524-6574',NULL,'Avenida Vereador Germino Alves','035.287.641-71','2025-08-07 16:43:07','2025-08-07 16:43:36','Física','74640-035','503','(Quarta Avenida) - de 509 ao fim - l','Setor Leste Vila Nova','Goiânia','GO',NULL),(8,'FARMAMIX DROGARIAS','(62) 99858-2566','njoaobatista@gmail.com','Avenida Laguna','46.463.158/0001-07','2025-08-07 17:20:45','2025-08-07 17:38:44','Jurídica','74843-415','1045',NULL,'Jardim Atlântico','Goiânia','GO','(63) 99955-7512'),(9,'ADEMIR DE SARTES E SILVA ','(62) 99316-1463',NULL,'RUA VIÇOSA ','333.415.751-20','2025-08-07 19:37:43','2025-08-07 19:37:43','Física','','','QD 109 LT 3','LESTE UNIVERSITARIO ','GOIANIA','GO',NULL),(10,'QUALIGEO ENGENHARIA ,CONSULTORIA E INSPECAO LTDA','(11) 97311-9431',NULL,'RUA AMAZONAS ','12.919.238/0001-02','2025-08-07 19:53:56','2025-08-07 19:53:56','Jurídica','','','QUADRAA411A','JARDIM NOVA BARRA','BARRA DO GARÇAS ','MT','1195021-4123'),(11,'CORACY PEREIRA DA SILVA ','(62) 9985-5448','coramarinho0201@gmail.com','Rua C23','35.889.863/0001-46','2025-08-11 16:43:51','2025-08-11 16:45:29','Jurídica','74363-290','','QD 68 LT 08','Setor Novo Horizonte','Goiânia','GO','(62)99985-5448'),(12,'ESPAÇO GOURMET CORALINA CL DIAS GESTÃO E CONSULTORIA LTDA ','(62) 99409-0127','cinthia@cldias.com.br','Rua 34','40.670.752/0001-84','2025-08-11 17:50:36','2025-08-11 17:50:36','Jurídica','74150-220','42','QDH 17 LT 01/0','Setor Marista','Goiânia','GO','(62) 99409-0127'),(13,'ADRIANO PEREIRA DA SILVA','(62) 99861-1301','ADRIANOPRESTADORDESERVICO@GMAIL.COM','Avenida Engenheiro Fuad Rassi','017.369.771-21','2025-08-11 18:01:43','2025-08-11 18:01:43','Física','74655-030','S/N','QD.BL LT.09','Vila Jaraguá','Goiânia','GO',NULL),(14,'NW INOVAÇÃO LOGÍSTICA','(62) 99567-1319',NULL,'Rua JC20','38.074.505/0001-73','2025-08-12 11:48:10','2025-08-12 11:48:10','Jurídica','74480-570','11',NULL,'Jardim Curitiba','Goiânia','GO','62 99403-4286'),(15,'FUNDAÇÃO DE APOIO E PESQUISA - FUNAPE','(62) 93216-7300','contato@funape.org.br','Avenida Esperança','00.799.205/0001-89','2025-08-12 13:51:22','2025-08-12 13:51:22','Jurídica','74690-612','1533',NULL,'Campus Samambaia - UFG','Goiânia','GO','62 98259-8592'),(16,'LARISSA FERRARI ','(66) 98468-2020','LISSAFERRARI@GMAIL.COM','RUA 31','006.619.481-45','2025-08-12 17:35:16','2025-08-12 17:35:16','Física','78635-000','252',NULL,'OPÉRARIO ','Água Boa','MT',NULL),(17,'ESCOLA VIDA E LUZ - MR DE ALMEIDA','(62) 98471-1916',NULL,'Rua Ipameri','01.268.323/0001-23','2025-08-13 12:39:33','2025-08-13 12:39:33','Jurídica','74675-390','11',NULL,'Jardim Guanabara','Goiânia','GO','6232708060'),(18,'SIDNEY FEITOSA DOS SANTOS - VILLAGE','(62) 99204-4470','sidney2551santos@gmail.com','Avenida São Domingos','005.908.461-83','2025-08-13 18:01:15','2025-08-13 18:01:15','Física','74480-120','87','AP 103 Gran Provence','Vila Mutirão I','Goiânia','GO',NULL),(19,'GEYSA ANANDA FHOHLICH ','(62) 99530-4596','Geysa_frohlich@hotmail.com','Rua Madri 19','703.293.321-12','2025-08-13 19:48:39','2025-08-13 19:48:39','Física','74369-110','S/N','Quadra 15 lote 09','Jardins Madri','Goiânia','GO',NULL),(20,'MULT BRONZE COMERCIO DE PRODUTOS DE BRONZEAMENTO E BELEZA ','(62) 99101-5330','DANIRONCATO@HOTMAIL.COM','Rua Z','31.508.496/0001-32','2025-08-13 20:00:06','2025-08-13 20:00:06','Jurídica','74550-015','406','QD 12 LT 07','Setor Centro Oeste','Goiânia','GO','(62)99101-5330'),(21,'BENATTI FRIOS E EMBALAGENS LTDA ','(62) 98406-8204','benattifrios@gmail.com','Avenida das Paineiras','53.301.017/0001-45','2025-08-14 12:40:46','2025-08-14 12:40:46','Jurídica','75384-346','180','QD 96 LT 12','Setor Ponta Kayana','Trindade','GO','(62)99369-1160'),(22,'BINHO TRANSPORTES E LOGÍSTICA','(11) 92088-4110',NULL,'Avenida Amâncio Gaiolli','05.112.286/0001-10','2025-08-14 15:19:12','2025-08-14 15:19:12','Jurídica','07251-250','S/N','Galpão 2','Água Chata','Guarulhos','SP','11 95955-1723'),(23,'LIDER SUPERMERCADO','(66) 98407-4778','lidersupermercadobg@gmail.com','RUA AMAZONAS ','24.671.574/0001-50','2025-08-14 16:41:53','2025-08-14 16:41:53','Jurídica','78600-000','','QUADRA411A','JARDIM NOVA BARRA ','BARRA DOS GARÇAS','MT','(66) 992027724'),(25,'COLEGIO SHALLON / TEREZINHA ELIAS DOS SANTOS EIRELI','(62) 98555-5464',NULL,'Rua Fortaleza','00.106.898/0001-87','2025-08-15 13:14:11','2025-08-15 13:14:11','Jurídica','74565-080','261',NULL,'Setor Urias Magalhães','Goiânia','GO','6232104861'),(26,'JESSICA SOARES SILVA','(62) 99335-1472',NULL,'Rua RB 8','026.002.051-60','2025-08-15 19:42:26','2025-08-15 19:42:26','Física','74474-317','S/N','Qd.48 Lt.82','Residencial Recanto do Bosque','Goiânia','GO',NULL),(27,'SKILL ASSESSORIA CONTABIL','(62) 93639-4467','patricia.ribeiro@gruposkill.com.br','Avenida T 7','10.848.504/0001-10','2025-08-18 18:35:33','2025-08-18 18:35:33','Jurídica','74140-110','371','QD.R34 LT.1E ','Setor Oeste','Goiânia','GO','(62) 99674-3344'),(28,'ATRIOS MED PRODUTOS HOSPITALARES LTDA','(62) 98159-2039','avelarjunior@atriosmed.com.br','Rua Coronel Joaquim Cunha Bastos','34.681.345/0001-70','2025-08-18 19:28:12','2025-08-18 19:28:12','Jurídica','74660-070','197','QUADRA23 LOTE 1/23 A','Setor Criméia Leste','Goiânia','GO','(62)98159-2039'),(29,'JESSÉ DE OLIVEIRA MARQUES','(62) 99425-4145','jessemarques7944@gmail.com','Rua Elias Salum João','969.043.131-53','2025-08-20 14:30:45','2025-08-20 14:30:45','Física','74574-040','','Qd 06 LT 18 ','Residencial Morumbi','Goiânia','GO',NULL),(30,'INDUSTRIA ECOLOGICA LTDA','(62) 98444-6004','cgbcontabil02@hotmail.com','Avenida Independência','37.861.915/0001-00','2025-08-20 17:29:36','2025-08-20 17:30:18','Jurídica','74070-010','5226','QUADRAX LOTE 08 MZNI','Setor Aeroporto','Goiânia','GO','(62)98444-6004'),(31,'FERNANDO EDUARDO LOPES DA COSTA ','(64) 98408-6896','fernandoedulopes@gmail.com','','033.513.081-08','2025-08-21 13:57:13','2025-08-21 13:57:13','Física','75810-000','15',NULL,'MARIA DOS ANJOS','Itarumã','GO',NULL),(32,'CONDOMÍNIO DO EDIFÍCIO QUINTA DA VILA BOA','(62) 99100-2976',NULL,'Avenida Central','03.812.807/0001-17','2025-08-21 19:01:06','2025-08-21 19:01:06','Jurídica','74465-100','978',NULL,'Jardim Nova Esperança','Goiânia','GO',''),(33,'BRASIL CACAU ','(62) 99698-806','brasilcacaugo@gmail.com','Rua 9','51.713.802/0001-80','2025-08-21 19:48:47','2025-08-21 19:48:47','Jurídica','74150-130','1855','de 1389/1390 ao fim','Setor Marista','Goiânia','GO','62 9969-8806'),(34,'GLOBAL COMEX SERVICOS ADMINISTRATIVOS','(62) 93612-0365','kezia@globalcomercioexterior.com.br','Avenida Caiapó','15.540.633/0001-60','2025-08-21 20:48:14','2025-08-21 20:48:14','Jurídica','74672-400','1601','QUADRA86 LOTE 117','Santa Genoveva','Goiânia','GO','62 8115-4621'),(35,'NAIANE CRISTINE DA SILVA MENDONÇA ','(62) 99331-4309','cristine_naiane@hotmail.com','Alameda das Chácaras','028.602.855-71','2025-08-22 12:28:54','2025-08-22 12:28:54','Física','74373-010','60',NULL,'Vila Luciana','Goiânia','GO',NULL),(36,'SIGA DISTRIBUIDORA DE PECAS LTDA','(62) 98289-9376','atendimento@sigaautoparts.com','Rua 12','18.915.427/0001-85','2025-08-22 18:35:54','2025-08-22 18:35:54','Jurídica','74440-420','768','QUADRA554 LOTE 1 E 2','Setor São José','Goiânia','GO','62 98289-9376'),(37,'HEBROM COMERCIO E SERVIÇOS LTDA ME ','(62) 98551-7656','hebrom.csl@gmail.com','Rua 20','03.976.504/0001-93','2025-08-22 18:41:44','2025-08-22 18:41:44','Jurídica','74620-230','31','QD 29   LOT 53','Vila Morais','Goiânia','GO','62 98551-7656'),(38,'SPRINTER COMERCIO E SERVICOS LTDA','(62) 99240-0590','sprinter.assistencia@gmail.com','Rua Santa Catarina','07.321.160/0001-81','2025-08-22 18:45:00','2025-08-22 18:45:22','Jurídica','74685-440','496','QUADRA65 LOTE 09','Vila Jardim São Judas Tadeu','Goiânia','GO',' 62 8551-7656'),(39,'MÚLTIPLA SOARES SOLUÇÕES','(62) 99252-1532','multipla@multipla.tec.br','Rua HM8','42.804.612/0001-87','2025-08-25 17:03:05','2025-08-25 17:03:05','Jurídica','74573-394','S/N','QD.11 LT.38 CS.02','Residencial Hugo de Moraes','Goiânia','GO','62 93142-9059'),(40,'JOSÉ BORGES MARTINS - JBM CONSTRUÇÕES','(62) 98239-3945',NULL,'Rua Florianópolis','263.078.981-00','2025-08-26 11:27:39','2025-08-26 11:27:39','Física','74685-260','S/N','QD.04 LT.08','Vila Jardim São Judas Tadeu','Goiânia','GO',NULL),(41,'LARA MARIA MARINHO - LAR LUIZA AMORIM','(62) 99687-7352','laramaria1105@gmail.com','Rua J33','035.601.051-10','2025-08-26 11:31:06','2025-08-26 11:31:06','Física','74673-510','S/N',NULL,'Setor Jaó','Goiânia','GO',NULL),(42,'IMPRIM ART COMUNICAÇÃO VISUAL','(62) 99991-6559','jeferson_marim@hotmail.com','Avenida Inhumas','37.732.491/0001-75','2025-08-26 17:04:19','2025-08-26 17:04:19','Jurídica','74460-120','772','QD.14 LT.45','Jardim Petrópolis','Goiânia','GO','62 99945-6476'),(43,'JONATA BRITO ROCHA','(62) 99257-6509','jecprestadoradeservicos@gmail.com','Alameda dos Manacás','095.797.665-84','2025-08-29 17:53:06','2025-08-29 17:53:06','Física','74390-650','1','LT 12 QD 29','Vila Rizzo','Goiânia','GO',NULL),(44,'APERAM - MARCELO REPRESENTAÇÕES','(62) 99820-0671','contato@marceloinox.com.br','Avenida Anhanguera','05.369.887/0001-03','2025-08-29 17:57:37','2025-08-29 17:57:37','Jurídica','74043-010','5389','QD.21 LT. 30E','Setor Central','Goiânia','GO',''),(45,'AIC SOLUÇÕES','(62) 99101-4387','andaluz@andaluzcontabil.com.br','Praça Coronel Vicente Sanches de Almeida','29.817.047/0001-24','2025-09-01 13:45:48','2025-09-01 13:45:48','Jurídica','74660-090','69','QD.19 LT.07','Setor Criméia Leste','Goiânia','GO','BRUNO'),(46,'JEOVANY NOVAIS DA SILVA - DULCE AVELÃ','(62) 96051-296','jeovanynovaisdasilva@gmail.com','Avenida Comercial','032.853.261-40','2025-09-01 13:52:38','2025-09-01 13:52:38','Física','74465-120','S/N','QD.114 LT.03','Jardim Nova Esperança','Goiânia','GO',NULL),(47,'CREDIUM ASSESSORIA FINANCEIRA','(62) 98309-0100','credium.financeiro@gmail.com','Rua Carlos Chagas','60.870.196/0001-05','2025-09-02 13:12:37','2025-09-02 13:12:37','Jurídica','74835-020','188','QD.06 LT.30','Serrinha','Goiânia','GO','GABRIEL ');
/*!40000 ALTER TABLE `Cliente` ENABLE KEYS */;
UNLOCK TABLES;

--
-- Table structure for table `Funcionario`
--

DROP TABLE IF EXISTS `Funcionario`;
/*!40101 SET @saved_cs_client     = @@character_set_client */;
/*!50503 SET character_set_client = utf8mb4 */;
CREATE TABLE `Funcionario` (
  `id` int NOT NULL AUTO_INCREMENT,
  `nome` varchar(255) NOT NULL,
  `telefone` varchar(255) DEFAULT NULL,
  `codigo_acesso` varchar(255) NOT NULL,
  `admin` tinyint(1) DEFAULT '0',
  `vendas` tinyint(1) DEFAULT '0',
  `cadastrada` tinyint(1) DEFAULT '0',
  `separacao` tinyint(1) DEFAULT '0',
  `corte` tinyint(1) DEFAULT '0',
  `bordado` tinyint(1) DEFAULT '0',
  `silk` tinyint(1) DEFAULT '0',
  `sublimacao` tinyint(1) DEFAULT '0',
  `dtf` tinyint(1) DEFAULT '0',
  `costura` tinyint(1) DEFAULT '0',
  `acabamento` tinyint(1) DEFAULT '0',
  `entrega` tinyint(1) DEFAULT '0',
  `enviar_mensagem` tinyint(1) DEFAULT '0',
  `status` enum('ativo','inativo') DEFAULT 'ativo',
  `created_at` datetime NOT NULL,
  `updated_at` datetime NOT NULL,
  `cargo` varchar(255) NOT NULL,
  `data_admissao` date DEFAULT NULL,
  `foto` varchar(255) DEFAULT NULL,
  `cpf` varchar(255) DEFAULT NULL,
  `data_nascimento` date DEFAULT NULL,
  `aplik` tinyint(1) DEFAULT '0',
  PRIMARY KEY (`id`),
  UNIQUE KEY `codigo_acesso` (`codigo_acesso`),
  UNIQUE KEY `codigo_acesso_2` (`codigo_acesso`)
) ENGINE=InnoDB AUTO_INCREMENT=19 DEFAULT CHARSET=utf8mb3;
/*!40101 SET character_set_client = @saved_cs_client */;

--
-- Dumping data for table `Funcionario`
--

LOCK TABLES `Funcionario` WRITE;
/*!40000 ALTER TABLE `Funcionario` DISABLE KEYS */;
INSERT INTO `Funcionario` VALUES (1,'ATM','(62) 8441-9998','atm112581',1,1,1,1,1,1,1,1,1,1,1,1,0,'ativo','2025-06-21 13:42:08','2025-08-05 23:06:45','Administrador','2025-04-01','1753974340811.jpg',NULL,NULL,0),(2,'Iara de Oliveira Silva','(62) 8107-7176','atm8342',0,1,1,0,0,0,0,0,0,0,0,1,0,'ativo','2025-07-29 01:45:55','2025-08-06 02:47:13','VENDEDORA',NULL,'1753883855527.jpg','707.282.921-06',NULL,0),(3,'Edma Nunes da Mata','(62) 9116-5435','atm6089',0,0,0,0,0,0,0,0,0,0,0,0,0,'ativo','2025-07-29 01:49:47','2025-08-05 23:59:47','Costureira','2022-06-01','1753811761629.jpg','588.408.771-77','1971-11-25',0),(4,'Maria Ilda Gomes da Silva','(62) 8285-1074','atm6713',0,0,0,0,0,0,0,0,0,0,0,0,0,'ativo','2025-07-29 01:54:32','2025-08-05 23:59:55','Costureira','2024-02-01','1753811292640.jpg','001.630.953-70','1984-03-09',0),(5,'Oziel da Silva Costa','(62) 8127-8197','atm8118',0,0,0,0,0,0,1,1,1,0,1,0,0,'ativo','2025-07-29 02:02:37','2025-08-06 02:47:50','SERIGRAFO',NULL,'1753811726467.jpg','762.232.562-72','1985-02-23',0),(6,'Werley Rosa Felipe','(62) 9164-7002','atm5963',0,0,0,0,0,0,1,1,1,0,1,0,0,'ativo','2025-07-29 02:04:33','2025-08-06 02:47:36','SERIGRAFO','2025-07-01','1753811794837.jpg','003.482.531-25','1984-08-24',0),(7,'Kayane Farias Barbosa','(62) 9340-6659','atm1235',0,1,1,0,0,0,0,0,0,0,0,1,0,'ativo','2025-07-29 02:08:13','2025-08-06 02:48:04','VENDEDORA','2025-04-01','1753883870991.jpg','707.891.551-84','2003-11-20',0),(8,'Eliandro Alves da Silva','(62) 9484-1710','atm7374',0,1,1,0,0,1,0,0,0,0,0,0,0,'ativo','2025-07-29 02:11:57','2025-08-06 00:01:33','Operador de maquina Bordar','2019-11-01',NULL,'040.101.871-74','1984-04-02',0),(9,'Patricia Barros de Queiroz','(62) 9155-0512','atm5891',0,0,0,0,0,0,0,0,0,0,0,0,0,'ativo','2025-07-29 02:15:14','2025-09-01 23:08:36','Costureira','2024-02-01','1753811176965.jpg','004.343.741-99','1977-02-19',0),(10,'Edilaine Martins','(62) 8107-4785','atm6586',0,0,1,0,0,1,0,0,0,0,0,1,0,'ativo','2025-07-29 02:17:59','2025-08-06 02:48:35','AUXILIAR DE PRODUÇÃO','2025-07-01','1753883894961.jpg','006.854.602-58','1989-04-17',0),(11,'Ronny maciel Sousa Pinto','(62) 9205-3889','atm5633',0,0,0,0,0,1,0,0,0,0,0,0,0,'ativo','2025-07-29 02:20:26','2025-08-14 20:10:10','Operador de maquina Bordar','2024-07-24','1753883912625.jpg','001.112.843-76','1984-07-23',0),(12,'Maria Aparecida Rocha Tavares','','atm8328',0,0,0,0,0,0,0,0,0,0,0,0,0,'ativo','2025-07-29 02:22:30','2025-08-06 00:02:44','Costureira',NULL,NULL,NULL,'1969-09-09',0),(13,'Marina Chaveiro de Araujo Tavares','(62) 8531-7312','atm5059',0,0,1,1,1,0,0,0,0,1,0,0,0,'ativo','2025-07-29 02:24:43','2025-08-06 02:49:08','CORTADEIRA DE TECIDO','2018-08-01','1753809524589.jpg','466.591.291-20','1967-10-12',0),(14,'Nayara Cristina Rodovalho de Sousa','(62) 9327-0472','atm1643',1,1,1,1,1,0,0,0,0,0,1,0,0,'ativo','2025-07-29 02:27:46','2025-08-06 00:03:21','Auxiliar de Produção','2024-01-02','1753811022849.jpg','037.705.651-00','2004-11-02',0),(15,'Dejanira de Oliveira Almeida','(62) 9125-1592','atm5998',0,1,1,1,1,0,0,0,0,1,1,0,0,'ativo','2025-07-29 02:29:48','2025-08-06 02:50:14','LIDER PRODUÇÃO','2021-06-16','1753811074957.jpg','054.811.523-04','1992-02-23',0),(16,'Gersioney Gonçalves da Silva','(62) 9245-9959','atm3173',0,0,0,0,0,0,0,0,0,0,0,0,0,'ativo','2025-07-29 02:33:14','2025-08-05 00:02:24','Serigrafo','2016-01-04','1754352144422.jpg','054.091.821-03','1977-10-12',0),(17,'Francisca Rabelo','(62) 9102-4006','atm6069',0,0,0,0,0,0,0,0,0,0,0,0,0,'ativo','2025-07-29 02:37:06','2025-08-06 00:03:59','Costureira','2023-03-03','1753811134848.jpg','011.404.991-22','1981-12-03',0),(18,'Isabela Lavinia Ferreira da Costa','(62) 9652-1336','atm5224',0,1,1,0,0,0,0,0,0,0,0,1,1,'ativo','2025-08-01 20:40:28','2025-08-06 00:04:19','Vendedora',NULL,'1754317378890.jpg','055.437.241-01','1996-09-09',0);
/*!40000 ALTER TABLE `Funcionario` ENABLE KEYS */;
UNLOCK TABLES;

--
-- Table structure for table `Historico`
--

DROP TABLE IF EXISTS `Historico`;
/*!40101 SET @saved_cs_client     = @@character_set_client */;
/*!50503 SET character_set_client = utf8mb4 */;
CREATE TABLE `Historico` (
  `id` int NOT NULL AUTO_INCREMENT,
  `estagio` enum('cadastrada','separacao','corte','silk','bordado','sublimacao','dtf','aplik','costura','acabamento','pronto_entrega','entregue','concluido') NOT NULL,
  `observacao` text,
  `concluido` tinyint(1) DEFAULT '0',
  `concluido_em` datetime DEFAULT NULL,
  `created_at` datetime NOT NULL,
  `updated_at` datetime NOT NULL,
  `ordem_servico_id` int DEFAULT NULL,
  `updated_by` int DEFAULT NULL,
  `funcionario_id` int DEFAULT NULL,
  PRIMARY KEY (`id`),
  KEY `ordem_servico_id` (`ordem_servico_id`),
  KEY `updated_by` (`updated_by`),
  KEY `funcionario_id` (`funcionario_id`),
  CONSTRAINT `Historico_ibfk_178` FOREIGN KEY (`ordem_servico_id`) REFERENCES `OrdemServico` (`id`) ON DELETE SET NULL ON UPDATE CASCADE,
  CONSTRAINT `Historico_ibfk_179` FOREIGN KEY (`updated_by`) REFERENCES `Funcionario` (`id`) ON DELETE SET NULL ON UPDATE CASCADE,
  CONSTRAINT `Historico_ibfk_180` FOREIGN KEY (`funcionario_id`) REFERENCES `Funcionario` (`id`) ON DELETE SET NULL ON UPDATE CASCADE
) ENGINE=InnoDB AUTO_INCREMENT=406 DEFAULT CHARSET=utf8mb3;
/*!40101 SET character_set_client = @saved_cs_client */;

--
-- Dumping data for table `Historico`
--

LOCK TABLES `Historico` WRITE;
/*!40000 ALTER TABLE `Historico` DISABLE KEYS */;
INSERT INTO `Historico` VALUES (37,'cadastrada','Ordem cadastrada',1,'2025-08-06 17:29:48','2025-08-06 17:29:48','2025-08-06 17:29:48',8,2,NULL),(38,'cadastrada','Ordem cadastrada',1,'2025-08-06 17:53:00','2025-08-06 17:53:00','2025-08-06 17:53:00',9,2,NULL),(39,'separacao','',1,'2025-08-12 17:27:28','2025-08-07 16:46:54','2025-08-12 17:27:28',8,18,NULL),(40,'cadastrada','Ordem cadastrada',1,'2025-08-07 16:52:14','2025-08-07 16:52:14','2025-08-07 16:52:14',10,18,NULL),(41,'cadastrada','Ordem cadastrada',1,'2025-08-07 16:57:57','2025-08-07 16:57:57','2025-08-07 16:57:57',11,18,NULL),(42,'cadastrada','Ordem cadastrada',1,'2025-08-07 17:35:16','2025-08-07 17:35:16','2025-08-07 17:35:16',12,7,NULL),(43,'cadastrada','Ordem cadastrada',1,'2025-08-07 17:36:43','2025-08-07 17:36:43','2025-08-07 17:36:43',13,7,NULL),(44,'cadastrada','Ordem cadastrada',1,'2025-08-07 19:38:53','2025-08-07 19:38:53','2025-08-07 19:38:53',14,2,NULL),(45,'cadastrada','Ordem cadastrada',1,'2025-08-07 19:40:39','2025-08-07 19:40:39','2025-08-07 19:40:39',17,2,NULL),(46,'cadastrada','Ordem cadastrada',1,'2025-08-07 19:55:30','2025-08-07 19:55:30','2025-08-07 19:55:30',18,2,NULL),(47,'cadastrada','Ordem cadastrada',1,'2025-08-11 16:47:10','2025-08-11 16:47:10','2025-08-11 16:47:10',19,2,NULL),(48,'cadastrada','Ordem cadastrada',1,'2025-08-11 18:02:56','2025-08-11 18:02:56','2025-08-11 18:02:56',20,7,NULL),(49,'cadastrada','Ordem cadastrada',1,'2025-08-11 18:08:59','2025-08-11 18:08:59','2025-08-11 18:08:59',21,2,NULL),(50,'separacao','',1,'2025-08-12 10:25:22','2025-08-12 10:25:17','2025-08-12 10:25:22',19,14,NULL),(51,'corte','',1,'2025-08-12 10:25:25','2025-08-12 10:25:22','2025-08-12 10:25:25',19,14,NULL),(52,'silk','',1,'2025-08-12 10:25:34','2025-08-12 10:25:25','2025-08-12 10:25:34',19,14,NULL),(53,'costura','',1,'2025-08-12 13:32:54','2025-08-12 10:25:34','2025-08-12 13:32:54',19,14,NULL),(54,'cadastrada','Ordem cadastrada',1,'2025-08-12 12:03:25','2025-08-12 12:03:25','2025-08-12 12:03:25',22,7,NULL),(55,'acabamento','',1,'2025-08-12 14:00:51','2025-08-12 13:32:54','2025-08-12 14:00:51',19,14,NULL),(56,'cadastrada','Ordem cadastrada',1,'2025-08-12 13:53:15','2025-08-12 13:53:15','2025-08-12 13:53:15',23,7,NULL),(57,'pronto_entrega','',1,'2025-08-14 11:17:44','2025-08-12 14:00:51','2025-08-14 11:17:44',19,14,NULL),(58,'separacao','',1,'2025-08-12 14:07:12','2025-08-12 14:07:12','2025-08-12 14:07:12',18,14,NULL),(59,'corte','',1,'2025-08-12 14:07:14','2025-08-12 14:07:12','2025-08-12 14:07:14',18,14,NULL),(60,'silk','',1,'2025-08-12 14:07:17','2025-08-12 14:07:14','2025-08-12 14:07:17',18,14,NULL),(61,'costura','',1,'2025-08-12 14:07:19','2025-08-12 14:07:17','2025-08-12 14:07:19',18,14,NULL),(62,'acabamento','',1,'2025-08-12 14:07:22','2025-08-12 14:07:19','2025-08-12 14:07:22',18,14,NULL),(63,'pronto_entrega','',1,'2025-08-12 14:07:27','2025-08-12 14:07:22','2025-08-12 14:07:27',18,14,NULL),(64,'entregue','Ordem concluída',1,'2025-08-12 14:07:27','2025-08-12 14:07:27','2025-08-12 14:07:27',18,14,NULL),(65,'separacao','',1,'2025-08-12 14:09:45','2025-08-12 14:09:42','2025-08-12 14:09:45',14,14,NULL),(66,'corte','',1,'2025-08-12 14:09:48','2025-08-12 14:09:45','2025-08-12 14:09:48',14,14,NULL),(67,'silk','',1,'2025-08-12 14:09:52','2025-08-12 14:09:48','2025-08-12 14:09:52',14,14,NULL),(68,'costura','',1,'2025-08-12 14:09:55','2025-08-12 14:09:52','2025-08-12 14:09:55',14,14,NULL),(69,'acabamento','',1,'2025-08-12 14:09:59','2025-08-12 14:09:55','2025-08-12 14:09:59',14,14,NULL),(70,'pronto_entrega','',1,'2025-08-15 18:52:36','2025-08-12 14:09:59','2025-08-15 18:52:36',14,14,NULL),(71,'separacao','',1,'2025-08-12 17:26:20','2025-08-12 17:26:18','2025-08-12 17:26:20',9,14,NULL),(72,'corte','',1,'2025-08-12 17:26:23','2025-08-12 17:26:20','2025-08-12 17:26:23',9,14,NULL),(73,'silk','',1,'2025-08-12 17:26:25','2025-08-12 17:26:23','2025-08-12 17:26:25',9,14,NULL),(74,'costura','',1,'2025-08-12 17:26:28','2025-08-12 17:26:25','2025-08-12 17:26:28',9,14,NULL),(75,'acabamento','',1,'2025-08-12 17:28:28','2025-08-12 17:26:28','2025-08-12 17:28:28',9,14,NULL),(76,'corte','',1,'2025-08-12 17:27:31','2025-08-12 17:27:28','2025-08-12 17:27:31',8,14,NULL),(77,'silk','',1,'2025-08-12 17:27:33','2025-08-12 17:27:31','2025-08-12 17:27:33',8,14,NULL),(78,'costura','',1,'2025-08-12 17:27:36','2025-08-12 17:27:33','2025-08-12 17:27:36',8,14,NULL),(79,'acabamento','',1,'2025-08-12 17:27:38','2025-08-12 17:27:36','2025-08-12 17:27:38',8,14,NULL),(80,'pronto_entrega','',0,NULL,'2025-08-12 17:27:38','2025-08-12 17:27:38',8,14,NULL),(81,'pronto_entrega','',0,NULL,'2025-08-12 17:28:29','2025-08-12 17:28:29',9,14,NULL),(82,'separacao','',1,'2025-08-12 17:29:30','2025-08-12 17:29:26','2025-08-12 17:29:30',20,14,NULL),(83,'corte','',1,'2025-08-13 11:59:59','2025-08-12 17:29:30','2025-08-13 11:59:59',20,14,NULL),(84,'cadastrada','Ordem cadastrada',1,'2025-08-12 17:38:42','2025-08-12 17:38:42','2025-08-12 17:38:42',24,2,NULL),(85,'separacao','',1,'2025-08-12 17:40:39','2025-08-12 17:40:35','2025-08-12 17:40:39',11,14,NULL),(86,'corte','',1,'2025-08-12 17:40:50','2025-08-12 17:40:39','2025-08-12 17:40:50',11,14,NULL),(87,'bordado','',1,'2025-08-12 17:40:53','2025-08-12 17:40:50','2025-08-12 17:40:53',11,14,NULL),(88,'costura','',1,'2025-08-12 17:40:56','2025-08-12 17:40:53','2025-08-12 17:40:56',11,14,NULL),(89,'acabamento','',1,'2025-08-15 18:51:35','2025-08-12 17:40:56','2025-08-15 18:51:35',11,14,NULL),(90,'separacao','',1,'2025-08-12 17:41:49','2025-08-12 17:41:47','2025-08-12 17:41:49',10,14,NULL),(91,'corte','',1,'2025-08-12 17:41:52','2025-08-12 17:41:49','2025-08-12 17:41:52',10,14,NULL),(92,'bordado','',1,'2025-08-12 17:41:55','2025-08-12 17:41:52','2025-08-12 17:41:55',10,14,NULL),(93,'costura','',1,'2025-08-12 17:41:58','2025-08-12 17:41:55','2025-08-12 17:41:58',10,14,NULL),(94,'acabamento','',1,'2025-08-15 18:51:51','2025-08-12 17:41:58','2025-08-15 18:51:51',10,14,NULL),(95,'separacao','',1,'2025-08-12 17:43:11','2025-08-12 17:43:08','2025-08-12 17:43:11',12,14,NULL),(96,'corte','',1,'2025-08-12 17:43:14','2025-08-12 17:43:11','2025-08-12 17:43:14',12,14,NULL),(97,'sublimacao','',1,'2025-08-20 15:53:16','2025-08-12 17:43:14','2025-08-20 15:53:16',12,14,NULL),(98,'separacao','',1,'2025-08-12 17:44:35','2025-08-12 17:44:32','2025-08-12 17:44:35',17,14,NULL),(99,'corte','',1,'2025-08-12 17:44:38','2025-08-12 17:44:35','2025-08-12 17:44:38',17,14,NULL),(100,'silk','',1,'2025-08-14 14:20:10','2025-08-12 17:44:38','2025-08-14 14:20:10',17,14,NULL),(101,'separacao','',1,'2025-08-12 18:05:27','2025-08-12 18:05:22','2025-08-12 18:05:27',23,14,NULL),(102,'corte','',1,'2025-08-12 18:05:30','2025-08-12 18:05:27','2025-08-12 18:05:30',23,14,NULL),(103,'bordado','',1,'2025-08-27 13:20:17','2025-08-12 18:05:30','2025-08-27 13:20:17',23,14,NULL),(104,'separacao','',1,'2025-08-12 18:06:55','2025-08-12 18:06:51','2025-08-12 18:06:55',22,14,NULL),(105,'corte','',1,'2025-08-13 10:18:11','2025-08-12 18:06:55','2025-08-13 10:18:11',22,14,NULL),(106,'silk','',1,'2025-08-14 14:22:04','2025-08-13 10:18:11','2025-08-14 14:22:04',22,14,NULL),(107,'separacao','',1,'2025-08-13 10:24:53','2025-08-13 10:18:45','2025-08-13 10:24:53',21,14,NULL),(108,'corte','',1,'2025-08-13 10:25:01','2025-08-13 10:24:53','2025-08-13 10:25:01',21,14,NULL),(109,'silk','',1,'2025-08-14 11:30:20','2025-08-13 10:25:01','2025-08-14 11:30:20',21,14,NULL),(110,'silk','',1,'2025-08-14 14:20:54','2025-08-13 11:59:59','2025-08-14 14:20:54',20,14,NULL),(111,'cadastrada','Ordem cadastrada',1,'2025-08-13 12:44:12','2025-08-13 12:44:12','2025-08-13 12:44:12',25,14,NULL),(112,'separacao','',1,'2025-08-13 12:44:31','2025-08-13 12:44:21','2025-08-13 12:44:31',25,14,NULL),(113,'corte','',1,'2025-08-13 12:44:34','2025-08-13 12:44:31','2025-08-13 12:44:34',25,14,NULL),(114,'silk','',1,'2025-08-13 12:44:48','2025-08-13 12:44:34','2025-08-13 12:44:48',25,14,NULL),(115,'costura','',1,'2025-08-13 12:44:52','2025-08-13 12:44:48','2025-08-13 12:44:52',25,14,NULL),(116,'acabamento','',1,'2025-08-14 11:18:05','2025-08-13 12:44:52','2025-08-14 11:18:05',25,14,NULL),(117,'cadastrada','Ordem cadastrada',1,'2025-08-13 12:52:53','2025-08-13 12:52:53','2025-08-13 12:52:53',29,14,NULL),(118,'separacao','',1,'2025-08-13 12:53:00','2025-08-13 12:52:58','2025-08-13 12:53:00',29,14,NULL),(119,'corte','',1,'2025-08-13 12:53:03','2025-08-13 12:53:00','2025-08-13 12:53:03',29,14,NULL),(120,'bordado','',1,'2025-08-13 12:53:08','2025-08-13 12:53:03','2025-08-13 12:53:08',29,14,NULL),(121,'costura','',1,'2025-08-14 11:16:56','2025-08-13 12:53:08','2025-08-14 11:16:56',29,14,NULL),(122,'cadastrada','Ordem cadastrada',1,'2025-08-13 12:58:57','2025-08-13 12:58:57','2025-08-13 12:58:57',30,14,NULL),(123,'separacao','',1,'2025-08-13 12:59:03','2025-08-13 12:59:00','2025-08-13 12:59:03',30,14,NULL),(124,'corte','',1,'2025-08-13 12:59:06','2025-08-13 12:59:03','2025-08-13 12:59:06',30,14,NULL),(125,'bordado','',1,'2025-08-13 12:59:09','2025-08-13 12:59:06','2025-08-13 12:59:09',30,14,NULL),(126,'costura','',1,'2025-08-14 11:16:42','2025-08-13 12:59:09','2025-08-14 11:16:42',30,14,NULL),(127,'cadastrada','Ordem cadastrada',1,'2025-08-13 13:00:37','2025-08-13 13:00:37','2025-08-13 13:00:37',31,14,NULL),(128,'separacao','',1,'2025-08-13 13:00:42','2025-08-13 13:00:40','2025-08-13 13:00:42',31,14,NULL),(129,'corte','',1,'2025-08-13 13:00:44','2025-08-13 13:00:42','2025-08-13 13:00:44',31,14,NULL),(130,'bordado','',1,'2025-08-13 13:00:47','2025-08-13 13:00:44','2025-08-13 13:00:47',31,14,NULL),(131,'costura','',1,'2025-08-14 11:14:26','2025-08-13 13:00:47','2025-08-14 11:14:26',31,14,NULL),(132,'separacao','',1,'2025-08-13 13:17:05','2025-08-13 13:17:03','2025-08-13 13:17:05',24,14,NULL),(133,'corte','',1,'2025-08-13 13:17:08','2025-08-13 13:17:05','2025-08-13 13:17:08',24,14,NULL),(134,'silk','',1,'2025-08-14 11:18:51','2025-08-13 13:17:08','2025-08-14 11:18:51',24,14,NULL),(135,'cadastrada','Ordem cadastrada',1,'2025-08-13 18:02:54','2025-08-13 18:02:54','2025-08-13 18:02:54',32,7,NULL),(136,'cadastrada','Ordem cadastrada',1,'2025-08-13 18:07:20','2025-08-13 18:07:20','2025-08-13 18:07:20',33,7,NULL),(137,'cadastrada','Ordem cadastrada',1,'2025-08-13 19:51:09','2025-08-13 19:51:09','2025-08-13 19:51:09',34,2,NULL),(138,'cadastrada','Ordem cadastrada',1,'2025-08-13 19:52:52','2025-08-13 19:52:52','2025-08-13 19:52:52',35,2,NULL),(139,'cadastrada','Ordem cadastrada',1,'2025-08-13 20:01:41','2025-08-13 20:01:41','2025-08-13 20:01:41',36,2,NULL),(140,'acabamento','',1,'2025-08-14 11:16:20','2025-08-14 11:14:26','2025-08-14 11:16:20',31,14,NULL),(141,'pronto_entrega','',1,'2025-08-14 11:16:24','2025-08-14 11:16:20','2025-08-14 11:16:24',31,14,NULL),(142,'entregue','Ordem concluída',1,'2025-08-14 11:16:24','2025-08-14 11:16:24','2025-08-14 11:16:24',31,14,NULL),(143,'acabamento','',1,'2025-08-14 11:16:45','2025-08-14 11:16:42','2025-08-14 11:16:45',30,14,NULL),(144,'pronto_entrega','',1,'2025-08-14 11:16:48','2025-08-14 11:16:45','2025-08-14 11:16:48',30,14,NULL),(145,'entregue','Ordem concluída',1,'2025-08-14 11:16:48','2025-08-14 11:16:48','2025-08-14 11:16:48',30,14,NULL),(146,'acabamento','',1,'2025-08-14 11:17:00','2025-08-14 11:16:56','2025-08-14 11:17:00',29,14,NULL),(147,'pronto_entrega','',1,'2025-08-14 11:17:03','2025-08-14 11:17:00','2025-08-14 11:17:03',29,14,NULL),(148,'entregue','Ordem concluída',1,'2025-08-14 11:17:03','2025-08-14 11:17:03','2025-08-14 11:17:03',29,14,NULL),(149,'entregue','Ordem concluída',1,'2025-08-14 11:17:44','2025-08-14 11:17:44','2025-08-14 11:17:44',19,14,NULL),(150,'pronto_entrega','',1,'2025-08-14 11:18:16','2025-08-14 11:18:05','2025-08-14 11:18:16',25,14,NULL),(151,'entregue','Ordem concluída',1,'2025-08-14 11:18:16','2025-08-14 11:18:16','2025-08-14 11:18:16',25,14,NULL),(152,'costura','',1,'2025-08-14 11:19:03','2025-08-14 11:18:51','2025-08-14 11:19:03',24,14,NULL),(153,'acabamento','',1,'2025-08-14 14:22:26','2025-08-14 11:19:03','2025-08-14 14:22:26',24,14,NULL),(154,'costura','',1,'2025-08-14 14:23:19','2025-08-14 11:30:20','2025-08-14 14:23:19',21,14,NULL),(155,'separacao','',1,'2025-08-14 11:31:33','2025-08-14 11:31:30','2025-08-14 11:31:33',32,14,NULL),(156,'corte','',1,'2025-08-14 14:18:39','2025-08-14 11:31:33','2025-08-14 14:18:39',32,14,NULL),(157,'separacao','',1,'2025-08-14 11:32:05','2025-08-14 11:32:03','2025-08-14 11:32:05',36,14,NULL),(158,'corte','',1,'2025-08-14 11:32:07','2025-08-14 11:32:05','2025-08-14 11:32:07',36,14,NULL),(159,'silk','',1,'2025-08-14 11:32:11','2025-08-14 11:32:07','2025-08-14 11:32:11',36,14,NULL),(160,'costura','',1,'2025-08-14 14:22:54','2025-08-14 11:32:11','2025-08-14 14:22:54',36,14,NULL),(161,'cadastrada','Ordem cadastrada',1,'2025-08-14 12:43:12','2025-08-14 12:43:12','2025-08-14 12:43:12',37,2,NULL),(162,'bordado','',1,'2025-08-27 13:19:31','2025-08-14 14:18:39','2025-08-27 13:19:31',32,14,NULL),(163,'costura','',1,'2025-08-14 14:20:15','2025-08-14 14:20:10','2025-08-14 14:20:15',17,14,NULL),(164,'acabamento','',1,'2025-08-14 14:20:18','2025-08-14 14:20:15','2025-08-14 14:20:18',17,14,NULL),(165,'pronto_entrega','',0,NULL,'2025-08-14 14:20:18','2025-08-14 14:20:18',17,14,NULL),(166,'costura','',1,'2025-08-14 14:20:56','2025-08-14 14:20:54','2025-08-14 14:20:56',20,14,NULL),(167,'acabamento','',1,'2025-08-14 14:20:59','2025-08-14 14:20:56','2025-08-14 14:20:59',20,14,NULL),(168,'pronto_entrega','',0,NULL,'2025-08-14 14:20:59','2025-08-14 14:20:59',20,14,NULL),(169,'costura','',1,'2025-08-15 12:46:09','2025-08-14 14:22:04','2025-08-15 12:46:09',22,14,NULL),(170,'pronto_entrega','',1,'2025-08-15 18:52:15','2025-08-14 14:22:26','2025-08-15 18:52:15',24,14,NULL),(171,'acabamento','',1,'2025-08-14 14:25:09','2025-08-14 14:22:54','2025-08-14 14:25:09',36,14,NULL),(172,'acabamento','',1,'2025-08-14 14:24:55','2025-08-14 14:23:19','2025-08-14 14:24:55',21,14,NULL),(173,'pronto_entrega','',0,NULL,'2025-08-14 14:24:55','2025-08-14 14:24:55',21,14,NULL),(174,'pronto_entrega','',0,NULL,'2025-08-14 14:25:09','2025-08-14 14:25:09',36,14,NULL),(175,'cadastrada','Ordem cadastrada',1,'2025-08-14 15:23:43','2025-08-14 15:23:43','2025-08-14 15:23:43',38,7,NULL),(176,'cadastrada','Ordem cadastrada',1,'2025-08-14 15:25:26','2025-08-14 15:25:26','2025-08-14 15:25:26',39,7,NULL),(177,'cadastrada','Ordem cadastrada',1,'2025-08-14 15:26:28','2025-08-14 15:26:28','2025-08-14 15:26:28',40,7,NULL),(178,'cadastrada','Ordem cadastrada',1,'2025-08-14 16:44:01','2025-08-14 16:44:01','2025-08-14 16:44:01',41,2,NULL),(179,'cadastrada','Ordem cadastrada',1,'2025-08-14 16:45:30','2025-08-14 16:45:30','2025-08-14 16:45:30',42,2,NULL),(180,'cadastrada','Ordem cadastrada',1,'2025-08-14 16:46:21','2025-08-14 16:46:21','2025-08-14 16:46:21',43,2,NULL),(181,'acabamento','',1,'2025-08-15 12:46:12','2025-08-15 12:46:09','2025-08-15 12:46:12',22,14,NULL),(182,'pronto_entrega','',0,NULL,'2025-08-15 12:46:12','2025-08-15 12:46:12',22,14,NULL),(183,'separacao','',1,'2025-08-15 12:50:45','2025-08-15 12:50:38','2025-08-15 12:50:45',43,14,NULL),(184,'corte','',1,'2025-08-15 12:52:58','2025-08-15 12:50:45','2025-08-15 12:52:58',43,14,NULL),(185,'bordado','',1,'2025-08-29 13:42:10','2025-08-15 12:52:58','2025-08-29 13:42:10',43,14,NULL),(186,'cadastrada','Ordem cadastrada',1,'2025-08-15 13:16:47','2025-08-15 13:16:47','2025-08-15 13:16:47',44,14,NULL),(187,'separacao','',1,'2025-08-15 13:16:59','2025-08-15 13:16:53','2025-08-15 13:16:59',44,14,NULL),(188,'corte','',1,'2025-08-15 13:17:28','2025-08-15 13:16:59','2025-08-15 13:17:28',44,14,NULL),(189,'silk','',1,'2025-08-15 18:50:36','2025-08-15 13:17:28','2025-08-15 18:50:36',44,14,NULL),(190,'separacao','',1,'2025-08-15 14:22:23','2025-08-15 14:22:18','2025-08-15 14:22:23',13,14,NULL),(191,'corte','',1,'2025-08-15 18:51:21','2025-08-15 14:22:23','2025-08-15 18:51:21',13,14,NULL),(192,'costura','',1,'2025-08-19 13:48:02','2025-08-15 18:50:36','2025-08-19 13:48:02',44,14,NULL),(193,'sublimacao','',1,'2025-08-20 15:53:33','2025-08-15 18:51:21','2025-08-20 15:53:33',13,14,NULL),(194,'pronto_entrega','',0,NULL,'2025-08-15 18:51:35','2025-08-15 18:51:35',11,14,NULL),(195,'pronto_entrega','',0,NULL,'2025-08-15 18:51:51','2025-08-15 18:51:51',10,14,NULL),(196,'entregue','Ordem concluída',1,'2025-08-15 18:52:15','2025-08-15 18:52:15','2025-08-15 18:52:15',24,14,NULL),(197,'entregue','Ordem concluída',1,'2025-08-15 18:52:36','2025-08-15 18:52:36','2025-08-15 18:52:36',14,14,NULL),(198,'cadastrada','Ordem cadastrada',1,'2025-08-15 19:44:04','2025-08-15 19:44:04','2025-08-15 19:44:04',45,7,NULL),(199,'separacao','',1,'2025-08-18 17:10:33','2025-08-18 17:10:30','2025-08-18 17:10:33',39,14,NULL),(200,'corte','',1,'2025-08-18 17:10:46','2025-08-18 17:10:33','2025-08-18 17:10:46',39,14,NULL),(201,'bordado','',1,'2025-08-29 13:42:31','2025-08-18 17:10:46','2025-08-29 13:42:31',39,14,NULL),(202,'separacao','',1,'2025-08-18 17:11:32','2025-08-18 17:11:30','2025-08-18 17:11:32',38,14,NULL),(203,'corte','',1,'2025-08-18 17:12:03','2025-08-18 17:11:32','2025-08-18 17:12:03',38,14,NULL),(204,'bordado','',0,NULL,'2025-08-18 17:12:03','2025-08-18 17:12:03',38,14,NULL),(205,'cadastrada','Ordem cadastrada',1,'2025-08-18 18:39:02','2025-08-18 18:39:02','2025-08-18 18:39:02',46,7,NULL),(206,'cadastrada','Ordem cadastrada',1,'2025-08-18 18:39:44','2025-08-18 18:39:44','2025-08-18 18:39:44',47,7,NULL),(207,'cadastrada','Ordem cadastrada',1,'2025-08-18 19:30:58','2025-08-18 19:30:58','2025-08-18 19:30:58',48,2,NULL),(208,'cadastrada','Ordem cadastrada',1,'2025-08-18 19:32:38','2025-08-18 19:32:38','2025-08-18 19:32:38',49,2,NULL),(209,'separacao','',1,'2025-08-19 13:06:01','2025-08-19 13:05:58','2025-08-19 13:06:01',49,14,NULL),(210,'corte','',1,'2025-08-19 13:06:04','2025-08-19 13:06:01','2025-08-19 13:06:04',49,14,NULL),(211,'bordado','',1,'2025-08-25 10:16:19','2025-08-19 13:06:04','2025-08-25 10:16:19',49,14,NULL),(212,'acabamento','',1,'2025-08-19 13:48:05','2025-08-19 13:48:02','2025-08-19 13:48:05',44,14,NULL),(213,'pronto_entrega','',1,'2025-08-27 13:21:00','2025-08-19 13:48:05','2025-08-27 13:21:00',44,14,NULL),(214,'cadastrada','Ordem cadastrada',1,'2025-08-20 14:32:15','2025-08-20 14:32:15','2025-08-20 14:32:15',50,2,NULL),(215,'costura','',1,'2025-08-20 15:53:23','2025-08-20 15:53:16','2025-08-20 15:53:23',12,14,NULL),(216,'acabamento','',1,'2025-08-28 19:40:39','2025-08-20 15:53:23','2025-08-28 19:40:39',12,14,NULL),(217,'costura','',1,'2025-08-21 18:53:49','2025-08-20 15:53:33','2025-08-21 18:53:49',13,14,NULL),(218,'separacao','',1,'2025-08-20 15:56:06','2025-08-20 15:56:04','2025-08-20 15:56:06',48,14,NULL),(219,'corte','',1,'2025-08-20 15:56:09','2025-08-20 15:56:06','2025-08-20 15:56:09',48,14,NULL),(220,'bordado','',1,'2025-08-20 15:56:12','2025-08-20 15:56:09','2025-08-20 15:56:12',48,14,NULL),(221,'costura','',1,'2025-08-20 15:56:16','2025-08-20 15:56:12','2025-08-20 15:56:16',48,14,NULL),(222,'acabamento','',1,'2025-08-28 19:40:12','2025-08-20 15:56:16','2025-08-28 19:40:12',48,14,NULL),(223,'cadastrada','Ordem cadastrada',1,'2025-08-20 17:31:58','2025-08-20 17:31:58','2025-08-20 17:31:58',51,2,NULL),(224,'cadastrada','Ordem cadastrada',1,'2025-08-20 17:33:02','2025-08-20 17:33:02','2025-08-20 17:33:02',52,2,NULL),(225,'separacao','',1,'2025-08-21 10:16:56','2025-08-21 10:16:53','2025-08-21 10:16:56',41,14,NULL),(226,'corte','',1,'2025-08-21 10:17:00','2025-08-21 10:16:56','2025-08-21 10:17:00',41,14,NULL),(227,'bordado','',1,'2025-08-21 18:55:04','2025-08-21 10:17:00','2025-08-21 18:55:04',41,14,NULL),(228,'cadastrada','Ordem cadastrada',1,'2025-08-21 13:59:26','2025-08-21 13:59:26','2025-08-21 13:59:26',53,7,NULL),(229,'acabamento','',1,'2025-08-21 18:53:52','2025-08-21 18:53:49','2025-08-21 18:53:52',13,14,NULL),(230,'pronto_entrega','',0,NULL,'2025-08-21 18:53:52','2025-08-21 18:53:52',13,14,NULL),(231,'costura','',1,'2025-08-28 19:41:10','2025-08-21 18:55:04','2025-08-28 19:41:10',41,14,NULL),(232,'cadastrada','Ordem cadastrada',1,'2025-08-21 19:03:19','2025-08-21 19:03:19','2025-08-21 19:03:19',54,7,NULL),(233,'cadastrada','Ordem cadastrada',1,'2025-08-21 19:07:10','2025-08-21 19:07:10','2025-08-21 19:07:10',55,7,NULL),(234,'cadastrada','Ordem cadastrada',1,'2025-08-21 19:53:28','2025-08-21 19:53:28','2025-08-21 19:53:28',56,2,NULL),(235,'cadastrada','Ordem cadastrada',1,'2025-08-21 19:54:39','2025-08-21 19:54:39','2025-08-21 19:54:39',57,2,NULL),(236,'cadastrada','Ordem cadastrada',1,'2025-08-21 20:50:02','2025-08-21 20:50:02','2025-08-21 20:50:02',58,2,NULL),(237,'cadastrada','Ordem cadastrada',1,'2025-08-22 12:29:56','2025-08-22 12:29:56','2025-08-22 12:29:56',59,2,NULL),(238,'cadastrada','Ordem cadastrada',1,'2025-08-22 18:38:23','2025-08-22 18:38:23','2025-08-22 18:38:23',60,2,NULL),(239,'cadastrada','Ordem cadastrada',1,'2025-08-22 18:46:49','2025-08-22 18:46:49','2025-08-22 18:46:49',61,2,NULL),(240,'cadastrada','Ordem cadastrada',1,'2025-08-22 18:47:39','2025-08-22 18:47:39','2025-08-22 18:47:39',62,2,NULL),(241,'separacao','',1,'2025-08-22 19:22:38','2025-08-22 19:22:36','2025-08-22 19:22:38',51,14,NULL),(242,'corte','',1,'2025-08-22 19:22:44','2025-08-22 19:22:38','2025-08-22 19:22:44',51,14,NULL),(243,'silk','',1,'2025-08-22 19:22:47','2025-08-22 19:22:44','2025-08-22 19:22:47',51,14,NULL),(244,'costura','',1,'2025-08-25 10:17:24','2025-08-22 19:22:47','2025-08-25 10:17:24',51,14,NULL),(245,'separacao','',1,'2025-08-22 19:23:01','2025-08-22 19:22:59','2025-08-22 19:23:01',52,14,NULL),(246,'corte','',1,'2025-08-22 19:23:05','2025-08-22 19:23:01','2025-08-22 19:23:05',52,14,NULL),(247,'silk','',1,'2025-08-22 19:23:08','2025-08-22 19:23:05','2025-08-22 19:23:08',52,14,NULL),(248,'costura','',1,'2025-08-25 16:09:18','2025-08-22 19:23:08','2025-08-25 16:09:18',52,14,NULL),(249,'costura','',1,'2025-08-25 10:16:25','2025-08-25 10:16:19','2025-08-25 10:16:25',49,14,NULL),(250,'acabamento','',1,'2025-08-27 13:20:48','2025-08-25 10:16:25','2025-08-27 13:20:48',49,14,NULL),(251,'acabamento','',1,'2025-08-25 10:17:27','2025-08-25 10:17:24','2025-08-25 10:17:27',51,14,NULL),(252,'pronto_entrega','',0,NULL,'2025-08-25 10:17:27','2025-08-25 10:17:27',51,14,NULL),(253,'cadastrada','Ordem cadastrada',1,'2025-08-25 13:25:26','2025-08-25 13:25:26','2025-08-25 13:25:26',63,7,NULL),(254,'cadastrada','Ordem cadastrada',1,'2025-08-25 13:26:07','2025-08-25 13:26:07','2025-08-25 13:26:07',64,7,NULL),(255,'separacao','',1,'2025-08-25 16:08:02','2025-08-25 16:07:57','2025-08-25 16:08:02',61,14,NULL),(256,'corte','',1,'2025-08-25 16:08:07','2025-08-25 16:08:02','2025-08-25 16:08:07',61,14,NULL),(257,'bordado','',1,'2025-08-25 16:08:11','2025-08-25 16:08:07','2025-08-25 16:08:11',61,14,NULL),(258,'costura','',1,'2025-08-27 13:22:17','2025-08-25 16:08:11','2025-08-27 13:22:17',61,14,NULL),(259,'separacao','',1,'2025-08-25 16:08:47','2025-08-25 16:08:45','2025-08-25 16:08:47',62,14,NULL),(260,'corte','',1,'2025-08-25 16:08:51','2025-08-25 16:08:47','2025-08-25 16:08:51',62,14,NULL),(261,'bordado','',1,'2025-08-25 16:08:55','2025-08-25 16:08:51','2025-08-25 16:08:55',62,14,NULL),(262,'costura','',1,'2025-08-27 13:22:28','2025-08-25 16:08:55','2025-08-27 13:22:28',62,14,NULL),(263,'acabamento','',1,'2025-08-25 16:09:25','2025-08-25 16:09:18','2025-08-25 16:09:25',52,14,NULL),(264,'pronto_entrega','',0,NULL,'2025-08-25 16:09:25','2025-08-25 16:09:25',52,14,NULL),(265,'separacao','',1,'2025-08-25 16:10:47','2025-08-25 16:10:45','2025-08-25 16:10:47',37,14,NULL),(266,'corte','',1,'2025-08-25 16:10:54','2025-08-25 16:10:47','2025-08-25 16:10:54',37,14,NULL),(267,'silk','',1,'2025-08-25 16:10:57','2025-08-25 16:10:54','2025-08-25 16:10:57',37,14,NULL),(268,'costura','',1,'2025-08-27 13:21:33','2025-08-25 16:10:57','2025-08-27 13:21:33',37,14,NULL),(269,'cadastrada','Ordem cadastrada',1,'2025-08-25 17:05:50','2025-08-25 17:05:50','2025-08-25 17:05:50',65,7,NULL),(270,'cadastrada','Ordem cadastrada',1,'2025-08-26 11:29:13','2025-08-26 11:29:13','2025-08-26 11:29:13',66,7,NULL),(271,'cadastrada','Ordem cadastrada',1,'2025-08-26 11:32:41','2025-08-26 11:32:41','2025-08-26 11:32:41',68,7,NULL),(272,'cadastrada','Ordem cadastrada',1,'2025-08-26 17:18:05','2025-08-26 17:18:05','2025-08-26 17:18:05',69,7,NULL),(273,'separacao','',1,'2025-08-27 13:18:31','2025-08-27 13:18:29','2025-08-27 13:18:31',33,14,NULL),(274,'corte','',1,'2025-08-27 13:18:33','2025-08-27 13:18:31','2025-08-27 13:18:33',33,14,NULL),(275,'bordado','',1,'2025-08-27 13:18:37','2025-08-27 13:18:34','2025-08-27 13:18:37',33,14,NULL),(276,'costura','',1,'2025-08-27 13:18:40','2025-08-27 13:18:37','2025-08-27 13:18:40',33,14,NULL),(277,'acabamento','',1,'2025-08-27 13:19:06','2025-08-27 13:18:40','2025-08-27 13:19:06',33,14,NULL),(278,'pronto_entrega','',0,NULL,'2025-08-27 13:19:06','2025-08-27 13:19:06',33,14,NULL),(279,'costura','',1,'2025-08-27 13:19:33','2025-08-27 13:19:31','2025-08-27 13:19:33',32,14,NULL),(280,'acabamento','',1,'2025-08-27 13:19:35','2025-08-27 13:19:33','2025-08-27 13:19:35',32,14,NULL),(281,'pronto_entrega','',0,NULL,'2025-08-27 13:19:35','2025-08-27 13:19:35',32,14,NULL),(282,'costura','',1,'2025-08-27 13:20:20','2025-08-27 13:20:17','2025-08-27 13:20:20',23,14,NULL),(283,'acabamento','',1,'2025-08-27 13:20:28','2025-08-27 13:20:20','2025-08-27 13:20:28',23,14,NULL),(284,'pronto_entrega','',0,NULL,'2025-08-27 13:20:28','2025-08-27 13:20:28',23,14,NULL),(285,'pronto_entrega','',1,'2025-08-27 13:20:51','2025-08-27 13:20:48','2025-08-27 13:20:51',49,14,NULL),(286,'entregue','',0,NULL,'2025-08-27 13:20:51','2025-08-27 13:20:51',49,14,NULL),(287,'entregue','',0,NULL,'2025-08-27 13:21:00','2025-08-27 13:21:00',44,14,NULL),(288,'acabamento','',1,'2025-08-27 13:21:39','2025-08-27 13:21:33','2025-08-27 13:21:39',37,14,NULL),(289,'pronto_entrega','',1,'2025-08-27 13:21:44','2025-08-27 13:21:39','2025-08-27 13:21:44',37,14,NULL),(290,'entregue','',0,NULL,'2025-08-27 13:21:44','2025-08-27 13:21:44',37,14,NULL),(291,'acabamento','',1,'2025-08-27 13:22:20','2025-08-27 13:22:17','2025-08-27 13:22:20',61,14,NULL),(292,'pronto_entrega','',0,NULL,'2025-08-27 13:22:20','2025-08-27 13:22:20',61,14,NULL),(293,'acabamento','',1,'2025-08-27 13:22:31','2025-08-27 13:22:28','2025-08-27 13:22:31',62,14,NULL),(294,'pronto_entrega','',0,NULL,'2025-08-27 13:22:31','2025-08-27 13:22:31',62,14,NULL),(295,'separacao','',1,'2025-08-27 13:23:31','2025-08-27 13:23:28','2025-08-27 13:23:31',45,14,NULL),(296,'corte','',1,'2025-08-27 13:23:33','2025-08-27 13:23:31','2025-08-27 13:23:33',45,14,NULL),(297,'bordado','',1,'2025-08-27 13:23:39','2025-08-27 13:23:33','2025-08-27 13:23:39',45,14,NULL),(298,'costura','',1,'2025-08-27 13:23:41','2025-08-27 13:23:39','2025-08-27 13:23:41',45,14,NULL),(299,'acabamento','',1,'2025-08-28 19:40:00','2025-08-27 13:23:41','2025-08-28 19:40:00',45,14,NULL),(300,'separacao','',1,'2025-08-27 13:24:03','2025-08-27 13:24:01','2025-08-27 13:24:03',58,14,NULL),(301,'corte','',1,'2025-08-27 13:24:07','2025-08-27 13:24:03','2025-08-27 13:24:07',58,14,NULL),(302,'bordado','',1,'2025-08-27 13:24:10','2025-08-27 13:24:08','2025-08-27 13:24:10',58,14,NULL),(303,'costura','',1,'2025-08-27 13:24:14','2025-08-27 13:24:10','2025-08-27 13:24:14',58,14,NULL),(304,'acabamento','',0,NULL,'2025-08-27 13:24:14','2025-08-27 13:24:14',58,14,NULL),(305,'separacao','',1,'2025-08-27 13:24:40','2025-08-27 13:24:37','2025-08-27 13:24:40',68,14,NULL),(306,'corte','',1,'2025-08-27 13:24:44','2025-08-27 13:24:40','2025-08-27 13:24:44',68,14,NULL),(307,'costura','',1,'2025-08-28 19:41:22','2025-08-27 13:24:44','2025-08-28 19:41:22',68,14,NULL),(308,'separacao','',1,'2025-08-27 13:25:07','2025-08-27 13:25:05','2025-08-27 13:25:07',50,14,NULL),(309,'corte','',1,'2025-08-27 13:25:10','2025-08-27 13:25:07','2025-08-27 13:25:10',50,14,NULL),(310,'silk','',1,'2025-08-27 13:25:13','2025-08-27 13:25:10','2025-08-27 13:25:13',50,14,NULL),(311,'costura','',1,'2025-08-27 13:25:16','2025-08-27 13:25:13','2025-08-27 13:25:16',50,14,NULL),(312,'acabamento','',0,NULL,'2025-08-27 13:25:16','2025-08-27 13:25:16',50,14,NULL),(313,'separacao','',1,'2025-08-27 13:25:35','2025-08-27 13:25:33','2025-08-27 13:25:35',59,14,NULL),(314,'corte','',1,'2025-08-27 13:25:38','2025-08-27 13:25:35','2025-08-27 13:25:38',59,14,NULL),(315,'silk','',1,'2025-08-27 13:25:41','2025-08-27 13:25:38','2025-08-27 13:25:41',59,14,NULL),(316,'costura','',1,'2025-08-27 13:25:44','2025-08-27 13:25:41','2025-08-27 13:25:44',59,14,NULL),(317,'acabamento','',1,'2025-08-27 13:25:47','2025-08-27 13:25:44','2025-08-27 13:25:47',59,14,NULL),(318,'pronto_entrega','',0,NULL,'2025-08-27 13:25:47','2025-08-27 13:25:47',59,14,NULL),(319,'separacao','',1,'2025-08-27 13:26:41','2025-08-27 13:26:39','2025-08-27 13:26:41',42,14,NULL),(320,'corte','',1,'2025-08-29 13:41:42','2025-08-27 13:26:41','2025-08-29 13:41:42',42,14,NULL),(321,'pronto_entrega','',0,NULL,'2025-08-28 19:40:00','2025-08-28 19:40:00',45,14,NULL),(322,'pronto_entrega','',1,'2025-08-28 19:40:15','2025-08-28 19:40:12','2025-08-28 19:40:15',48,14,NULL),(323,'entregue','',0,NULL,'2025-08-28 19:40:15','2025-08-28 19:40:15',48,14,NULL),(324,'pronto_entrega','',1,'2025-08-28 19:40:41','2025-08-28 19:40:39','2025-08-28 19:40:41',12,14,NULL),(325,'entregue','',0,NULL,'2025-08-28 19:40:41','2025-08-28 19:40:41',12,14,NULL),(326,'acabamento','',0,NULL,'2025-08-28 19:41:10','2025-08-28 19:41:10',41,14,NULL),(327,'acabamento','',0,NULL,'2025-08-28 19:41:22','2025-08-28 19:41:22',68,14,NULL),(328,'separacao','',1,'2025-08-28 19:42:42','2025-08-28 19:42:38','2025-08-28 19:42:42',46,14,NULL),(329,'corte','',1,'2025-08-28 19:43:18','2025-08-28 19:42:42','2025-08-28 19:43:18',46,14,NULL),(330,'bordado','',1,'2025-08-28 19:43:20','2025-08-28 19:43:18','2025-08-28 19:43:20',46,14,NULL),(331,'costura','',1,'2025-08-28 19:43:22','2025-08-28 19:43:20','2025-08-28 19:43:22',46,14,NULL),(332,'acabamento','',1,'2025-08-28 19:43:24','2025-08-28 19:43:22','2025-08-28 19:43:24',46,14,NULL),(333,'pronto_entrega','',0,NULL,'2025-08-28 19:43:24','2025-08-28 19:43:24',46,14,NULL),(334,'separacao','',1,'2025-08-28 19:43:57','2025-08-28 19:43:55','2025-08-28 19:43:57',69,14,NULL),(335,'corte','',1,'2025-08-28 19:44:01','2025-08-28 19:43:57','2025-08-28 19:44:01',69,14,NULL),(336,'bordado','',0,NULL,'2025-08-28 19:44:01','2025-08-28 19:44:01',69,14,NULL),(337,'separacao','',1,'2025-08-29 13:41:19','2025-08-29 13:41:17','2025-08-29 13:41:19',66,14,NULL),(338,'corte','',1,'2025-08-29 13:41:22','2025-08-29 13:41:19','2025-08-29 13:41:22',66,14,NULL),(339,'silk','',1,'2025-08-29 13:41:26','2025-08-29 13:41:22','2025-08-29 13:41:26',66,14,NULL),(340,'costura','',1,'2025-08-29 13:41:28','2025-08-29 13:41:26','2025-08-29 13:41:28',66,14,NULL),(341,'acabamento','',0,NULL,'2025-08-29 13:41:28','2025-08-29 13:41:28',66,14,NULL),(342,'bordado','',1,'2025-08-29 13:41:48','2025-08-29 13:41:42','2025-08-29 13:41:48',42,14,NULL),(343,'costura','',0,NULL,'2025-08-29 13:41:48','2025-08-29 13:41:48',42,14,NULL),(344,'costura','',1,'2025-08-29 13:42:12','2025-08-29 13:42:10','2025-08-29 13:42:12',43,14,NULL),(345,'acabamento','',0,NULL,'2025-08-29 13:42:12','2025-08-29 13:42:12',43,14,NULL),(346,'costura','',1,'2025-08-29 13:42:38','2025-08-29 13:42:31','2025-08-29 13:42:38',39,14,NULL),(347,'acabamento','',1,'2025-08-29 13:42:41','2025-08-29 13:42:38','2025-08-29 13:42:41',39,14,NULL),(348,'pronto_entrega','',0,NULL,'2025-08-29 13:42:41','2025-08-29 13:42:41',39,14,NULL),(349,'separacao','',1,'2025-08-29 13:43:16','2025-08-29 13:43:14','2025-08-29 13:43:16',47,14,NULL),(350,'corte','',1,'2025-08-29 13:43:18','2025-08-29 13:43:16','2025-08-29 13:43:18',47,14,NULL),(351,'bordado','',1,'2025-08-29 13:43:21','2025-08-29 13:43:18','2025-08-29 13:43:21',47,14,NULL),(352,'costura','',1,'2025-08-29 13:43:39','2025-08-29 13:43:21','2025-08-29 13:43:39',47,14,NULL),(353,'acabamento','',1,'2025-08-29 13:43:42','2025-08-29 13:43:39','2025-08-29 13:43:42',47,14,NULL),(354,'pronto_entrega','',0,NULL,'2025-08-29 13:43:42','2025-08-29 13:43:42',47,14,NULL),(355,'separacao','',1,'2025-08-29 13:44:16','2025-08-29 13:44:14','2025-08-29 13:44:16',40,14,NULL),(356,'corte','',1,'2025-08-29 13:44:24','2025-08-29 13:44:16','2025-08-29 13:44:24',40,14,NULL),(357,'bordado','',1,'2025-08-29 13:44:27','2025-08-29 13:44:24','2025-08-29 13:44:27',40,14,NULL),(358,'costura','',1,'2025-08-29 13:44:30','2025-08-29 13:44:27','2025-08-29 13:44:30',40,14,NULL),(359,'acabamento','',1,'2025-08-29 13:44:33','2025-08-29 13:44:30','2025-08-29 13:44:33',40,14,NULL),(360,'pronto_entrega','',0,NULL,'2025-08-29 13:44:33','2025-08-29 13:44:33',40,14,NULL),(361,'separacao','',1,'2025-08-29 13:45:10','2025-08-29 13:45:08','2025-08-29 13:45:10',57,14,NULL),(362,'corte','',1,'2025-08-29 13:45:13','2025-08-29 13:45:10','2025-08-29 13:45:13',57,14,NULL),(363,'silk','',1,'2025-08-29 13:45:15','2025-08-29 13:45:13','2025-08-29 13:45:15',57,14,NULL),(364,'costura','',1,'2025-08-29 13:45:17','2025-08-29 13:45:15','2025-08-29 13:45:17',57,14,NULL),(365,'acabamento','',1,'2025-08-29 13:45:20','2025-08-29 13:45:17','2025-08-29 13:45:20',57,14,NULL),(366,'pronto_entrega','',0,NULL,'2025-08-29 13:45:20','2025-08-29 13:45:20',57,14,NULL),(367,'separacao','',1,'2025-08-29 13:45:40','2025-08-29 13:45:34','2025-08-29 13:45:40',56,14,NULL),(368,'corte','',1,'2025-08-29 13:45:49','2025-08-29 13:45:40','2025-08-29 13:45:49',56,14,NULL),(369,'silk','',1,'2025-08-29 13:45:52','2025-08-29 13:45:49','2025-08-29 13:45:52',56,14,NULL),(370,'costura','',1,'2025-08-29 13:45:55','2025-08-29 13:45:52','2025-08-29 13:45:55',56,14,NULL),(371,'acabamento','',1,'2025-08-29 13:45:57','2025-08-29 13:45:55','2025-08-29 13:45:57',56,14,NULL),(372,'pronto_entrega','',0,NULL,'2025-08-29 13:45:57','2025-08-29 13:45:57',56,14,NULL),(373,'separacao','',1,'2025-08-29 13:46:27','2025-08-29 13:46:25','2025-08-29 13:46:27',60,14,NULL),(374,'corte','',1,'2025-08-29 13:46:30','2025-08-29 13:46:27','2025-08-29 13:46:30',60,14,NULL),(375,'silk','',1,'2025-08-29 13:46:33','2025-08-29 13:46:30','2025-08-29 13:46:33',60,14,NULL),(376,'costura','',1,'2025-08-29 13:46:36','2025-08-29 13:46:33','2025-08-29 13:46:36',60,14,NULL),(377,'acabamento','',1,'2025-08-29 13:46:40','2025-08-29 13:46:36','2025-08-29 13:46:40',60,14,NULL),(378,'pronto_entrega','',0,NULL,'2025-08-29 13:46:40','2025-08-29 13:46:40',60,14,NULL),(379,'separacao','',1,'2025-08-29 13:47:29','2025-08-29 13:47:15','2025-08-29 13:47:29',63,14,NULL),(380,'corte','',1,'2025-08-29 13:47:32','2025-08-29 13:47:29','2025-08-29 13:47:32',63,14,NULL),(381,'silk','',1,'2025-08-29 13:47:40','2025-08-29 13:47:32','2025-08-29 13:47:40',63,14,NULL),(382,'bordado','',1,'2025-08-29 13:47:44','2025-08-29 13:47:40','2025-08-29 13:47:44',63,14,NULL),(383,'costura','',1,'2025-08-29 13:47:46','2025-08-29 13:47:44','2025-08-29 13:47:46',63,14,NULL),(384,'acabamento','',1,'2025-08-29 13:47:49','2025-08-29 13:47:46','2025-08-29 13:47:49',63,14,NULL),(385,'pronto_entrega','',0,NULL,'2025-08-29 13:47:49','2025-08-29 13:47:49',63,14,NULL),(386,'separacao','',1,'2025-08-29 13:48:14','2025-08-29 13:48:11','2025-08-29 13:48:14',64,14,NULL),(387,'corte','',1,'2025-08-29 13:48:16','2025-08-29 13:48:14','2025-08-29 13:48:16',64,14,NULL),(388,'bordado','',1,'2025-08-29 13:48:25','2025-08-29 13:48:16','2025-08-29 13:48:25',64,14,NULL),(389,'costura','',1,'2025-08-29 13:48:28','2025-08-29 13:48:25','2025-08-29 13:48:28',64,14,NULL),(390,'acabamento','',1,'2025-08-29 13:48:31','2025-08-29 13:48:28','2025-08-29 13:48:31',64,14,NULL),(391,'pronto_entrega','',0,NULL,'2025-08-29 13:48:31','2025-08-29 13:48:31',64,14,NULL),(392,'separacao','',1,'2025-08-29 13:50:25','2025-08-29 13:49:22','2025-08-29 13:50:25',53,14,NULL),(393,'corte','',0,NULL,'2025-08-29 13:50:25','2025-08-29 13:50:25',53,14,NULL),(394,'separacao','',1,'2025-08-29 13:51:58','2025-08-29 13:51:56','2025-08-29 13:51:58',54,14,NULL),(395,'corte','',1,'2025-08-29 13:52:18','2025-08-29 13:51:58','2025-08-29 13:52:18',54,14,NULL),(396,'bordado','',1,'2025-08-29 13:52:21','2025-08-29 13:52:18','2025-08-29 13:52:21',54,14,NULL),(397,'costura','',1,'2025-08-29 13:52:23','2025-08-29 13:52:21','2025-08-29 13:52:23',54,14,NULL),(398,'acabamento','',1,'2025-08-29 13:52:26','2025-08-29 13:52:23','2025-08-29 13:52:26',54,14,NULL),(399,'pronto_entrega','',0,NULL,'2025-08-29 13:52:26','2025-08-29 13:52:26',54,14,NULL),(400,'cadastrada','Ordem cadastrada',1,'2025-08-29 17:58:40','2025-08-29 17:58:40','2025-08-29 17:58:40',72,7,NULL),(401,'cadastrada','Ordem cadastrada',1,'2025-08-29 18:19:25','2025-08-29 18:19:25','2025-08-29 18:19:25',73,2,NULL),(402,'cadastrada','Ordem cadastrada',1,'2025-08-29 18:20:14','2025-08-29 18:20:14','2025-08-29 18:20:14',74,2,NULL),(403,'cadastrada','Ordem cadastrada',1,'2025-09-01 13:49:54','2025-09-01 13:49:54','2025-09-01 13:49:54',75,7,NULL),(404,'cadastrada','Ordem cadastrada',1,'2025-09-01 13:53:57','2025-09-01 13:53:57','2025-09-01 13:53:57',76,7,NULL),(405,'cadastrada','Ordem cadastrada',1,'2025-09-02 13:14:11','2025-09-02 13:14:11','2025-09-02 13:14:11',77,7,NULL);
/*!40000 ALTER TABLE `Historico` ENABLE KEYS */;
UNLOCK TABLES;

--
-- Table structure for table `MaquinaProd`
--

DROP TABLE IF EXISTS `MaquinaProd`;
/*!40101 SET @saved_cs_client     = @@character_set_client */;
/*!50503 SET character_set_client = utf8mb4 */;
CREATE TABLE `MaquinaProd` (
  `id` int NOT NULL AUTO_INCREMENT,
  `nome` varchar(255) NOT NULL,
  `created_at` datetime NOT NULL,
  `updated_at` datetime NOT NULL,
  PRIMARY KEY (`id`),
  UNIQUE KEY `nome` (`nome`)
) ENGINE=InnoDB AUTO_INCREMENT=2 DEFAULT CHARSET=utf8mb3;
/*!40101 SET character_set_client = @saved_cs_client */;

--
-- Dumping data for table `MaquinaProd`
--

LOCK TABLES `MaquinaProd` WRITE;
/*!40000 ALTER TABLE `MaquinaProd` DISABLE KEYS */;
INSERT INTO `MaquinaProd` VALUES (1,'overlock','2025-08-31 18:05:19','2025-08-31 18:05:19');
/*!40000 ALTER TABLE `MaquinaProd` ENABLE KEYS */;
UNLOCK TABLES;

--
-- Table structure for table `ModeloPeca`
--

DROP TABLE IF EXISTS `ModeloPeca`;
/*!40101 SET @saved_cs_client     = @@character_set_client */;
/*!50503 SET character_set_client = utf8mb4 */;
CREATE TABLE `ModeloPeca` (
  `id` int NOT NULL AUTO_INCREMENT,
  `nome` varchar(255) NOT NULL,
  `created_at` datetime NOT NULL,
  `updated_at` datetime NOT NULL,
  PRIMARY KEY (`id`),
  UNIQUE KEY `nome` (`nome`),
  UNIQUE KEY `nome_2` (`nome`),
  UNIQUE KEY `nome_3` (`nome`),
  UNIQUE KEY `nome_4` (`nome`),
  UNIQUE KEY `nome_5` (`nome`),
  UNIQUE KEY `nome_6` (`nome`),
  UNIQUE KEY `nome_7` (`nome`),
  UNIQUE KEY `nome_8` (`nome`),
  UNIQUE KEY `nome_9` (`nome`),
  UNIQUE KEY `nome_10` (`nome`),
  UNIQUE KEY `nome_11` (`nome`),
  UNIQUE KEY `nome_12` (`nome`),
  UNIQUE KEY `nome_13` (`nome`),
  UNIQUE KEY `nome_14` (`nome`),
  UNIQUE KEY `nome_15` (`nome`),
  UNIQUE KEY `nome_16` (`nome`),
  UNIQUE KEY `nome_17` (`nome`),
  UNIQUE KEY `nome_18` (`nome`),
  UNIQUE KEY `nome_19` (`nome`),
  UNIQUE KEY `nome_20` (`nome`),
  UNIQUE KEY `nome_21` (`nome`),
  UNIQUE KEY `nome_22` (`nome`),
  UNIQUE KEY `nome_23` (`nome`),
  UNIQUE KEY `nome_24` (`nome`),
  UNIQUE KEY `nome_25` (`nome`),
  UNIQUE KEY `nome_26` (`nome`),
  UNIQUE KEY `nome_27` (`nome`),
  UNIQUE KEY `nome_28` (`nome`),
  UNIQUE KEY `nome_29` (`nome`),
  UNIQUE KEY `nome_30` (`nome`),
  UNIQUE KEY `nome_31` (`nome`),
  UNIQUE KEY `nome_32` (`nome`),
  UNIQUE KEY `nome_33` (`nome`),
  UNIQUE KEY `nome_34` (`nome`),
  UNIQUE KEY `nome_35` (`nome`),
  UNIQUE KEY `nome_36` (`nome`),
  UNIQUE KEY `nome_37` (`nome`),
  UNIQUE KEY `nome_38` (`nome`),
  UNIQUE KEY `nome_39` (`nome`),
  UNIQUE KEY `nome_40` (`nome`),
  UNIQUE KEY `nome_41` (`nome`),
  UNIQUE KEY `nome_42` (`nome`),
  UNIQUE KEY `nome_43` (`nome`),
  UNIQUE KEY `nome_44` (`nome`),
  UNIQUE KEY `nome_45` (`nome`),
  UNIQUE KEY `nome_46` (`nome`),
  UNIQUE KEY `nome_47` (`nome`),
  UNIQUE KEY `nome_48` (`nome`),
  UNIQUE KEY `nome_49` (`nome`),
  UNIQUE KEY `nome_50` (`nome`),
  UNIQUE KEY `nome_51` (`nome`),
  UNIQUE KEY `nome_52` (`nome`),
  UNIQUE KEY `nome_53` (`nome`),
  UNIQUE KEY `nome_54` (`nome`),
  UNIQUE KEY `nome_55` (`nome`),
  UNIQUE KEY `nome_56` (`nome`),
  UNIQUE KEY `nome_57` (`nome`),
  UNIQUE KEY `nome_58` (`nome`),
  UNIQUE KEY `nome_59` (`nome`),
  UNIQUE KEY `nome_60` (`nome`),
  UNIQUE KEY `nome_61` (`nome`)
) ENGINE=InnoDB AUTO_INCREMENT=22 DEFAULT CHARSET=utf8mb3;
/*!40101 SET character_set_client = @saved_cs_client */;

--
-- Dumping data for table `ModeloPeca`
--

LOCK TABLES `ModeloPeca` WRITE;
/*!40000 ALTER TABLE `ModeloPeca` DISABLE KEYS */;
INSERT INTO `ModeloPeca` VALUES (1,'AGASALHO','2025-06-21 16:09:59','2025-08-06 02:44:33'),(2,'JALECO','2025-07-12 22:32:14','2025-08-06 02:44:44'),(3,'POLO','2025-08-06 02:40:59','2025-08-06 02:40:59'),(4,'CAMISETA GOLA \"O\"','2025-08-06 02:41:17','2025-08-06 02:41:17'),(5,'CAMISETA GOLA \"V\"','2025-08-06 02:41:27','2025-08-06 02:41:27'),(6,'CALÇA BRIM','2025-08-06 02:41:36','2025-08-06 02:41:36'),(7,'CALÇA HELANCA','2025-08-06 02:41:46','2025-08-06 02:41:46'),(8,'CAMISA','2025-08-06 02:41:56','2025-08-06 02:41:56'),(9,'CAMISETE','2025-08-06 02:42:03','2025-08-06 02:42:03'),(10,'CAMISA MANGA LONGA','2025-08-06 02:42:12','2025-08-06 02:42:12'),(11,'CAMISETE MANGA LONGA','2025-08-06 02:42:22','2025-08-06 02:42:22'),(12,'CAMISETA GOLA \"O\" M. LONGA','2025-08-06 02:42:39','2025-08-06 02:42:39'),(13,'CAMISETA GOLA \"V\" M. LONGA','2025-08-06 02:42:53','2025-08-06 02:42:53'),(14,'POLO M. LONGA','2025-08-06 02:43:02','2025-08-06 02:43:02'),(15,'BERMUDA HELANCA','2025-08-06 02:43:21','2025-08-06 02:43:21'),(16,'SAIA','2025-08-06 02:43:32','2025-08-06 02:43:32'),(17,'LEG','2025-08-06 02:43:39','2025-08-06 02:43:39'),(18,'CICLISTA','2025-08-06 02:43:46','2025-08-06 02:43:46'),(19,'REGATA GOLA \"V\"','2025-08-06 02:43:56','2025-08-06 02:43:56'),(20,'REGATA GOLA \"O\"','2025-08-06 02:44:08','2025-08-06 02:44:08'),(21,'JALECO M. LONGA','2025-08-06 02:45:06','2025-08-06 02:45:06');
/*!40000 ALTER TABLE `ModeloPeca` ENABLE KEYS */;
UNLOCK TABLES;

--
-- Table structure for table `NomeTarja`
--

DROP TABLE IF EXISTS `NomeTarja`;
/*!40101 SET @saved_cs_client     = @@character_set_client */;
/*!50503 SET character_set_client = utf8mb4 */;
CREATE TABLE `NomeTarja` (
  `id` int NOT NULL AUTO_INCREMENT,
  `quantidade` varchar(255) NOT NULL,
  `peca_atm` int NOT NULL,
  `peca_cliente` int NOT NULL,
  `created_at` datetime NOT NULL,
  `updated_at` datetime NOT NULL,
  PRIMARY KEY (`id`),
  UNIQUE KEY `quantidade` (`quantidade`),
  UNIQUE KEY `quantidade_2` (`quantidade`),
  UNIQUE KEY `quantidade_3` (`quantidade`)
) ENGINE=InnoDB DEFAULT CHARSET=utf8mb3;
/*!40101 SET character_set_client = @saved_cs_client */;

--
-- Dumping data for table `NomeTarja`
--

LOCK TABLES `NomeTarja` WRITE;
/*!40000 ALTER TABLE `NomeTarja` DISABLE KEYS */;
/*!40000 ALTER TABLE `NomeTarja` ENABLE KEYS */;
UNLOCK TABLES;

--
-- Table structure for table `OrdemServico`
--

DROP TABLE IF EXISTS `OrdemServico`;
/*!40101 SET @saved_cs_client     = @@character_set_client */;
/*!50503 SET character_set_client = utf8mb4 */;
CREATE TABLE `OrdemServico` (
  `id` int NOT NULL AUTO_INCREMENT,
  `numero` varchar(255) NOT NULL,
  `telefone` varchar(255) NOT NULL,
  `quantidade` int NOT NULL,
  `data_entrada` datetime NOT NULL,
  `data_entrega` datetime NOT NULL,
  `tipo_servico` varchar(255) NOT NULL,
  `estagio` enum('cadastrada','separacao','corte','bordado','silk','sublimacao','dtf','aplik','costura','acabamento','pronto_entrega','entregue','concluido') DEFAULT 'cadastrada',
  `status` enum('ativo','em_atraso','concluido','cancelado') DEFAULT 'ativo',
  `prioridade` enum('baixa','media','alta','urgente') DEFAULT 'media',
  `observacoes` text,
  `anexo_layout` varchar(255) DEFAULT NULL,
  `created_at` datetime NOT NULL,
  `updated_at` datetime NOT NULL,
  `cliente_id` int DEFAULT NULL,
  `funcionario_id` int DEFAULT NULL,
  `modelo_peca_id` int DEFAULT NULL,
  `tipo_tecido_id` int DEFAULT NULL,
  PRIMARY KEY (`id`),
  UNIQUE KEY `numero` (`numero`),
  UNIQUE KEY `numero_2` (`numero`),
  UNIQUE KEY `numero_3` (`numero`),
  UNIQUE KEY `numero_4` (`numero`),
  UNIQUE KEY `numero_5` (`numero`),
  UNIQUE KEY `numero_6` (`numero`),
  UNIQUE KEY `numero_7` (`numero`),
  UNIQUE KEY `numero_8` (`numero`),
  UNIQUE KEY `numero_9` (`numero`),
  UNIQUE KEY `numero_11` (`numero`),
  UNIQUE KEY `numero_12` (`numero`),
  UNIQUE KEY `numero_13` (`numero`),
  UNIQUE KEY `numero_14` (`numero`),
  UNIQUE KEY `numero_15` (`numero`),
  UNIQUE KEY `numero_16` (`numero`),
  UNIQUE KEY `numero_17` (`numero`),
  UNIQUE KEY `numero_18` (`numero`),
  UNIQUE KEY `numero_19` (`numero`),
  UNIQUE KEY `numero_20` (`numero`),
  UNIQUE KEY `numero_21` (`numero`),
  UNIQUE KEY `numero_22` (`numero`),
  UNIQUE KEY `numero_23` (`numero`),
  UNIQUE KEY `numero_24` (`numero`),
  UNIQUE KEY `numero_25` (`numero`),
  UNIQUE KEY `numero_26` (`numero`),
  UNIQUE KEY `numero_27` (`numero`),
  UNIQUE KEY `numero_28` (`numero`),
  UNIQUE KEY `numero_29` (`numero`),
  UNIQUE KEY `numero_30` (`numero`),
  UNIQUE KEY `numero_31` (`numero`),
  UNIQUE KEY `numero_32` (`numero`),
  UNIQUE KEY `numero_33` (`numero`),
  UNIQUE KEY `numero_34` (`numero`),
  UNIQUE KEY `numero_35` (`numero`),
  UNIQUE KEY `numero_36` (`numero`),
  UNIQUE KEY `numero_37` (`numero`),
  UNIQUE KEY `numero_38` (`numero`),
  UNIQUE KEY `numero_39` (`numero`),
  UNIQUE KEY `numero_40` (`numero`),
  UNIQUE KEY `numero_41` (`numero`),
  UNIQUE KEY `numero_42` (`numero`),
  UNIQUE KEY `numero_43` (`numero`),
  UNIQUE KEY `numero_44` (`numero`),
  UNIQUE KEY `numero_45` (`numero`),
  UNIQUE KEY `numero_46` (`numero`),
  UNIQUE KEY `numero_47` (`numero`),
  UNIQUE KEY `numero_48` (`numero`),
  UNIQUE KEY `numero_49` (`numero`),
  UNIQUE KEY `numero_50` (`numero`),
  UNIQUE KEY `numero_51` (`numero`),
  UNIQUE KEY `numero_52` (`numero`),
  UNIQUE KEY `numero_53` (`numero`),
  UNIQUE KEY `numero_54` (`numero`),
  UNIQUE KEY `numero_55` (`numero`),
  UNIQUE KEY `numero_56` (`numero`),
  UNIQUE KEY `numero_57` (`numero`),
  UNIQUE KEY `numero_58` (`numero`),
  UNIQUE KEY `numero_59` (`numero`),
  UNIQUE KEY `numero_10` (`numero`),
  KEY `cliente_id` (`cliente_id`),
  KEY `funcionario_id` (`funcionario_id`),
  KEY `modelo_peca_id` (`modelo_peca_id`),
  KEY `tipo_tecido_id` (`tipo_tecido_id`),
  CONSTRAINT `OrdemServico_ibfk_237` FOREIGN KEY (`cliente_id`) REFERENCES `Cliente` (`id`) ON DELETE SET NULL ON UPDATE CASCADE,
  CONSTRAINT `OrdemServico_ibfk_238` FOREIGN KEY (`funcionario_id`) REFERENCES `Funcionario` (`id`) ON DELETE SET NULL ON UPDATE CASCADE,
  CONSTRAINT `OrdemServico_ibfk_239` FOREIGN KEY (`modelo_peca_id`) REFERENCES `ModeloPeca` (`id`) ON DELETE SET NULL ON UPDATE CASCADE,
  CONSTRAINT `OrdemServico_ibfk_240` FOREIGN KEY (`tipo_tecido_id`) REFERENCES `TipoTecido` (`id`) ON DELETE SET NULL ON UPDATE CASCADE
) ENGINE=InnoDB AUTO_INCREMENT=78 DEFAULT CHARSET=utf8mb3;
/*!40101 SET character_set_client = @saved_cs_client */;

--
-- Dumping data for table `OrdemServico`
--

LOCK TABLES `OrdemServico` WRITE;
/*!40000 ALTER TABLE `OrdemServico` DISABLE KEYS */;
INSERT INTO `OrdemServico` VALUES (8,'5110A','(62) 99959-6254',16,'2025-08-06 17:29:48','2025-09-09 00:00:00','silk','pronto_entrega','ativo','media','','1754502647550.pdf','2025-08-06 17:29:48','2025-08-12 17:27:38',6,NULL,4,2),(9,'5110B','(62) 99959-6254',18,'2025-08-06 17:53:00','2025-09-09 00:00:00','silk','pronto_entrega','ativo','media','','1754502779480.pdf','2025-08-06 17:53:00','2025-08-12 17:28:28',6,NULL,7,3),(10,'5112A','(62) 98524-6574',15,'2025-08-07 16:52:14','2025-09-04 00:00:00','bordado','pronto_entrega','ativo','media','','1754585524826.pdf','2025-08-07 16:52:14','2025-08-15 18:51:51',7,NULL,3,6),(11,'5112 B','(62) 98524-6574',1,'2025-08-07 16:57:57','2025-09-04 00:00:00','bordado','pronto_entrega','ativo','media','','1754585831586.pdf','2025-08-07 16:57:57','2025-08-15 18:51:35',7,NULL,3,6),(12,'5107A','(63) 99557-512',8,'2025-08-07 17:35:16','2025-09-02 00:00:00','sublimacao','entregue','ativo','media','','1754588115798.pdf','2025-08-07 17:35:16','2025-08-28 19:40:41',8,NULL,12,9),(13,'5107B','(63) 99557-512',2,'2025-08-07 17:36:43','2025-09-02 00:00:00','sublimacao','pronto_entrega','ativo','media','','1754588191456.pdf','2025-08-07 17:36:43','2025-08-21 18:53:52',8,NULL,3,9),(14,'5113A','(62) 99316-1463',12,'2025-08-07 19:38:53','2025-09-03 00:00:00','silk','concluido','ativo','media','','1754595518506.jpg','2025-08-07 19:38:53','2025-08-15 18:52:36',9,NULL,12,2),(17,'5113B','(62) 99316-1463',6,'2025-08-07 19:40:39','2025-09-03 00:00:00','silk','pronto_entrega','ativo','media','','1754595638922.jpg','2025-08-07 19:40:39','2025-08-14 14:20:18',9,NULL,4,2),(18,'5109','(11) 97311-9431',6,'2025-08-07 19:55:30','2025-08-15 00:00:00','silk','concluido','ativo','media','','1754596529431.pdf','2025-08-07 19:55:30','2025-08-12 14:07:27',10,NULL,12,2),(19,'5114','(62) 9985-5448',2,'2025-08-11 16:47:10','2025-08-29 00:00:00','silk','concluido','ativo','media','','1754930829362.pdf','2025-08-11 16:47:10','2025-08-14 11:17:44',11,NULL,5,2),(20,'5115','(62) 99861-1301',10,'2025-08-11 18:02:56','2025-09-05 00:00:00','silk','pronto_entrega','ativo','media','','1754935375903.pdf','2025-08-11 18:02:56','2025-08-14 14:20:59',13,NULL,12,2),(21,'5100','(62) 99409-0127',25,'2025-08-11 18:08:59','2025-09-05 00:00:00','silk','pronto_entrega','ativo','media','','1754935738419.pdf','2025-08-11 18:08:59','2025-08-14 14:24:55',12,NULL,4,9),(22,'5116','(62) 99567-1319',40,'2025-08-12 12:03:25','2025-09-05 00:00:00','silk','pronto_entrega','ativo','media','','1755000204661.pdf','2025-08-12 12:03:25','2025-08-15 12:46:12',14,NULL,4,2),(23,'5117','(62) 93216-7300',8,'2025-08-12 13:53:15','2025-08-27 00:00:00','bordado','pronto_entrega','ativo','media','','1755006794420.pdf','2025-08-12 13:53:15','2025-08-27 13:20:28',15,NULL,3,2),(24,'5119','(66) 98468-2020',18,'2025-08-12 17:38:42','2025-08-15 00:00:00','silk','concluido','ativo','media','SILK E DTF.','1755020321969.pdf','2025-08-12 17:38:42','2025-08-15 18:52:15',16,NULL,4,1),(25,'5123','(62) 98471-1916',20,'2025-08-13 12:44:12','2025-08-15 00:00:00','silk','concluido','ativo','media','GOLA AZUL ROYAL ; PUNHO VERMELHO; OMBRO A OMBRO BRANCO ',NULL,'2025-08-13 12:44:12','2025-08-14 11:18:16',17,NULL,20,2),(29,'5123 B','(62) 98471-1916',110,'2025-08-13 12:52:53','2025-08-15 00:00:00','bordado','concluido','ativo','media','OMBRO A OMBRO BRANCO; VIVO NA MANGA VERMELHO; GOLA AZUL ROYAL',NULL,'2025-08-13 12:52:53','2025-08-14 11:17:03',17,NULL,4,2),(30,'5123 C','(62) 98471-1916',20,'2025-08-13 12:58:57','2025-08-15 00:00:00','bordado','concluido','ativo','media','VIVO VERMELHO',NULL,'2025-08-13 12:58:57','2025-08-14 11:16:48',17,NULL,15,3),(31,'5123 D','(62) 98471-1916',45,'2025-08-13 13:00:37','2025-08-15 00:00:00','bordado','concluido','ativo','media','VIVO VERMELHO E AMARELO OURO',NULL,'2025-08-13 13:00:37','2025-08-14 11:16:24',17,NULL,16,3),(32,'5129A','(62) 99204-4470',4,'2025-08-13 18:02:54','2025-08-27 00:00:00','bordado','pronto_entrega','ativo','media','','1755108173169.pdf','2025-08-13 18:02:54','2025-08-27 13:19:35',18,NULL,3,6),(33,'5129B','(62) 99204-4470',1,'2025-08-13 18:07:20','2025-08-27 00:00:00','bordado','pronto_entrega','ativo','media','CAMISETA SEM BORDADO','1755108439044.pdf','2025-08-13 18:07:20','2025-08-27 13:19:06',18,NULL,3,6),(34,'5130A','(62) 99530-4596',24,'2025-08-13 19:51:09','2025-09-23 00:00:00','silk','cadastrada','ativo','media','','1755114660252.pdf','2025-08-13 19:51:09','2025-08-13 19:51:09',19,NULL,2,14),(35,'5130B','(62) 99530-4596',24,'2025-08-13 19:52:52','2025-09-23 00:00:00','silk','cadastrada','ativo','media','CALÇA OXFORD ','1755114763036.pdf','2025-08-13 19:52:52','2025-08-13 19:52:52',19,NULL,6,14),(36,'5129','(62) 99101-5330',12,'2025-08-13 20:01:41','2025-09-09 00:00:00','silk','pronto_entrega','ativo','media','','1755115300483.pdf','2025-08-13 20:01:41','2025-08-14 14:25:09',20,NULL,4,2),(37,'5132','(62) 98406-8204',20,'2025-08-14 12:43:12','2025-09-10 00:00:00','silk','entregue','ativo','media','','1755175392116.pdf','2025-08-14 12:43:12','2025-08-27 13:21:44',21,NULL,4,2),(38,'5131A','(11) 92088-4110',1,'2025-08-14 15:23:43','2025-09-12 00:00:00','bordado','bordado','ativo','media','','1755185022375.pdf','2025-08-14 15:23:43','2025-08-18 17:12:03',22,NULL,10,17),(39,'5131B','(11) 92088-4110',2,'2025-08-14 15:25:26','2025-09-12 00:00:00','bordado','pronto_entrega','ativo','media','','1755185112507.pdf','2025-08-14 15:25:26','2025-08-29 13:42:41',22,NULL,10,17),(40,'5131C','(11) 92088-4110',1,'2025-08-14 15:26:28','2025-09-12 00:00:00','bordado','pronto_entrega','ativo','media','','1755185187936.pdf','2025-08-14 15:26:28','2025-08-29 13:44:33',22,NULL,3,6),(41,'5136A','(66) 98407-4778',120,'2025-08-14 16:44:01','2025-09-10 00:00:00','bordado','acabamento','ativo','media','CALÇA GABARDINE COM ELASTANO','1755189834013.pdf','2025-08-14 16:44:01','2025-08-28 19:41:10',23,NULL,6,15),(42,'5136B','(66) 98407-4778',190,'2025-08-14 16:45:30','2025-09-10 00:00:00','bordado','costura','ativo','media','','1755189929623.pdf','2025-08-14 16:45:30','2025-08-29 13:41:48',23,NULL,3,6),(43,'5136C','(66) 98407-4778',120,'2025-08-14 16:46:21','2025-09-10 00:00:00','bordado','acabamento','ativo','media','','1755189980280.pdf','2025-08-14 16:46:21','2025-08-29 13:42:12',23,NULL,3,6),(44,'5137','(62) 98555-5464',150,'2025-08-15 13:16:47','2025-08-20 00:00:00','silk','entregue','ativo','media','',NULL,'2025-08-15 13:16:47','2025-08-27 13:21:00',25,NULL,4,2),(45,'5135A','(62) 99335-1472',7,'2025-08-15 19:44:04','2025-08-28 00:00:00','bordado','pronto_entrega','ativo','media','','1755287028521.pdf','2025-08-15 19:44:04','2025-08-28 19:40:00',26,NULL,3,6),(46,'5138A','(62) 93639-4467',14,'2025-08-18 18:39:02','2025-09-12 00:00:00','bordado','pronto_entrega','ativo','media','','1755542341374.pdf','2025-08-18 18:39:02','2025-08-28 19:43:24',27,NULL,3,6),(47,'5138B','(62) 93639-4467',6,'2025-08-18 18:39:44','2025-09-12 00:00:00','bordado','pronto_entrega','ativo','media','','1755542383060.pdf','2025-08-18 18:39:44','2025-08-29 13:43:42',27,NULL,3,6),(48,'5144A','(62) 98159-2039',4,'2025-08-18 19:30:58','2025-09-12 00:00:00','bordado','entregue','ativo','media','CAMISA SOCIAL DOPFIL COR AZUL ','1755545457719.pdf','2025-08-18 19:30:58','2025-08-28 19:40:15',28,NULL,8,17),(49,'5144B','(62) 98159-2039',8,'2025-08-18 19:32:38','2025-08-22 00:00:00','bordado','entregue','ativo','media','','1755545557100.pdf','2025-08-18 19:32:38','2025-08-27 13:20:51',28,NULL,3,2),(50,'5146','(62) 99425-4145',20,'2025-08-20 14:32:15','2025-09-02 00:00:00','silk','acabamento','ativo','media','ARTES NO SILK E BORDADO ','1755700334646.pdf','2025-08-20 14:32:15','2025-08-27 13:25:16',29,NULL,3,7),(51,'5148A','(62) 98444-6004',10,'2025-08-20 17:31:58','2025-08-25 00:00:00','silk','pronto_entrega','ativo','media','','1755711117600.pdf','2025-08-20 17:31:58','2025-08-25 10:17:27',30,NULL,3,6),(52,'5148B','(62) 98444-6004',10,'2025-08-20 17:33:02','2025-08-25 00:00:00','silk','pronto_entrega','ativo','media','','1755711172772.pdf','2025-08-20 17:33:02','2025-08-25 16:09:25',30,NULL,12,2),(53,'5155','(64) 98408-6896',44,'2025-08-21 13:59:26','2025-09-22 00:00:00','sublimacao','corte','ativo','media','GOLA PADRE COM ZÍPER **','1755784762841.pdf','2025-08-21 13:59:26','2025-08-29 13:50:25',31,NULL,12,9),(54,'5145A','(62) 99100-2976',4,'2025-08-21 19:03:19','2025-09-26 00:00:00','bordado','pronto_entrega','ativo','media','','1755802982500.pdf','2025-08-21 19:03:19','2025-08-29 13:52:26',32,NULL,4,2),(55,'5145B','(62) 99100-2976',4,'2025-08-21 19:07:10','2025-09-26 00:00:00','silk','cadastrada','ativo','media','CALÇA LISA','1755803229250.pdf','2025-08-21 19:07:10','2025-08-21 19:07:10',32,NULL,6,11),(56,'5156A','(62) 99698-806',8,'2025-08-21 19:53:28','2025-09-17 00:00:00','silk','pronto_entrega','ativo','media','','1755806001108.pdf','2025-08-21 19:53:28','2025-08-29 13:45:57',33,NULL,4,2),(57,'5156B','(62) 99698-806',4,'2025-08-21 19:54:39','2025-09-17 00:00:00','silk','pronto_entrega','ativo','media','','1755806068799.pdf','2025-08-21 19:54:39','2025-08-29 13:45:20',33,NULL,3,2),(58,'5157','(62) 93612-0365',19,'2025-08-21 20:50:02','2025-09-01 00:00:00','bordado','acabamento','ativo','media','SILK E BORDADO , BOTÕES BRANCO ','1755809391421.pdf','2025-08-21 20:50:02','2025-08-27 13:24:14',34,NULL,3,6),(59,'5159','(62) 99331-4309',5,'2025-08-22 12:29:56','2025-09-04 00:00:00','silk','pronto_entrega','ativo','media','','1755865796001.pdf','2025-08-22 12:29:56','2025-08-27 13:25:47',35,NULL,4,2),(60,'5160','(62) 98289-9376',62,'2025-08-22 18:38:23','2025-09-19 00:00:00','silk','pronto_entrega','ativo','media','','1755887902314.pdf','2025-08-22 18:38:23','2025-08-29 13:46:40',36,NULL,3,6),(61,'5153','(62) 98551-7656',40,'2025-08-22 18:46:49','2025-09-19 00:00:00','bordado','pronto_entrega','ativo','media','','1755888408502.pdf','2025-08-22 18:46:49','2025-08-27 13:22:20',37,NULL,12,2),(62,'5154','(62) 99240-0590',10,'2025-08-22 18:47:39','2025-09-19 00:00:00','bordado','pronto_entrega','ativo','media','','1755888458775.pdf','2025-08-22 18:47:39','2025-08-27 13:22:31',38,NULL,12,2),(63,'5163A','(62) 99204-4470',2,'2025-08-25 13:25:26','2025-09-19 00:00:00','silk,bordado','pronto_entrega','ativo','media','','1756128325898.pdf','2025-08-25 13:25:26','2025-08-29 13:47:49',18,NULL,3,2),(64,'5163B','(62) 99204-4470',2,'2025-08-25 13:26:07','2025-09-19 00:00:00','bordado','pronto_entrega','ativo','media','','1756128366287.pdf','2025-08-25 13:26:07','2025-08-29 13:48:31',18,NULL,3,2),(65,'5162','(62) 99252-1532',54,'2025-08-25 17:05:50','2025-09-05 00:00:00','bordado','cadastrada','ativo','media','','1756141532567.pdf','2025-08-25 17:05:50','2025-08-25 17:05:50',39,NULL,3,2),(66,'5164','(62) 98239-3945',30,'2025-08-26 11:29:13','2025-09-26 00:00:00','silk','acabamento','ativo','media','','1756207751964.pdf','2025-08-26 11:29:13','2025-08-29 13:41:28',40,NULL,12,2),(68,'5169','(62) 99687-7352',6,'2025-08-26 11:32:41','2025-09-01 00:00:00','','acabamento','ativo','media','CAMISETA LISA','1756207959957.pdf','2025-08-26 11:32:41','2025-08-28 19:41:22',41,NULL,3,2),(69,'5171','(62) 99991-6559',14,'2025-08-26 17:18:05','2025-10-03 00:00:00','bordado','bordado','ativo','media','','1756228664911.pdf','2025-08-26 17:18:05','2025-08-28 19:44:01',42,NULL,3,2),(72,'5175','(62) 99820-0671',12,'2025-08-29 17:58:40','2025-09-29 00:00:00','bordado','cadastrada','ativo','media','','1756490319718.pdf','2025-08-29 17:58:40','2025-08-29 17:58:40',44,NULL,3,6),(73,'5176A','(62) 99257-6509',11,'2025-08-29 18:19:25','2025-09-25 00:00:00','silk,bordado','cadastrada','ativo','media','','1756491564528.pdf','2025-08-29 18:19:25','2025-08-29 18:19:25',43,NULL,4,2),(74,'5176B','(62) 99257-6509',3,'2025-08-29 18:20:14','2025-09-25 00:00:00','silk,bordado','cadastrada','ativo','media','','1756491604540.pdf','2025-08-29 18:20:14','2025-08-29 18:20:14',43,NULL,4,2),(75,'5182','(62) 99101-4387',6,'2025-09-01 13:49:54','2025-10-10 00:00:00','bordado','cadastrada','ativo','media','','1756734592726.pdf','2025-09-01 13:49:54','2025-09-01 13:49:54',45,NULL,10,17),(76,'5180','(62) 96051-296',12,'2025-09-01 13:53:57','2025-10-03 00:00:00','silk','cadastrada','ativo','media','','1756734835928.pdf','2025-09-01 13:53:57','2025-09-01 13:53:57',46,NULL,3,2),(77,'5177','(62) 98309-0100',21,'2025-09-02 13:14:11','2025-10-03 00:00:00','bordado','cadastrada','ativo','media','','1756818849941.pdf','2025-09-02 13:14:11','2025-09-02 13:14:11',47,NULL,3,6);
/*!40000 ALTER TABLE `OrdemServico` ENABLE KEYS */;
UNLOCK TABLES;

--
-- Table structure for table `ProdBordado`
--

DROP TABLE IF EXISTS `ProdBordado`;
/*!40101 SET @saved_cs_client     = @@character_set_client */;
/*!50503 SET character_set_client = utf8mb4 */;
CREATE TABLE `ProdBordado` (
  `id` int NOT NULL AUTO_INCREMENT,
  `data` date NOT NULL,
  `cliente` varchar(255) NOT NULL,
  `funcionario` varchar(255) NOT NULL,
  `maquina` enum('maquina1','maquina2','maquina3') NOT NULL,
  `bordado` varchar(255) NOT NULL,
  `qtd_pontos` int NOT NULL,
  `qtd_pecas` int NOT NULL,
  `valor_ponto` decimal(10,2) NOT NULL,
  `valor_unitario` decimal(10,2) NOT NULL,
  `valor_total` decimal(10,2) NOT NULL,
  `nivel_arte` varchar(255) DEFAULT NULL,
  `valor_unitario_arte` decimal(10,2) DEFAULT NULL,
  `qtd_arte` int DEFAULT NULL,
  `valor_total_arte` decimal(10,2) DEFAULT NULL,
  `peca_fechada` tinyint(1) NOT NULL DEFAULT '0',
  `valor_unitario_peca_fechada` decimal(10,2) DEFAULT NULL,
  `valor_total_peca_fechada` decimal(10,2) DEFAULT NULL,
  `observacao` text,
  `created_at` datetime NOT NULL,
  `updated_at` datetime NOT NULL,
  PRIMARY KEY (`id`)
) ENGINE=InnoDB DEFAULT CHARSET=utf8mb3;
/*!40101 SET character_set_client = @saved_cs_client */;

--
-- Dumping data for table `ProdBordado`
--

LOCK TABLES `ProdBordado` WRITE;
/*!40000 ALTER TABLE `ProdBordado` DISABLE KEYS */;
/*!40000 ALTER TABLE `ProdBordado` ENABLE KEYS */;
UNLOCK TABLES;

--
-- Table structure for table `Recibo`
--

DROP TABLE IF EXISTS `Recibo`;
/*!40101 SET @saved_cs_client     = @@character_set_client */;
/*!50503 SET character_set_client = utf8mb4 */;
CREATE TABLE `Recibo` (
  `id` int NOT NULL AUTO_INCREMENT,
  `numero` varchar(255) NOT NULL,
  `recebido_de` varchar(255) DEFAULT NULL,
  `valor` decimal(10,2) DEFAULT NULL,
  `referencia` varchar(255) DEFAULT NULL,
  `observacao` text,
  `created_at` datetime NOT NULL,
  `updated_at` datetime NOT NULL,
  `nome` varchar(255) DEFAULT NULL,
  `cpf` varchar(255) DEFAULT NULL,
  PRIMARY KEY (`id`),
  UNIQUE KEY `numero` (`numero`),
  UNIQUE KEY `numero_2` (`numero`),
  UNIQUE KEY `numero_3` (`numero`),
  UNIQUE KEY `numero_4` (`numero`),
  UNIQUE KEY `numero_5` (`numero`),
  UNIQUE KEY `numero_6` (`numero`),
  UNIQUE KEY `numero_7` (`numero`),
  UNIQUE KEY `numero_8` (`numero`),
  UNIQUE KEY `numero_9` (`numero`),
  UNIQUE KEY `numero_10` (`numero`),
  UNIQUE KEY `numero_11` (`numero`),
  UNIQUE KEY `numero_12` (`numero`),
  UNIQUE KEY `numero_13` (`numero`),
  UNIQUE KEY `numero_14` (`numero`),
  UNIQUE KEY `numero_15` (`numero`),
  UNIQUE KEY `numero_16` (`numero`),
  UNIQUE KEY `numero_17` (`numero`),
  UNIQUE KEY `numero_18` (`numero`),
  UNIQUE KEY `numero_19` (`numero`),
  UNIQUE KEY `numero_20` (`numero`),
  UNIQUE KEY `numero_21` (`numero`),
  UNIQUE KEY `numero_22` (`numero`),
  UNIQUE KEY `numero_23` (`numero`),
  UNIQUE KEY `numero_24` (`numero`),
  UNIQUE KEY `numero_25` (`numero`),
  UNIQUE KEY `numero_26` (`numero`),
  UNIQUE KEY `numero_27` (`numero`),
  UNIQUE KEY `numero_28` (`numero`),
  UNIQUE KEY `numero_29` (`numero`),
  UNIQUE KEY `numero_30` (`numero`),
  UNIQUE KEY `numero_31` (`numero`),
  UNIQUE KEY `numero_32` (`numero`),
  UNIQUE KEY `numero_33` (`numero`),
  UNIQUE KEY `numero_34` (`numero`),
  UNIQUE KEY `numero_35` (`numero`),
  UNIQUE KEY `numero_36` (`numero`),
  UNIQUE KEY `numero_37` (`numero`)
) ENGINE=InnoDB AUTO_INCREMENT=36 DEFAULT CHARSET=utf8mb3;
/*!40101 SET character_set_client = @saved_cs_client */;

--
-- Dumping data for table `Recibo`
--

LOCK TABLES `Recibo` WRITE;
/*!40000 ALTER TABLE `Recibo` DISABLE KEYS */;
INSERT INTO `Recibo` VALUES (1,'0001','ATM COMERCIO DE UNIFORMES',500.00,'ADIANTAMENTO DE SALÁRIO DO MÊS DE JUNHO.','','2025-08-01 04:17:26','2025-08-01 04:17:26','Edma Nunes da Mata','588.408.771-77'),(2,'0002','ATM COMERCIO DE UNIFORMES',1000.00,'ADIANTAMENTO DE DE SALARIO DO MÊS DE JULHO.','','2025-08-04 21:00:01','2025-08-04 21:00:01','Maria Ilda Gomes da Silva','001.630.953-70'),(3,'0003','ATM COMERCIO DE UNIFORMES',1000.00,'ADIANTAMENTO DE SALÁRIO ','','2025-08-05 10:00:48','2025-08-05 10:00:48','Patricia Barros de Queiroz','004.343.741-99'),(4,'0004','ATM COMERCIO DE UNIFORMES',1000.00,'ADIANTAMENTO DE SALÁRIO DO MÊS DE JULHO','','2025-08-05 12:25:25','2025-08-05 12:25:25','Patricia Barros de Queiroz','004.343.741-99'),(5,'0005','ATM COMERCIO DE UNIFORMES',1000.00,'ADIANTAMENTO DE SALÁRIO DO MÊS DE JULHO','','2025-08-05 12:26:05','2025-08-05 12:26:05','Patricia Barros de Queiroz','004.343.741-99'),(6,'0006','ATM COMERCIO DE UNIFORMES',800.00,'ADIANTAMENTO DE SALÁRIO DO MÊS DE JULHO','','2025-08-05 12:29:11','2025-08-05 12:29:11','Francisca Rabelo','011.404.991-22'),(7,'0007','ATM COMERCIO DE UNIFORMES',400.00,'ADIANTAMENTO DE SALÁRIO DO MÊS DE JULHO ','','2025-08-05 12:33:01','2025-08-05 12:33:01','Dejanira de Oliveira Almeida','054.811.523-04'),(8,'0008','ATM COMERCIO DE UNIFORMES',300.00,'ADIANTAMENTO DE SALÁRIO DO MÊS DE JULHO','','2025-08-05 12:38:35','2025-08-05 12:38:35','Oziel da Silva Costa','762.232.562-72'),(9,'0009','ATM COMERCIO DE UNIFORMES',200.00,'ADIANTAMENTO DE SALÁRIO DO MÊS DE AGOSTO','','2025-08-05 12:40:07','2025-08-05 12:40:07','Werley Rosa Felipe','003.482.531-25'),(10,'0010','ATM COMERCIO DE UNIFORMES',500.00,'ADIANTAMENTO DE SALÁRIO DO MÊS DE AGOSTO','','2025-08-05 12:40:33','2025-08-05 12:40:33','Werley Rosa Felipe','003.482.531-25'),(11,'0011','ATM COMERCIO DE UNIFORMES',500.00,'ADIANTAMENTO DE SALÁRIO DO MÊS DE SETEMBRO','','2025-08-05 12:41:13','2025-08-05 12:41:13','Werley Rosa Felipe','003.482.531-25'),(12,'0012','ATM COMERCIO DE UNIFORMES',500.00,'ADIANTAMENTO DE SALÁRIO DO MÊS DE OUTUBRO','','2025-08-05 12:42:19','2025-08-05 12:42:19','Werley Rosa Felipe','003.482.531-25'),(13,'0013','ATM COMERCIO DE UNIFORMES',500.00,'ADIANTAMENTO DE SALÁRIO DO MÊS DE NOVEMBRO','','2025-08-05 12:43:07','2025-08-05 12:43:07','Werley Rosa Felipe','003.482.531-25'),(14,'0014','ATM COMERCIO DE UNIFORMES',40.00,'COMPRA 1 POLO','','2025-08-05 12:48:32','2025-08-05 12:48:32','Patricia Barros de Queiroz','004.343.741-99'),(15,'0015','ATM COMERCIO DE UNIFORMES',40.00,'COMPRA 1 POLO','','2025-08-05 12:49:13','2025-08-05 12:49:13','Dejanira de Oliveira Almeida','054.811.523-04'),(16,'0016','ATM COMERCIO DE UNIFORMES',60.00,'COMPRA 2 GOLA ´´O``','','2025-08-05 12:50:11','2025-08-05 12:50:11','Werley Rosa Felipe','003.482.531-25'),(17,'0017','ATM COMERCIO DE UNIFORMES',120.00,'COMPRA 4 GOLA ´´O``','','2025-08-05 12:50:50','2025-08-05 12:50:50','Werley Rosa Felipe','003.482.531-25'),(18,'0018','ATM COMERCIO DE UNIFORMES',120.00,'COMPRA 4 GOLA ´´O``','','2025-08-05 12:51:18','2025-08-05 12:51:18','Maria Ilda Gomes da Silva','001.630.953-70'),(19,'0019','ATM COMERCIO DE UNIFORMES',130.00,'COMPRA 2 GOLA ´´O``; 1 GOLA ´´V``; 1 POLO','','2025-08-05 12:52:27','2025-08-05 12:52:27','Oziel da Silva Costa','762.232.562-72'),(20,'0020','ATM COMERCIO DE UNIFORMES',200.00,'','','2025-08-05 21:07:02','2025-08-05 21:07:02','ezer',''),(21,'0021','ATM COMERCIO DE UNIFORMES',200.00,'','','2025-08-05 21:07:25','2025-08-05 21:07:25','ezer',''),(22,'0022','ATM COMERCIO DE UNIFORMES',1000.00,'ADIANTAMENTO DE SALÁRIO ','','2025-08-13 12:08:51','2025-08-13 12:08:51','Werley Rosa Felipe','003.482.531-25'),(23,'0023','ATM COMERCIO DE UNIFORMES',700.00,'ADIANTAMENTO DE SALÁRIO ','','2025-08-13 12:11:08','2025-08-13 12:11:08','Oziel da Silva Costa','762.232.562-72'),(24,'0024','ATM COMERCIO DE UNIFORMES',100.00,'VALE ','','2025-08-14 18:37:16','2025-08-14 18:37:16','Werley Rosa Felipe','003.482.531-25'),(25,'0025','ATM COMERCIO DE UNIFORMES',500.00,'VALE','','2025-08-15 18:19:13','2025-08-15 18:19:13','Gersioney Gonçalves da Silva','054.091.821-03'),(26,'0026','ATM COMERCIO DE UNIFORMES',500.00,'VALE','','2025-08-15 18:19:46','2025-08-15 18:19:46','Patricia Barros de Queiroz','004.343.741-99'),(27,'0027','ATM COMERCIO DE UNIFORMES',500.00,'VALE','','2025-08-15 18:20:12','2025-08-15 18:20:12','Francisca Rabelo','011.404.991-22'),(28,'0028','ATM COMERCIO DE UNIFORMES',500.00,'VALE','','2025-08-15 18:20:45','2025-08-15 18:20:45','Maria Ilda Gomes da Silva','001.630.953-70'),(29,'0029','ATM COMERCIO DE UNIFORMES',700.00,'ADIANTAMENTO DE SALÁRIO','','2025-08-18 10:16:10','2025-08-18 10:16:10','Oziel da Silva Costa','762.232.562-72'),(30,'0030','ATM COMERCIO DE UNIFORMES',700.00,'ADIANTAMENTO DE SALÁRIO','','2025-08-18 10:16:16','2025-08-18 10:16:16','Oziel da Silva Costa','762.232.562-72'),(31,'0031','ATM COMERCIO DE UNIFORMES',200.00,'ADIANTAMENTO DE SALÁRIO','','2025-08-18 12:22:18','2025-08-18 12:22:18','Werley Rosa Felipe','003.482.531-25'),(32,'0032','ATM COMERCIO DE UNIFORMES',200.00,'VALE','','2025-08-21 18:55:35','2025-08-21 18:55:35','Oziel da Silva Costa','762.232.562-72'),(33,'0033','ATM COMERCIO DE UNIFORMES',500.00,'VALE','','2025-08-25 18:39:19','2025-08-25 18:39:19','Gersioney Gonçalves da Silva','054.091.821-03'),(34,'0034','ATM COMERCIO DE UNIFORMES',1000.00,'VALE','','2025-08-25 18:40:40','2025-08-25 18:40:40','Werley Rosa Felipe','003.482.531-25'),(35,'0035','ATM COMERCIO DE UNIFORMES',500.00,'VALE','','2025-08-25 18:41:08','2025-08-25 18:41:08','Oziel da Silva Costa','762.232.562-72');
/*!40000 ALTER TABLE `Recibo` ENABLE KEYS */;
UNLOCK TABLES;

--
-- Table structure for table `RegistroPonto`
--

DROP TABLE IF EXISTS `RegistroPonto`;
/*!40101 SET @saved_cs_client     = @@character_set_client */;
/*!50503 SET character_set_client = utf8mb4 */;
CREATE TABLE `RegistroPonto` (
  `id` int NOT NULL AUTO_INCREMENT,
  `funcionario_id` int DEFAULT NULL,
  `data` date NOT NULL,
  `hora` time NOT NULL,
  `tipo` enum('entrada','almoco','retorno','saida') NOT NULL,
  `created_at` datetime NOT NULL,
  `updated_at` datetime NOT NULL,
  PRIMARY KEY (`id`),
  KEY `funcionario_id` (`funcionario_id`),
  CONSTRAINT `RegistroPonto_ibfk_1` FOREIGN KEY (`funcionario_id`) REFERENCES `Funcionario` (`id`) ON DELETE SET NULL ON UPDATE CASCADE
) ENGINE=InnoDB AUTO_INCREMENT=1201 DEFAULT CHARSET=utf8mb3;
/*!40101 SET character_set_client = @saved_cs_client */;

--
-- Dumping data for table `RegistroPonto`
--

LOCK TABLES `RegistroPonto` WRITE;
/*!40000 ALTER TABLE `RegistroPonto` DISABLE KEYS */;
INSERT INTO `RegistroPonto` VALUES (1,14,'2025-08-01','06:50:57','entrada','2025-08-01 09:50:57','2025-08-01 09:50:57'),(2,13,'2025-08-01','06:54:28','entrada','2025-08-01 09:54:28','2025-08-01 09:54:28'),(3,15,'2025-08-01','07:12:05','entrada','2025-08-01 10:12:05','2025-08-01 10:12:05'),(4,3,'2025-08-01','07:15:16','entrada','2025-08-01 10:15:16','2025-08-01 10:15:16'),(5,17,'2025-08-01','07:46:08','entrada','2025-08-01 10:46:08','2025-08-01 10:46:08'),(6,2,'2025-08-01','07:55:57','entrada','2025-08-01 10:55:57','2025-08-01 10:55:57'),(7,6,'2025-08-01','07:59:34','entrada','2025-08-01 10:59:34','2025-08-01 10:59:34'),(8,11,'2025-08-01','07:59:36','entrada','2025-08-01 10:59:36','2025-08-01 10:59:36'),(9,5,'2025-08-01','08:00:47','entrada','2025-08-01 11:00:47','2025-08-01 11:00:47'),(10,4,'2025-08-01','08:02:53','entrada','2025-08-01 11:02:53','2025-08-01 11:02:53'),(11,10,'2025-08-01','08:03:43','entrada','2025-08-01 11:03:43','2025-08-01 11:03:43'),(12,7,'2025-08-01','08:04:13','entrada','2025-08-01 11:04:13','2025-08-01 11:04:13'),(13,7,'2025-08-01','11:01:03','almoco','2025-08-01 14:01:03','2025-08-01 14:01:03'),(14,10,'2025-08-01','11:05:45','almoco','2025-08-01 14:05:45','2025-08-01 14:05:45'),(15,3,'2025-08-01','11:26:09','almoco','2025-08-01 14:26:09','2025-08-01 14:26:09'),(16,14,'2025-08-01','11:26:21','almoco','2025-08-01 14:26:21','2025-08-01 14:26:21'),(17,15,'2025-08-01','11:26:46','almoco','2025-08-01 14:26:46','2025-08-01 14:26:46'),(18,13,'2025-08-01','11:28:46','almoco','2025-08-01 14:28:46','2025-08-01 14:28:46'),(19,11,'2025-08-01','12:01:24','almoco','2025-08-01 15:01:24','2025-08-01 15:01:24'),(20,6,'2025-08-01','12:05:55','almoco','2025-08-01 15:05:55','2025-08-01 15:05:55'),(21,7,'2025-08-01','12:08:24','retorno','2025-08-01 15:08:24','2025-08-01 15:08:24'),(22,2,'2025-08-01','12:10:42','almoco','2025-08-01 15:10:42','2025-08-01 15:10:42'),(23,10,'2025-08-01','12:17:49','retorno','2025-08-01 15:17:49','2025-08-01 15:17:49'),(24,14,'2025-08-01','12:25:59','retorno','2025-08-01 15:25:59','2025-08-01 15:25:59'),(25,3,'2025-08-01','12:26:26','retorno','2025-08-01 15:26:26','2025-08-01 15:26:26'),(26,15,'2025-08-01','12:27:44','retorno','2025-08-01 15:27:44','2025-08-01 15:27:44'),(27,13,'2025-08-01','12:57:54','retorno','2025-08-01 15:57:54','2025-08-01 15:57:54'),(28,6,'2025-08-01','13:00:26','retorno','2025-08-01 16:00:26','2025-08-01 16:00:26'),(29,4,'2025-08-01','13:02:01','almoco','2025-08-01 16:02:01','2025-08-01 16:02:01'),(30,2,'2025-08-01','13:12:02','retorno','2025-08-01 16:12:02','2025-08-01 16:12:02'),(31,11,'2025-08-01','13:13:26','retorno','2025-08-01 16:13:26','2025-08-01 16:13:26'),(32,3,'2025-08-01','17:16:27','saida','2025-08-01 20:16:27','2025-08-01 20:16:27'),(33,15,'2025-08-01','17:17:06','saida','2025-08-01 20:17:06','2025-08-01 20:17:06'),(34,6,'2025-08-01','17:59:52','saida','2025-08-01 20:59:52','2025-08-01 20:59:52'),(35,4,'2025-08-01','18:03:51','retorno','2025-08-01 21:03:51','2025-08-01 21:03:51'),(36,14,'2025-08-01','18:27:37','saida','2025-08-01 21:27:37','2025-08-01 21:27:37'),(37,13,'2025-08-01','18:29:11','saida','2025-08-01 21:29:12','2025-08-01 21:29:12'),(38,10,'2025-08-01','19:13:59','saida','2025-08-01 22:13:59','2025-08-01 22:13:59'),(39,2,'2025-08-01','19:14:31','saida','2025-08-01 22:14:31','2025-08-01 22:14:31'),(40,7,'2025-08-01','19:15:11','saida','2025-08-01 22:15:11','2025-08-01 22:15:11'),(41,11,'2025-08-01','19:16:59','saida','2025-08-01 22:16:59','2025-08-01 22:16:59'),(42,13,'2025-08-02','07:03:05','entrada','2025-08-02 10:03:05','2025-08-02 10:03:05'),(43,13,'2025-08-02','12:11:23','almoco','2025-08-02 15:11:23','2025-08-02 15:11:23'),(44,13,'2025-08-04','06:56:17','entrada','2025-08-04 09:56:17','2025-08-04 09:56:17'),(45,14,'2025-08-04','06:57:49','entrada','2025-08-04 09:57:49','2025-08-04 09:57:49'),(46,15,'2025-08-04','07:13:51','entrada','2025-08-04 10:13:51','2025-08-04 10:13:51'),(47,3,'2025-08-04','07:26:09','entrada','2025-08-04 10:26:09','2025-08-04 10:26:09'),(48,9,'2025-08-04','07:26:33','entrada','2025-08-04 10:26:33','2025-08-04 10:26:33'),(49,17,'2025-08-04','07:29:14','entrada','2025-08-04 10:29:14','2025-08-04 10:29:14'),(50,4,'2025-08-04','07:31:43','entrada','2025-08-04 10:31:43','2025-08-04 10:31:43'),(51,2,'2025-08-04','07:59:32','entrada','2025-08-04 10:59:32','2025-08-04 10:59:32'),(52,10,'2025-08-04','08:00:15','entrada','2025-08-04 11:00:15','2025-08-04 11:00:15'),(53,8,'2025-08-04','08:00:50','entrada','2025-08-04 11:00:50','2025-08-04 11:00:50'),(54,11,'2025-08-04','08:01:42','entrada','2025-08-04 11:01:42','2025-08-04 11:01:42'),(55,6,'2025-08-04','08:05:21','entrada','2025-08-04 11:05:21','2025-08-04 11:05:21'),(56,7,'2025-08-04','08:16:49','entrada','2025-08-04 11:16:49','2025-08-04 11:16:49'),(57,10,'2025-08-04','10:52:45','almoco','2025-08-04 13:52:45','2025-08-04 13:52:45'),(58,7,'2025-08-04','11:03:03','almoco','2025-08-04 14:03:03','2025-08-04 14:03:03'),(59,3,'2025-08-04','11:26:08','almoco','2025-08-04 14:26:08','2025-08-04 14:26:08'),(60,17,'2025-08-04','11:26:27','almoco','2025-08-04 14:26:27','2025-08-04 14:26:27'),(61,13,'2025-08-04','11:26:30','almoco','2025-08-04 14:26:30','2025-08-04 14:26:30'),(62,14,'2025-08-04','11:26:38','almoco','2025-08-04 14:26:38','2025-08-04 14:26:38'),(63,4,'2025-08-04','11:26:48','almoco','2025-08-04 14:26:48','2025-08-04 14:26:48'),(64,15,'2025-08-04','11:27:05','almoco','2025-08-04 14:27:05','2025-08-04 14:27:05'),(65,9,'2025-08-04','11:27:35','almoco','2025-08-04 14:27:35','2025-08-04 14:27:35'),(66,11,'2025-08-04','12:01:26','almoco','2025-08-04 15:01:26','2025-08-04 15:01:26'),(67,10,'2025-08-04','12:02:11','retorno','2025-08-04 15:02:11','2025-08-04 15:02:11'),(68,7,'2025-08-04','12:05:17','retorno','2025-08-04 15:05:17','2025-08-04 15:05:17'),(69,2,'2025-08-04','12:10:01','almoco','2025-08-04 15:10:01','2025-08-04 15:10:01'),(70,14,'2025-08-04','12:24:10','retorno','2025-08-04 15:24:10','2025-08-04 15:24:10'),(71,15,'2025-08-04','12:24:35','retorno','2025-08-04 15:24:35','2025-08-04 15:24:35'),(72,3,'2025-08-04','12:25:22','retorno','2025-08-04 15:25:22','2025-08-04 15:25:22'),(73,4,'2025-08-04','12:26:17','retorno','2025-08-04 15:26:17','2025-08-04 15:26:17'),(74,9,'2025-08-04','12:26:46','retorno','2025-08-04 15:26:46','2025-08-04 15:26:46'),(75,6,'2025-08-04','12:54:00','almoco','2025-08-04 15:54:00','2025-08-04 15:54:00'),(76,13,'2025-08-04','13:04:41','retorno','2025-08-04 16:04:41','2025-08-04 16:04:41'),(77,2,'2025-08-04','13:11:21','retorno','2025-08-04 16:11:21','2025-08-04 16:11:21'),(78,11,'2025-08-04','13:13:42','retorno','2025-08-04 16:13:42','2025-08-04 16:13:42'),(79,8,'2025-08-04','13:22:21','almoco','2025-08-04 16:22:21','2025-08-04 16:22:21'),(80,8,'2025-08-04','14:30:03','retorno','2025-08-04 17:30:03','2025-08-04 17:30:03'),(81,3,'2025-08-04','17:19:07','saida','2025-08-04 20:19:07','2025-08-04 20:19:07'),(82,17,'2025-08-04','17:19:27','retorno','2025-08-04 20:19:27','2025-08-04 20:19:27'),(83,9,'2025-08-04','17:19:44','saida','2025-08-04 20:19:44','2025-08-04 20:19:44'),(84,15,'2025-08-04','17:22:19','saida','2025-08-04 20:22:19','2025-08-04 20:22:19'),(85,14,'2025-08-04','17:40:13','saida','2025-08-04 20:40:13','2025-08-04 20:40:13'),(86,6,'2025-08-04','17:45:35','retorno','2025-08-04 20:45:35','2025-08-04 20:45:35'),(87,13,'2025-08-04','17:46:40','saida','2025-08-04 20:46:40','2025-08-04 20:46:40'),(88,4,'2025-08-04','17:58:54','saida','2025-08-04 20:58:54','2025-08-04 20:58:54'),(89,11,'2025-08-04','18:00:23','saida','2025-08-04 21:00:23','2025-08-04 21:00:23'),(90,10,'2025-08-04','18:00:51','saida','2025-08-04 21:00:51','2025-08-04 21:00:51'),(91,7,'2025-08-04','18:01:13','saida','2025-08-04 21:01:13','2025-08-04 21:01:13'),(92,8,'2025-08-04','18:01:24','saida','2025-08-04 21:01:24','2025-08-04 21:01:24'),(93,2,'2025-08-04','18:01:50','saida','2025-08-04 21:01:50','2025-08-04 21:01:50'),(94,14,'2025-08-05','06:55:53','entrada','2025-08-05 09:55:53','2025-08-05 09:55:53'),(95,13,'2025-08-05','06:56:08','entrada','2025-08-05 09:56:08','2025-08-05 09:56:08'),(96,15,'2025-08-05','07:04:27','entrada','2025-08-05 10:04:27','2025-08-05 10:04:27'),(97,3,'2025-08-05','07:26:26','entrada','2025-08-05 10:26:26','2025-08-05 10:26:26'),(98,9,'2025-08-05','07:26:53','entrada','2025-08-05 10:26:53','2025-08-05 10:26:53'),(99,4,'2025-08-05','07:27:23','entrada','2025-08-05 10:27:23','2025-08-05 10:27:23'),(100,8,'2025-08-05','07:57:19','entrada','2025-08-05 10:57:19','2025-08-05 10:57:19'),(101,11,'2025-08-05','07:58:01','entrada','2025-08-05 10:58:01','2025-08-05 10:58:01'),(102,2,'2025-08-05','07:58:16','entrada','2025-08-05 10:58:16','2025-08-05 10:58:16'),(103,7,'2025-08-05','07:59:24','entrada','2025-08-05 10:59:24','2025-08-05 10:59:24'),(104,6,'2025-08-05','08:00:36','entrada','2025-08-05 11:00:36','2025-08-05 11:00:36'),(105,10,'2025-08-05','08:04:14','entrada','2025-08-05 11:04:14','2025-08-05 11:04:14'),(106,10,'2025-08-05','10:54:11','almoco','2025-08-05 13:54:11','2025-08-05 13:54:11'),(107,7,'2025-08-05','11:09:04','almoco','2025-08-05 14:09:04','2025-08-05 14:09:04'),(108,3,'2025-08-05','11:26:05','almoco','2025-08-05 14:26:05','2025-08-05 14:26:05'),(109,14,'2025-08-05','11:26:31','almoco','2025-08-05 14:26:31','2025-08-05 14:26:31'),(110,9,'2025-08-05','11:26:42','almoco','2025-08-05 14:26:42','2025-08-05 14:26:42'),(111,15,'2025-08-05','11:26:54','almoco','2025-08-05 14:26:54','2025-08-05 14:26:54'),(112,4,'2025-08-05','11:27:52','almoco','2025-08-05 14:27:52','2025-08-05 14:27:52'),(113,13,'2025-08-05','11:28:15','almoco','2025-08-05 14:28:15','2025-08-05 14:28:15'),(114,11,'2025-08-05','12:00:03','almoco','2025-08-05 15:00:03','2025-08-05 15:00:03'),(115,10,'2025-08-05','12:06:28','retorno','2025-08-05 15:06:28','2025-08-05 15:06:28'),(116,6,'2025-08-05','12:13:10','almoco','2025-08-05 15:13:10','2025-08-05 15:13:10'),(117,7,'2025-08-05','12:17:44','retorno','2025-08-05 15:17:44','2025-08-05 15:17:44'),(118,2,'2025-08-05','12:18:48','almoco','2025-08-05 15:18:48','2025-08-05 15:18:48'),(119,15,'2025-08-05','12:25:13','retorno','2025-08-05 15:25:13','2025-08-05 15:25:13'),(120,3,'2025-08-05','12:25:46','retorno','2025-08-05 15:25:46','2025-08-05 15:25:46'),(121,14,'2025-08-05','12:25:52','retorno','2025-08-05 15:25:52','2025-08-05 15:25:52'),(122,17,'2025-08-05','12:26:04','entrada','2025-08-05 15:26:04','2025-08-05 15:26:04'),(123,4,'2025-08-05','12:26:23','retorno','2025-08-05 15:26:23','2025-08-05 15:26:23'),(124,9,'2025-08-05','12:26:58','retorno','2025-08-05 15:26:58','2025-08-05 15:26:58'),(125,18,'2025-08-05','12:42:20','entrada','2025-08-05 15:42:20','2025-08-05 15:42:20'),(126,13,'2025-08-05','13:00:47','retorno','2025-08-05 16:00:47','2025-08-05 16:00:47'),(127,6,'2025-08-05','13:09:44','retorno','2025-08-05 16:09:44','2025-08-05 16:09:44'),(128,11,'2025-08-05','13:18:05','retorno','2025-08-05 16:18:05','2025-08-05 16:18:05'),(129,2,'2025-08-05','13:20:31','retorno','2025-08-05 16:20:31','2025-08-05 16:20:31'),(130,8,'2025-08-05','13:40:25','almoco','2025-08-05 16:40:25','2025-08-05 16:40:25'),(131,8,'2025-08-05','14:44:01','retorno','2025-08-05 17:44:01','2025-08-05 17:44:01'),(132,18,'2025-08-05','16:02:10','almoco','2025-08-05 19:02:10','2025-08-05 19:02:10'),(133,3,'2025-08-05','17:16:16','saida','2025-08-05 20:16:16','2025-08-05 20:16:16'),(134,9,'2025-08-05','17:16:40','saida','2025-08-05 20:16:40','2025-08-05 20:16:40'),(135,4,'2025-08-05','17:16:55','saida','2025-08-05 20:16:55','2025-08-05 20:16:55'),(136,17,'2025-08-05','17:17:18','almoco','2025-08-05 20:17:18','2025-08-05 20:17:18'),(137,15,'2025-08-05','17:18:23','saida','2025-08-05 20:18:23','2025-08-05 20:18:23'),(138,13,'2025-08-05','17:49:21','saida','2025-08-05 20:49:21','2025-08-05 20:49:21'),(139,6,'2025-08-05','17:50:22','saida','2025-08-05 20:50:22','2025-08-05 20:50:22'),(140,11,'2025-08-05','18:00:01','saida','2025-08-05 21:00:01','2025-08-05 21:00:01'),(141,10,'2025-08-05','18:00:53','saida','2025-08-05 21:00:53','2025-08-05 21:00:53'),(142,7,'2025-08-05','18:01:09','saida','2025-08-05 21:01:09','2025-08-05 21:01:09'),(143,8,'2025-08-05','18:01:26','saida','2025-08-05 21:01:26','2025-08-05 21:01:26'),(144,2,'2025-08-05','18:02:20','saida','2025-08-05 21:02:20','2025-08-05 21:02:20'),(145,14,'2025-08-05','18:21:45','saida','2025-08-05 21:21:45','2025-08-05 21:21:45'),(146,18,'2025-08-05','18:30:35','retorno','2025-08-05 21:30:35','2025-08-05 21:30:35'),(147,1,'2025-08-05','20:07:20','entrada','2025-08-05 23:07:20','2025-08-05 23:07:20'),(148,14,'2025-08-06','06:56:08','entrada','2025-08-06 09:56:08','2025-08-06 09:56:08'),(149,13,'2025-08-06','06:56:15','entrada','2025-08-06 09:56:15','2025-08-06 09:56:15'),(150,15,'2025-08-06','07:07:07','entrada','2025-08-06 10:07:07','2025-08-06 10:07:07'),(151,4,'2025-08-06','07:25:48','entrada','2025-08-06 10:25:48','2025-08-06 10:25:48'),(152,3,'2025-08-06','07:26:07','entrada','2025-08-06 10:26:07','2025-08-06 10:26:07'),(153,9,'2025-08-06','07:26:11','entrada','2025-08-06 10:26:11','2025-08-06 10:26:11'),(154,17,'2025-08-06','07:30:04','entrada','2025-08-06 10:30:04','2025-08-06 10:30:04'),(155,6,'2025-08-06','07:58:05','entrada','2025-08-06 10:58:05','2025-08-06 10:58:05'),(156,2,'2025-08-06','07:59:07','entrada','2025-08-06 10:59:07','2025-08-06 10:59:07'),(157,8,'2025-08-06','07:59:08','entrada','2025-08-06 10:59:08','2025-08-06 10:59:08'),(158,11,'2025-08-06','08:00:52','entrada','2025-08-06 11:00:52','2025-08-06 11:00:52'),(159,10,'2025-08-06','08:02:09','entrada','2025-08-06 11:02:09','2025-08-06 11:02:09'),(160,7,'2025-08-06','08:18:37','entrada','2025-08-06 11:18:37','2025-08-06 11:18:37'),(161,18,'2025-08-06','08:38:17','entrada','2025-08-06 11:38:17','2025-08-06 11:38:17'),(162,10,'2025-08-06','10:52:05','almoco','2025-08-06 13:52:05','2025-08-06 13:52:05'),(163,18,'2025-08-06','10:55:07','almoco','2025-08-06 13:55:07','2025-08-06 13:55:07'),(164,7,'2025-08-06','11:14:04','almoco','2025-08-06 14:14:04','2025-08-06 14:14:04'),(165,17,'2025-08-06','11:44:43','almoco','2025-08-06 14:44:43','2025-08-06 14:44:43'),(166,15,'2025-08-06','11:44:56','almoco','2025-08-06 14:44:56','2025-08-06 14:44:56'),(167,3,'2025-08-06','11:45:11','almoco','2025-08-06 14:45:11','2025-08-06 14:45:11'),(168,9,'2025-08-06','11:45:14','almoco','2025-08-06 14:45:14','2025-08-06 14:45:14'),(169,4,'2025-08-06','11:45:25','almoco','2025-08-06 14:45:25','2025-08-06 14:45:25'),(170,13,'2025-08-06','11:46:35','almoco','2025-08-06 14:46:35','2025-08-06 14:46:35'),(171,14,'2025-08-06','11:47:10','almoco','2025-08-06 14:47:10','2025-08-06 14:47:10'),(172,6,'2025-08-06','11:50:38','almoco','2025-08-06 14:50:38','2025-08-06 14:50:38'),(173,10,'2025-08-06','12:01:30','retorno','2025-08-06 15:01:30','2025-08-06 15:01:30'),(174,18,'2025-08-06','12:02:04','retorno','2025-08-06 15:02:04','2025-08-06 15:02:04'),(175,11,'2025-08-06','12:02:33','almoco','2025-08-06 15:02:33','2025-08-06 15:02:33'),(176,2,'2025-08-06','12:17:08','almoco','2025-08-06 15:17:08','2025-08-06 15:17:08'),(177,4,'2025-08-06','12:39:44','retorno','2025-08-06 15:39:44','2025-08-06 15:39:44'),(178,15,'2025-08-06','12:40:35','retorno','2025-08-06 15:40:35','2025-08-06 15:40:35'),(179,9,'2025-08-06','12:41:35','retorno','2025-08-06 15:41:35','2025-08-06 15:41:35'),(180,14,'2025-08-06','12:42:03','retorno','2025-08-06 15:42:03','2025-08-06 15:42:03'),(181,17,'2025-08-06','12:42:12','retorno','2025-08-06 15:42:12','2025-08-06 15:42:12'),(182,3,'2025-08-06','12:42:31','retorno','2025-08-06 15:42:31','2025-08-06 15:42:31'),(183,6,'2025-08-06','12:45:51','retorno','2025-08-06 15:45:51','2025-08-06 15:45:51'),(184,13,'2025-08-06','12:54:05','retorno','2025-08-06 15:54:05','2025-08-06 15:54:05'),(185,11,'2025-08-06','13:15:36','retorno','2025-08-06 16:15:36','2025-08-06 16:15:36'),(186,2,'2025-08-06','13:18:11','retorno','2025-08-06 16:18:11','2025-08-06 16:18:11'),(187,8,'2025-08-06','13:23:10','almoco','2025-08-06 16:23:10','2025-08-06 16:23:10'),(188,8,'2025-08-06','14:27:34','retorno','2025-08-06 17:27:34','2025-08-06 17:27:34'),(189,17,'2025-08-06','17:16:16','saida','2025-08-06 20:16:16','2025-08-06 20:16:16'),(190,3,'2025-08-06','17:16:30','saida','2025-08-06 20:16:30','2025-08-06 20:16:30'),(191,9,'2025-08-06','17:16:56','saida','2025-08-06 20:16:56','2025-08-06 20:16:56'),(192,15,'2025-08-06','17:19:43','saida','2025-08-06 20:19:43','2025-08-06 20:19:43'),(193,13,'2025-08-06','17:49:00','saida','2025-08-06 20:49:00','2025-08-06 20:49:00'),(194,6,'2025-08-06','17:53:29','saida','2025-08-06 20:53:29','2025-08-06 20:53:29'),(195,10,'2025-08-06','18:00:06','saida','2025-08-06 21:00:06','2025-08-06 21:00:06'),(196,11,'2025-08-06','18:00:27','saida','2025-08-06 21:00:27','2025-08-06 21:00:27'),(197,2,'2025-08-06','18:00:45','saida','2025-08-06 21:00:45','2025-08-06 21:00:45'),(198,7,'2025-08-06','18:00:49','retorno','2025-08-06 21:00:49','2025-08-06 21:00:49'),(199,8,'2025-08-06','18:01:30','saida','2025-08-06 21:01:30','2025-08-06 21:01:30'),(200,4,'2025-08-06','18:37:14','saida','2025-08-06 21:37:14','2025-08-06 21:37:14'),(201,18,'2025-08-06','19:11:46','saida','2025-08-06 22:11:46','2025-08-06 22:11:46'),(202,14,'2025-08-06','19:15:19','saida','2025-08-06 22:15:19','2025-08-06 22:15:19'),(203,13,'2025-08-07','06:56:36','entrada','2025-08-07 09:56:36','2025-08-07 09:56:36'),(204,15,'2025-08-07','07:01:16','entrada','2025-08-07 10:01:16','2025-08-07 10:01:16'),(205,3,'2025-08-07','07:25:50','entrada','2025-08-07 10:25:50','2025-08-07 10:25:50'),(206,4,'2025-08-07','07:26:30','entrada','2025-08-07 10:26:30','2025-08-07 10:26:30'),(207,9,'2025-08-07','07:27:06','entrada','2025-08-07 10:27:06','2025-08-07 10:27:06'),(208,17,'2025-08-07','07:31:49','entrada','2025-08-07 10:31:49','2025-08-07 10:31:49'),(209,16,'2025-08-07','07:57:40','entrada','2025-08-07 10:57:40','2025-08-07 10:57:40'),(210,2,'2025-08-07','07:59:59','entrada','2025-08-07 10:59:59','2025-08-07 10:59:59'),(211,10,'2025-08-07','08:00:25','entrada','2025-08-07 11:00:25','2025-08-07 11:00:25'),(212,7,'2025-08-07','08:00:41','entrada','2025-08-07 11:00:41','2025-08-07 11:00:41'),(213,6,'2025-08-07','08:01:14','entrada','2025-08-07 11:01:14','2025-08-07 11:01:14'),(214,8,'2025-08-07','08:01:32','entrada','2025-08-07 11:01:32','2025-08-07 11:01:32'),(215,11,'2025-08-07','08:07:16','entrada','2025-08-07 11:07:16','2025-08-07 11:07:16'),(216,18,'2025-08-07','09:07:30','entrada','2025-08-07 12:07:30','2025-08-07 12:07:30'),(217,10,'2025-08-07','10:51:10','almoco','2025-08-07 13:51:10','2025-08-07 13:51:10'),(218,7,'2025-08-07','11:02:01','almoco','2025-08-07 14:02:01','2025-08-07 14:02:01'),(219,3,'2025-08-07','11:26:02','almoco','2025-08-07 14:26:02','2025-08-07 14:26:02'),(220,13,'2025-08-07','11:26:10','almoco','2025-08-07 14:26:10','2025-08-07 14:26:10'),(221,17,'2025-08-07','11:26:38','almoco','2025-08-07 14:26:38','2025-08-07 14:26:38'),(222,9,'2025-08-07','11:26:39','almoco','2025-08-07 14:26:39','2025-08-07 14:26:39'),(223,4,'2025-08-07','11:26:55','almoco','2025-08-07 14:26:55','2025-08-07 14:26:55'),(224,15,'2025-08-07','11:28:19','almoco','2025-08-07 14:28:19','2025-08-07 14:28:19'),(225,18,'2025-08-07','11:49:54','almoco','2025-08-07 14:49:54','2025-08-07 14:49:54'),(226,6,'2025-08-07','11:53:48','almoco','2025-08-07 14:53:48','2025-08-07 14:53:48'),(227,11,'2025-08-07','12:00:08','almoco','2025-08-07 15:00:08','2025-08-07 15:00:08'),(228,10,'2025-08-07','12:01:02','retorno','2025-08-07 15:01:02','2025-08-07 15:01:02'),(229,2,'2025-08-07','12:13:05','almoco','2025-08-07 15:13:05','2025-08-07 15:13:05'),(230,7,'2025-08-07','12:13:14','retorno','2025-08-07 15:13:14','2025-08-07 15:13:14'),(231,15,'2025-08-07','12:18:11','retorno','2025-08-07 15:18:11','2025-08-07 15:18:11'),(232,4,'2025-08-07','12:24:34','retorno','2025-08-07 15:24:34','2025-08-07 15:24:34'),(233,3,'2025-08-07','12:25:46','retorno','2025-08-07 15:25:46','2025-08-07 15:25:46'),(234,9,'2025-08-07','12:26:01','retorno','2025-08-07 15:26:01','2025-08-07 15:26:01'),(235,17,'2025-08-07','12:26:15','retorno','2025-08-07 15:26:15','2025-08-07 15:26:15'),(236,13,'2025-08-07','13:01:15','retorno','2025-08-07 16:01:15','2025-08-07 16:01:15'),(237,18,'2025-08-07','13:01:55','retorno','2025-08-07 16:01:55','2025-08-07 16:01:55'),(238,11,'2025-08-07','13:12:42','retorno','2025-08-07 16:12:42','2025-08-07 16:12:42'),(239,2,'2025-08-07','13:13:15','retorno','2025-08-07 16:13:15','2025-08-07 16:13:15'),(240,6,'2025-08-07','13:13:58','retorno','2025-08-07 16:13:58','2025-08-07 16:13:58'),(241,8,'2025-08-07','13:22:18','almoco','2025-08-07 16:22:18','2025-08-07 16:22:18'),(242,8,'2025-08-07','14:28:31','retorno','2025-08-07 17:28:31','2025-08-07 17:28:31'),(243,3,'2025-08-07','17:15:53','saida','2025-08-07 20:15:53','2025-08-07 20:15:53'),(244,17,'2025-08-07','17:16:11','saida','2025-08-07 20:16:11','2025-08-07 20:16:11'),(245,9,'2025-08-07','17:16:20','saida','2025-08-07 20:16:20','2025-08-07 20:16:20'),(246,15,'2025-08-07','17:19:05','saida','2025-08-07 20:19:05','2025-08-07 20:19:05'),(247,4,'2025-08-07','17:36:10','saida','2025-08-07 20:36:10','2025-08-07 20:36:10'),(248,13,'2025-08-07','17:48:26','saida','2025-08-07 20:48:26','2025-08-07 20:48:26'),(249,6,'2025-08-07','17:51:14','saida','2025-08-07 20:51:14','2025-08-07 20:51:14'),(250,7,'2025-08-07','18:00:27','saida','2025-08-07 21:00:27','2025-08-07 21:00:27'),(251,2,'2025-08-07','18:00:34','saida','2025-08-07 21:00:34','2025-08-07 21:00:34'),(252,11,'2025-08-07','18:00:35','saida','2025-08-07 21:00:35','2025-08-07 21:00:35'),(253,8,'2025-08-07','18:01:18','saida','2025-08-07 21:01:18','2025-08-07 21:01:18'),(254,10,'2025-08-07','18:01:47','saida','2025-08-07 21:01:47','2025-08-07 21:01:47'),(255,18,'2025-08-07','18:33:56','saida','2025-08-07 21:33:56','2025-08-07 21:33:56'),(256,13,'2025-08-08','06:56:44','entrada','2025-08-08 09:56:44','2025-08-08 09:56:44'),(257,15,'2025-08-08','07:16:31','entrada','2025-08-08 10:16:31','2025-08-08 10:16:31'),(258,3,'2025-08-08','07:26:05','entrada','2025-08-08 10:26:05','2025-08-08 10:26:05'),(259,4,'2025-08-08','07:26:43','entrada','2025-08-08 10:26:43','2025-08-08 10:26:43'),(260,9,'2025-08-08','07:27:12','entrada','2025-08-08 10:27:12','2025-08-08 10:27:12'),(261,6,'2025-08-08','07:49:19','entrada','2025-08-08 10:49:19','2025-08-08 10:49:19'),(262,8,'2025-08-08','08:02:24','entrada','2025-08-08 11:02:24','2025-08-08 11:02:24'),(263,2,'2025-08-08','08:02:32','entrada','2025-08-08 11:02:32','2025-08-08 11:02:32'),(264,11,'2025-08-08','08:02:44','entrada','2025-08-08 11:02:44','2025-08-08 11:02:44'),(265,10,'2025-08-08','08:03:42','entrada','2025-08-08 11:03:42','2025-08-08 11:03:42'),(266,7,'2025-08-08','08:11:34','entrada','2025-08-08 11:11:34','2025-08-08 11:11:34'),(267,18,'2025-08-08','09:52:42','entrada','2025-08-08 12:52:42','2025-08-08 12:52:42'),(268,17,'2025-08-08','10:13:21','entrada','2025-08-08 13:13:21','2025-08-08 13:13:21'),(269,10,'2025-08-08','10:50:49','almoco','2025-08-08 13:50:49','2025-08-08 13:50:49'),(270,3,'2025-08-08','11:25:38','almoco','2025-08-08 14:25:38','2025-08-08 14:25:38'),(271,17,'2025-08-08','11:26:06','almoco','2025-08-08 14:26:06','2025-08-08 14:26:06'),(272,9,'2025-08-08','11:26:26','almoco','2025-08-08 14:26:26','2025-08-08 14:26:26'),(273,4,'2025-08-08','11:26:42','almoco','2025-08-08 14:26:42','2025-08-08 14:26:42'),(274,15,'2025-08-08','11:26:54','almoco','2025-08-08 14:26:54','2025-08-08 14:26:54'),(275,13,'2025-08-08','11:27:54','almoco','2025-08-08 14:27:54','2025-08-08 14:27:54'),(276,7,'2025-08-08','11:36:24','almoco','2025-08-08 14:36:24','2025-08-08 14:36:24'),(277,11,'2025-08-08','12:00:07','almoco','2025-08-08 15:00:07','2025-08-08 15:00:07'),(278,10,'2025-08-08','12:01:19','retorno','2025-08-08 15:01:19','2025-08-08 15:01:19'),(279,18,'2025-08-08','12:06:53','almoco','2025-08-08 15:06:53','2025-08-08 15:06:53'),(280,15,'2025-08-08','12:20:17','retorno','2025-08-08 15:20:17','2025-08-08 15:20:17'),(281,3,'2025-08-08','12:25:29','retorno','2025-08-08 15:25:29','2025-08-08 15:25:29'),(282,9,'2025-08-08','12:25:46','retorno','2025-08-08 15:25:46','2025-08-08 15:25:46'),(283,17,'2025-08-08','12:26:15','retorno','2025-08-08 15:26:15','2025-08-08 15:26:15'),(284,4,'2025-08-08','12:26:40','retorno','2025-08-08 15:26:40','2025-08-08 15:26:40'),(285,6,'2025-08-08','12:28:07','almoco','2025-08-08 15:28:07','2025-08-08 15:28:07'),(286,2,'2025-08-08','12:40:02','almoco','2025-08-08 15:40:02','2025-08-08 15:40:02'),(287,7,'2025-08-08','12:44:14','retorno','2025-08-08 15:44:14','2025-08-08 15:44:14'),(288,13,'2025-08-08','13:04:03','retorno','2025-08-08 16:04:03','2025-08-08 16:04:03'),(289,11,'2025-08-08','13:10:23','retorno','2025-08-08 16:10:23','2025-08-08 16:10:23'),(290,18,'2025-08-08','13:11:26','retorno','2025-08-08 16:11:26','2025-08-08 16:11:26'),(291,6,'2025-08-08','13:27:18','retorno','2025-08-08 16:27:18','2025-08-08 16:27:18'),(292,2,'2025-08-08','13:53:23','retorno','2025-08-08 16:53:23','2025-08-08 16:53:23'),(293,8,'2025-08-08','13:54:55','almoco','2025-08-08 16:54:55','2025-08-08 16:54:55'),(294,8,'2025-08-08','14:58:38','retorno','2025-08-08 17:58:38','2025-08-08 17:58:38'),(295,3,'2025-08-08','17:15:31','saida','2025-08-08 20:15:31','2025-08-08 20:15:31'),(296,17,'2025-08-08','17:16:11','saida','2025-08-08 20:16:11','2025-08-08 20:16:11'),(297,9,'2025-08-08','17:16:28','saida','2025-08-08 20:16:28','2025-08-08 20:16:28'),(298,4,'2025-08-08','17:18:05','saida','2025-08-08 20:18:05','2025-08-08 20:18:05'),(299,15,'2025-08-08','17:19:05','saida','2025-08-08 20:19:05','2025-08-08 20:19:05'),(300,13,'2025-08-08','17:46:48','saida','2025-08-08 20:46:48','2025-08-08 20:46:48'),(301,6,'2025-08-08','17:53:12','saida','2025-08-08 20:53:12','2025-08-08 20:53:12'),(302,11,'2025-08-08','18:03:28','saida','2025-08-08 21:03:28','2025-08-08 21:03:28'),(303,10,'2025-08-08','18:04:37','saida','2025-08-08 21:04:37','2025-08-08 21:04:37'),(304,8,'2025-08-08','18:10:06','saida','2025-08-08 21:10:06','2025-08-08 21:10:06'),(305,2,'2025-08-08','19:29:50','saida','2025-08-08 22:29:50','2025-08-08 22:29:50'),(306,7,'2025-08-08','19:30:21','saida','2025-08-08 22:30:21','2025-08-08 22:30:21'),(307,7,'2025-08-09','08:43:10','entrada','2025-08-09 11:43:10','2025-08-09 11:43:10'),(308,7,'2025-08-09','13:15:12','almoco','2025-08-09 16:15:12','2025-08-09 16:15:12'),(309,13,'2025-08-11','06:56:08','entrada','2025-08-11 09:56:08','2025-08-11 09:56:08'),(310,14,'2025-08-11','06:57:56','entrada','2025-08-11 09:57:56','2025-08-11 09:57:56'),(311,15,'2025-08-11','07:11:30','entrada','2025-08-11 10:11:30','2025-08-11 10:11:30'),(312,3,'2025-08-11','07:24:33','entrada','2025-08-11 10:24:33','2025-08-11 10:24:33'),(313,9,'2025-08-11','07:24:54','entrada','2025-08-11 10:24:54','2025-08-11 10:24:54'),(314,4,'2025-08-11','07:26:10','entrada','2025-08-11 10:26:10','2025-08-11 10:26:10'),(315,17,'2025-08-11','07:29:02','entrada','2025-08-11 10:29:02','2025-08-11 10:29:02'),(316,6,'2025-08-11','07:50:30','entrada','2025-08-11 10:50:30','2025-08-11 10:50:30'),(317,8,'2025-08-11','07:51:46','entrada','2025-08-11 10:51:46','2025-08-11 10:51:46'),(318,10,'2025-08-11','07:56:31','entrada','2025-08-11 10:56:31','2025-08-11 10:56:31'),(319,2,'2025-08-11','07:57:44','entrada','2025-08-11 10:57:44','2025-08-11 10:57:44'),(320,7,'2025-08-11','07:59:38','entrada','2025-08-11 10:59:38','2025-08-11 10:59:38'),(321,11,'2025-08-11','08:05:26','entrada','2025-08-11 11:05:26','2025-08-11 11:05:26'),(322,18,'2025-08-11','09:03:21','entrada','2025-08-11 12:03:21','2025-08-11 12:03:21'),(323,10,'2025-08-11','10:51:10','almoco','2025-08-11 13:51:10','2025-08-11 13:51:10'),(324,7,'2025-08-11','11:02:22','almoco','2025-08-11 14:02:22','2025-08-11 14:02:22'),(325,17,'2025-08-11','11:26:24','almoco','2025-08-11 14:26:24','2025-08-11 14:26:24'),(326,4,'2025-08-11','11:26:35','almoco','2025-08-11 14:26:35','2025-08-11 14:26:35'),(327,3,'2025-08-11','11:27:00','almoco','2025-08-11 14:27:00','2025-08-11 14:27:00'),(328,9,'2025-08-11','11:27:13','almoco','2025-08-11 14:27:13','2025-08-11 14:27:13'),(329,14,'2025-08-11','11:27:26','almoco','2025-08-11 14:27:26','2025-08-11 14:27:26'),(330,15,'2025-08-11','11:27:28','almoco','2025-08-11 14:27:28','2025-08-11 14:27:28'),(331,13,'2025-08-11','11:28:29','almoco','2025-08-11 14:28:29','2025-08-11 14:28:29'),(332,18,'2025-08-11','11:30:35','almoco','2025-08-11 14:30:35','2025-08-11 14:30:35'),(333,6,'2025-08-11','11:40:38','almoco','2025-08-11 14:40:38','2025-08-11 14:40:38'),(334,11,'2025-08-11','12:01:04','almoco','2025-08-11 15:01:04','2025-08-11 15:01:04'),(335,7,'2025-08-11','12:03:41','retorno','2025-08-11 15:03:41','2025-08-11 15:03:41'),(336,2,'2025-08-11','12:05:21','almoco','2025-08-11 15:05:21','2025-08-11 15:05:21'),(337,10,'2025-08-11','12:15:22','retorno','2025-08-11 15:15:22','2025-08-11 15:15:22'),(338,15,'2025-08-11','12:21:31','retorno','2025-08-11 15:21:31','2025-08-11 15:21:31'),(339,14,'2025-08-11','12:21:54','retorno','2025-08-11 15:21:54','2025-08-11 15:21:54'),(340,9,'2025-08-11','12:23:16','retorno','2025-08-11 15:23:16','2025-08-11 15:23:16'),(341,3,'2025-08-11','12:24:44','retorno','2025-08-11 15:24:44','2025-08-11 15:24:44'),(342,4,'2025-08-11','12:25:06','retorno','2025-08-11 15:25:06','2025-08-11 15:25:06'),(343,6,'2025-08-11','12:36:38','retorno','2025-08-11 15:36:38','2025-08-11 15:36:38'),(344,13,'2025-08-11','12:59:02','retorno','2025-08-11 15:59:02','2025-08-11 15:59:02'),(345,18,'2025-08-11','13:10:28','retorno','2025-08-11 16:10:28','2025-08-11 16:10:28'),(346,11,'2025-08-11','13:10:45','retorno','2025-08-11 16:10:45','2025-08-11 16:10:45'),(347,8,'2025-08-11','13:12:16','almoco','2025-08-11 16:12:16','2025-08-11 16:12:16'),(348,2,'2025-08-11','13:15:01','retorno','2025-08-11 16:15:01','2025-08-11 16:15:01'),(349,8,'2025-08-11','14:16:52','retorno','2025-08-11 17:16:52','2025-08-11 17:16:52'),(350,14,'2025-08-11','16:46:45','saida','2025-08-11 19:46:45','2025-08-11 19:46:45'),(351,3,'2025-08-11','17:16:12','saida','2025-08-11 20:16:12','2025-08-11 20:16:12'),(352,9,'2025-08-11','17:16:32','saida','2025-08-11 20:16:32','2025-08-11 20:16:32'),(353,17,'2025-08-11','17:16:41','retorno','2025-08-11 20:16:41','2025-08-11 20:16:41'),(354,4,'2025-08-11','17:17:56','saida','2025-08-11 20:17:56','2025-08-11 20:17:56'),(355,15,'2025-08-11','17:19:18','saida','2025-08-11 20:19:18','2025-08-11 20:19:18'),(356,6,'2025-08-11','17:40:41','saida','2025-08-11 20:40:41','2025-08-11 20:40:41'),(357,13,'2025-08-11','17:48:00','saida','2025-08-11 20:48:00','2025-08-11 20:48:00'),(358,8,'2025-08-11','18:01:04','saida','2025-08-11 21:01:04','2025-08-11 21:01:04'),(359,11,'2025-08-11','18:01:24','saida','2025-08-11 21:01:24','2025-08-11 21:01:24'),(360,10,'2025-08-11','18:02:47','saida','2025-08-11 21:02:47','2025-08-11 21:02:47'),(361,2,'2025-08-11','18:15:36','saida','2025-08-11 21:15:36','2025-08-11 21:15:36'),(362,7,'2025-08-11','18:16:03','saida','2025-08-11 21:16:03','2025-08-11 21:16:03'),(363,13,'2025-08-12','06:56:38','entrada','2025-08-12 09:56:38','2025-08-12 09:56:38'),(364,14,'2025-08-12','06:56:40','entrada','2025-08-12 09:56:40','2025-08-12 09:56:40'),(365,15,'2025-08-12','07:05:42','entrada','2025-08-12 10:05:42','2025-08-12 10:05:42'),(366,3,'2025-08-12','07:25:15','entrada','2025-08-12 10:25:15','2025-08-12 10:25:15'),(367,9,'2025-08-12','07:25:55','entrada','2025-08-12 10:25:55','2025-08-12 10:25:55'),(368,4,'2025-08-12','07:26:24','entrada','2025-08-12 10:26:24','2025-08-12 10:26:24'),(369,17,'2025-08-12','07:33:10','entrada','2025-08-12 10:33:10','2025-08-12 10:33:10'),(370,8,'2025-08-12','07:47:48','entrada','2025-08-12 10:47:48','2025-08-12 10:47:48'),(371,2,'2025-08-12','07:57:11','entrada','2025-08-12 10:57:11','2025-08-12 10:57:11'),(372,7,'2025-08-12','07:58:36','entrada','2025-08-12 10:58:36','2025-08-12 10:58:36'),(373,11,'2025-08-12','07:59:04','entrada','2025-08-12 10:59:04','2025-08-12 10:59:04'),(374,6,'2025-08-12','07:59:10','entrada','2025-08-12 10:59:10','2025-08-12 10:59:10'),(375,10,'2025-08-12','07:59:16','entrada','2025-08-12 10:59:16','2025-08-12 10:59:16'),(376,10,'2025-08-12','10:50:19','almoco','2025-08-12 13:50:19','2025-08-12 13:50:19'),(377,7,'2025-08-12','11:04:13','almoco','2025-08-12 14:04:13','2025-08-12 14:04:13'),(378,3,'2025-08-12','11:26:08','almoco','2025-08-12 14:26:08','2025-08-12 14:26:08'),(379,9,'2025-08-12','11:26:17','almoco','2025-08-12 14:26:17','2025-08-12 14:26:17'),(380,15,'2025-08-12','11:26:33','almoco','2025-08-12 14:26:33','2025-08-12 14:26:33'),(381,13,'2025-08-12','11:27:15','almoco','2025-08-12 14:27:15','2025-08-12 14:27:15'),(382,4,'2025-08-12','11:27:31','almoco','2025-08-12 14:27:31','2025-08-12 14:27:31'),(383,17,'2025-08-12','11:27:55','almoco','2025-08-12 14:27:55','2025-08-12 14:27:55'),(384,14,'2025-08-12','11:28:05','almoco','2025-08-12 14:28:05','2025-08-12 14:28:05'),(385,6,'2025-08-12','11:58:12','almoco','2025-08-12 14:58:12','2025-08-12 14:58:12'),(386,10,'2025-08-12','11:59:53','retorno','2025-08-12 14:59:53','2025-08-12 14:59:53'),(387,11,'2025-08-12','12:01:43','almoco','2025-08-12 15:01:43','2025-08-12 15:01:43'),(388,7,'2025-08-12','12:08:27','retorno','2025-08-12 15:08:27','2025-08-12 15:08:27'),(389,2,'2025-08-12','12:08:52','almoco','2025-08-12 15:08:52','2025-08-12 15:08:52'),(390,14,'2025-08-12','12:21:06','retorno','2025-08-12 15:21:06','2025-08-12 15:21:06'),(391,9,'2025-08-12','12:23:54','retorno','2025-08-12 15:23:54','2025-08-12 15:23:54'),(392,15,'2025-08-12','12:24:21','retorno','2025-08-12 15:24:21','2025-08-12 15:24:21'),(393,3,'2025-08-12','12:25:13','retorno','2025-08-12 15:25:13','2025-08-12 15:25:13'),(394,17,'2025-08-12','12:25:36','retorno','2025-08-12 15:25:36','2025-08-12 15:25:36'),(395,4,'2025-08-12','12:25:51','retorno','2025-08-12 15:25:51','2025-08-12 15:25:51'),(396,6,'2025-08-12','12:58:20','retorno','2025-08-12 15:58:20','2025-08-12 15:58:20'),(397,13,'2025-08-12','13:01:48','retorno','2025-08-12 16:01:48','2025-08-12 16:01:48'),(398,2,'2025-08-12','13:09:10','retorno','2025-08-12 16:09:10','2025-08-12 16:09:10'),(399,11,'2025-08-12','13:10:43','retorno','2025-08-12 16:10:43','2025-08-12 16:10:43'),(400,8,'2025-08-12','13:21:21','almoco','2025-08-12 16:21:21','2025-08-12 16:21:21'),(401,8,'2025-08-12','14:31:24','retorno','2025-08-12 17:31:24','2025-08-12 17:31:24'),(402,14,'2025-08-12','16:53:31','saida','2025-08-12 19:53:31','2025-08-12 19:53:31'),(403,7,'2025-08-12','17:02:02','saida','2025-08-12 20:02:02','2025-08-12 20:02:02'),(404,3,'2025-08-12','17:16:18','saida','2025-08-12 20:16:18','2025-08-12 20:16:18'),(405,9,'2025-08-12','17:16:39','saida','2025-08-12 20:16:39','2025-08-12 20:16:39'),(406,17,'2025-08-12','17:16:58','saida','2025-08-12 20:16:58','2025-08-12 20:16:58'),(407,15,'2025-08-12','17:19:01','saida','2025-08-12 20:19:02','2025-08-12 20:19:02'),(408,4,'2025-08-12','17:26:42','saida','2025-08-12 20:26:42','2025-08-12 20:26:42'),(409,6,'2025-08-12','17:31:15','saida','2025-08-12 20:31:15','2025-08-12 20:31:15'),(410,13,'2025-08-12','17:48:13','saida','2025-08-12 20:48:13','2025-08-12 20:48:13'),(411,2,'2025-08-12','18:00:23','saida','2025-08-12 21:00:23','2025-08-12 21:00:23'),(412,8,'2025-08-12','18:00:37','saida','2025-08-12 21:00:37','2025-08-12 21:00:37'),(413,11,'2025-08-12','18:01:19','saida','2025-08-12 21:01:19','2025-08-12 21:01:19'),(414,10,'2025-08-12','18:02:10','saida','2025-08-12 21:02:10','2025-08-12 21:02:10'),(415,14,'2025-08-13','06:56:37','entrada','2025-08-13 09:56:37','2025-08-13 09:56:37'),(416,13,'2025-08-13','06:56:59','entrada','2025-08-13 09:56:59','2025-08-13 09:56:59'),(417,15,'2025-08-13','07:09:11','entrada','2025-08-13 10:09:11','2025-08-13 10:09:11'),(418,9,'2025-08-13','07:25:55','entrada','2025-08-13 10:25:55','2025-08-13 10:25:55'),(419,3,'2025-08-13','07:26:11','entrada','2025-08-13 10:26:11','2025-08-13 10:26:11'),(420,4,'2025-08-13','07:28:28','entrada','2025-08-13 10:28:28','2025-08-13 10:28:28'),(421,8,'2025-08-13','07:51:10','entrada','2025-08-13 10:51:10','2025-08-13 10:51:10'),(422,10,'2025-08-13','07:58:04','entrada','2025-08-13 10:58:04','2025-08-13 10:58:04'),(423,2,'2025-08-13','08:00:16','entrada','2025-08-13 11:00:16','2025-08-13 11:00:16'),(424,11,'2025-08-13','08:00:59','entrada','2025-08-13 11:00:59','2025-08-13 11:00:59'),(425,7,'2025-08-13','08:03:33','entrada','2025-08-13 11:03:33','2025-08-13 11:03:33'),(426,6,'2025-08-13','08:06:51','entrada','2025-08-13 11:06:51','2025-08-13 11:06:51'),(427,10,'2025-08-13','10:50:38','almoco','2025-08-13 13:50:38','2025-08-13 13:50:38'),(428,7,'2025-08-13','11:01:21','almoco','2025-08-13 14:01:21','2025-08-13 14:01:21'),(429,3,'2025-08-13','11:26:19','almoco','2025-08-13 14:26:19','2025-08-13 14:26:19'),(430,9,'2025-08-13','11:26:30','almoco','2025-08-13 14:26:30','2025-08-13 14:26:30'),(431,15,'2025-08-13','11:27:01','almoco','2025-08-13 14:27:01','2025-08-13 14:27:01'),(432,4,'2025-08-13','11:27:18','almoco','2025-08-13 14:27:18','2025-08-13 14:27:18'),(433,14,'2025-08-13','11:27:43','almoco','2025-08-13 14:27:43','2025-08-13 14:27:43'),(434,13,'2025-08-13','11:28:27','almoco','2025-08-13 14:28:27','2025-08-13 14:28:27'),(435,18,'2025-08-13','11:57:13','entrada','2025-08-13 14:57:13','2025-08-13 14:57:13'),(436,11,'2025-08-13','12:00:02','almoco','2025-08-13 15:00:02','2025-08-13 15:00:02'),(437,10,'2025-08-13','12:00:57','retorno','2025-08-13 15:00:57','2025-08-13 15:00:57'),(438,5,'2025-08-13','12:02:57','entrada','2025-08-13 15:02:57','2025-08-13 15:02:57'),(439,7,'2025-08-13','12:04:20','retorno','2025-08-13 15:04:21','2025-08-13 15:04:21'),(440,6,'2025-08-13','12:10:35','almoco','2025-08-13 15:10:35','2025-08-13 15:10:35'),(441,2,'2025-08-13','12:11:48','almoco','2025-08-13 15:11:48','2025-08-13 15:11:48'),(442,14,'2025-08-13','12:19:07','retorno','2025-08-13 15:19:07','2025-08-13 15:19:07'),(443,9,'2025-08-13','12:25:26','retorno','2025-08-13 15:25:26','2025-08-13 15:25:26'),(444,3,'2025-08-13','12:25:42','retorno','2025-08-13 15:25:42','2025-08-13 15:25:42'),(445,15,'2025-08-13','12:26:03','retorno','2025-08-13 15:26:03','2025-08-13 15:26:03'),(446,4,'2025-08-13','12:26:37','retorno','2025-08-13 15:26:37','2025-08-13 15:26:37'),(447,13,'2025-08-13','13:04:09','retorno','2025-08-13 16:04:09','2025-08-13 16:04:09'),(448,6,'2025-08-13','13:05:22','retorno','2025-08-13 16:05:22','2025-08-13 16:05:22'),(449,2,'2025-08-13','13:11:39','retorno','2025-08-13 16:11:39','2025-08-13 16:11:39'),(450,11,'2025-08-13','13:11:52','retorno','2025-08-13 16:11:52','2025-08-13 16:11:52'),(451,8,'2025-08-13','13:13:45','almoco','2025-08-13 16:13:45','2025-08-13 16:13:45'),(452,8,'2025-08-13','14:25:35','retorno','2025-08-13 17:25:35','2025-08-13 17:25:35'),(453,18,'2025-08-13','14:42:29','almoco','2025-08-13 17:42:29','2025-08-13 17:42:29'),(454,18,'2025-08-13','15:15:02','retorno','2025-08-13 18:15:02','2025-08-13 18:15:02'),(455,14,'2025-08-13','16:45:33','saida','2025-08-13 19:45:33','2025-08-13 19:45:33'),(456,7,'2025-08-13','17:05:34','saida','2025-08-13 20:05:34','2025-08-13 20:05:34'),(457,3,'2025-08-13','17:16:04','saida','2025-08-13 20:16:04','2025-08-13 20:16:04'),(458,9,'2025-08-13','17:17:11','saida','2025-08-13 20:17:11','2025-08-13 20:17:11'),(459,15,'2025-08-13','17:25:24','saida','2025-08-13 20:25:24','2025-08-13 20:25:24'),(460,4,'2025-08-13','17:38:23','saida','2025-08-13 20:38:23','2025-08-13 20:38:23'),(461,6,'2025-08-13','17:39:03','saida','2025-08-13 20:39:03','2025-08-13 20:39:03'),(462,13,'2025-08-13','17:47:12','saida','2025-08-13 20:47:12','2025-08-13 20:47:12'),(463,11,'2025-08-13','18:00:02','saida','2025-08-13 21:00:02','2025-08-13 21:00:02'),(464,8,'2025-08-13','18:00:38','saida','2025-08-13 21:00:38','2025-08-13 21:00:38'),(465,10,'2025-08-13','18:01:37','saida','2025-08-13 21:01:37','2025-08-13 21:01:37'),(466,2,'2025-08-13','18:05:38','saida','2025-08-13 21:05:38','2025-08-13 21:05:38'),(467,18,'2025-08-13','18:13:11','saida','2025-08-13 21:13:11','2025-08-13 21:13:11'),(468,14,'2025-08-14','06:56:48','entrada','2025-08-14 09:56:48','2025-08-14 09:56:48'),(469,13,'2025-08-14','06:57:05','entrada','2025-08-14 09:57:05','2025-08-14 09:57:05'),(470,15,'2025-08-14','07:12:42','entrada','2025-08-14 10:12:42','2025-08-14 10:12:42'),(471,3,'2025-08-14','07:25:47','entrada','2025-08-14 10:25:47','2025-08-14 10:25:47'),(472,9,'2025-08-14','07:25:59','entrada','2025-08-14 10:25:59','2025-08-14 10:25:59'),(473,4,'2025-08-14','07:26:21','entrada','2025-08-14 10:26:21','2025-08-14 10:26:21'),(474,17,'2025-08-14','07:27:31','entrada','2025-08-14 10:27:31','2025-08-14 10:27:31'),(475,8,'2025-08-14','07:47:44','entrada','2025-08-14 10:47:44','2025-08-14 10:47:44'),(476,6,'2025-08-14','07:50:21','entrada','2025-08-14 10:50:21','2025-08-14 10:50:21'),(477,7,'2025-08-14','07:50:57','entrada','2025-08-14 10:50:57','2025-08-14 10:50:57'),(478,10,'2025-08-14','07:52:42','entrada','2025-08-14 10:52:42','2025-08-14 10:52:42'),(479,2,'2025-08-14','07:57:37','entrada','2025-08-14 10:57:37','2025-08-14 10:57:37'),(480,11,'2025-08-14','07:59:20','entrada','2025-08-14 10:59:20','2025-08-14 10:59:20'),(481,18,'2025-08-14','09:06:47','entrada','2025-08-14 12:06:47','2025-08-14 12:06:47'),(482,10,'2025-08-14','10:51:02','almoco','2025-08-14 13:51:02','2025-08-14 13:51:02'),(483,7,'2025-08-14','11:01:17','almoco','2025-08-14 14:01:17','2025-08-14 14:01:17'),(484,3,'2025-08-14','11:26:00','almoco','2025-08-14 14:26:00','2025-08-14 14:26:00'),(485,9,'2025-08-14','11:26:17','almoco','2025-08-14 14:26:17','2025-08-14 14:26:17'),(486,15,'2025-08-14','11:26:21','almoco','2025-08-14 14:26:21','2025-08-14 14:26:21'),(487,17,'2025-08-14','11:26:34','almoco','2025-08-14 14:26:34','2025-08-14 14:26:34'),(488,14,'2025-08-14','11:26:54','almoco','2025-08-14 14:26:54','2025-08-14 14:26:54'),(489,4,'2025-08-14','11:26:55','almoco','2025-08-14 14:26:55','2025-08-14 14:26:55'),(490,13,'2025-08-14','11:29:07','almoco','2025-08-14 14:29:07','2025-08-14 14:29:07'),(491,6,'2025-08-14','11:49:15','almoco','2025-08-14 14:49:15','2025-08-14 14:49:15'),(492,18,'2025-08-14','11:49:33','almoco','2025-08-14 14:49:33','2025-08-14 14:49:33'),(493,11,'2025-08-14','12:01:43','almoco','2025-08-14 15:01:43','2025-08-14 15:01:43'),(494,10,'2025-08-14','12:02:05','retorno','2025-08-14 15:02:05','2025-08-14 15:02:05'),(495,7,'2025-08-14','12:03:18','retorno','2025-08-14 15:03:18','2025-08-14 15:03:18'),(496,15,'2025-08-14','12:22:21','retorno','2025-08-14 15:22:21','2025-08-14 15:22:21'),(497,2,'2025-08-14','12:23:07','almoco','2025-08-14 15:23:07','2025-08-14 15:23:07'),(498,14,'2025-08-14','12:24:52','retorno','2025-08-14 15:24:52','2025-08-14 15:24:52'),(499,3,'2025-08-14','12:25:44','retorno','2025-08-14 15:25:44','2025-08-14 15:25:44'),(500,17,'2025-08-14','12:25:46','retorno','2025-08-14 15:25:46','2025-08-14 15:25:46'),(501,9,'2025-08-14','12:26:14','retorno','2025-08-14 15:26:14','2025-08-14 15:26:14'),(502,4,'2025-08-14','12:26:19','retorno','2025-08-14 15:26:19','2025-08-14 15:26:19'),(503,18,'2025-08-14','12:45:12','retorno','2025-08-14 15:45:12','2025-08-14 15:45:12'),(504,6,'2025-08-14','12:48:35','retorno','2025-08-14 15:48:35','2025-08-14 15:48:35'),(505,13,'2025-08-14','12:52:24','retorno','2025-08-14 15:52:24','2025-08-14 15:52:24'),(506,11,'2025-08-14','13:12:38','retorno','2025-08-14 16:12:38','2025-08-14 16:12:38'),(507,8,'2025-08-14','13:20:30','almoco','2025-08-14 16:20:30','2025-08-14 16:20:30'),(508,2,'2025-08-14','13:22:54','retorno','2025-08-14 16:22:54','2025-08-14 16:22:54'),(509,8,'2025-08-14','14:28:50','retorno','2025-08-14 17:28:50','2025-08-14 17:28:50'),(510,18,'2025-08-14','16:34:47','saida','2025-08-14 19:34:47','2025-08-14 19:34:47'),(511,14,'2025-08-14','16:46:48','saida','2025-08-14 19:46:48','2025-08-14 19:46:48'),(512,3,'2025-08-14','17:15:37','saida','2025-08-14 20:15:37','2025-08-14 20:15:37'),(513,17,'2025-08-14','17:16:06','saida','2025-08-14 20:16:06','2025-08-14 20:16:06'),(514,4,'2025-08-14','17:17:19','saida','2025-08-14 20:17:19','2025-08-14 20:17:19'),(515,9,'2025-08-14','17:19:07','saida','2025-08-14 20:19:07','2025-08-14 20:19:07'),(516,7,'2025-08-14','17:24:19','saida','2025-08-14 20:24:19','2025-08-14 20:24:19'),(517,15,'2025-08-14','17:27:26','saida','2025-08-14 20:27:26','2025-08-14 20:27:26'),(518,6,'2025-08-14','17:30:15','saida','2025-08-14 20:30:15','2025-08-14 20:30:15'),(519,13,'2025-08-14','17:52:31','saida','2025-08-14 20:52:31','2025-08-14 20:52:31'),(520,2,'2025-08-14','18:00:42','saida','2025-08-14 21:00:42','2025-08-14 21:00:42'),(521,11,'2025-08-14','18:02:26','saida','2025-08-14 21:02:26','2025-08-14 21:02:26'),(522,10,'2025-08-14','18:02:55','saida','2025-08-14 21:02:55','2025-08-14 21:02:55'),(523,8,'2025-08-14','18:04:13','saida','2025-08-14 21:04:13','2025-08-14 21:04:13'),(524,14,'2025-08-15','06:52:52','entrada','2025-08-15 09:52:52','2025-08-15 09:52:52'),(525,13,'2025-08-15','06:57:01','entrada','2025-08-15 09:57:01','2025-08-15 09:57:01'),(526,15,'2025-08-15','07:11:51','entrada','2025-08-15 10:11:51','2025-08-15 10:11:51'),(527,3,'2025-08-15','07:24:31','entrada','2025-08-15 10:24:31','2025-08-15 10:24:31'),(528,9,'2025-08-15','07:24:49','entrada','2025-08-15 10:24:49','2025-08-15 10:24:49'),(529,4,'2025-08-15','07:26:05','entrada','2025-08-15 10:26:05','2025-08-15 10:26:05'),(530,17,'2025-08-15','07:35:49','entrada','2025-08-15 10:35:49','2025-08-15 10:35:49'),(531,8,'2025-08-15','07:50:10','entrada','2025-08-15 10:50:10','2025-08-15 10:50:10'),(532,7,'2025-08-15','07:56:41','entrada','2025-08-15 10:56:41','2025-08-15 10:56:41'),(533,11,'2025-08-15','07:57:40','entrada','2025-08-15 10:57:40','2025-08-15 10:57:40'),(534,10,'2025-08-15','07:59:14','entrada','2025-08-15 10:59:14','2025-08-15 10:59:14'),(535,2,'2025-08-15','07:59:41','entrada','2025-08-15 10:59:41','2025-08-15 10:59:41'),(536,18,'2025-08-15','08:57:35','entrada','2025-08-15 11:57:35','2025-08-15 11:57:35'),(537,10,'2025-08-15','11:01:52','almoco','2025-08-15 14:01:52','2025-08-15 14:01:52'),(538,7,'2025-08-15','11:06:06','almoco','2025-08-15 14:06:06','2025-08-15 14:06:06'),(539,9,'2025-08-15','11:26:04','almoco','2025-08-15 14:26:04','2025-08-15 14:26:04'),(540,15,'2025-08-15','11:26:18','almoco','2025-08-15 14:26:18','2025-08-15 14:26:18'),(541,3,'2025-08-15','11:26:26','almoco','2025-08-15 14:26:26','2025-08-15 14:26:26'),(542,17,'2025-08-15','11:26:31','almoco','2025-08-15 14:26:31','2025-08-15 14:26:31'),(543,14,'2025-08-15','11:26:49','almoco','2025-08-15 14:26:49','2025-08-15 14:26:49'),(544,13,'2025-08-15','11:27:12','almoco','2025-08-15 14:27:12','2025-08-15 14:27:12'),(545,4,'2025-08-15','11:27:20','almoco','2025-08-15 14:27:20','2025-08-15 14:27:20'),(546,11,'2025-08-15','12:00:44','almoco','2025-08-15 15:00:44','2025-08-15 15:00:44'),(547,7,'2025-08-15','12:05:00','retorno','2025-08-15 15:05:00','2025-08-15 15:05:00'),(548,2,'2025-08-15','12:06:43','almoco','2025-08-15 15:06:43','2025-08-15 15:06:43'),(549,18,'2025-08-15','12:10:26','almoco','2025-08-15 15:10:26','2025-08-15 15:10:26'),(550,10,'2025-08-15','12:11:40','retorno','2025-08-15 15:11:40','2025-08-15 15:11:40'),(551,15,'2025-08-15','12:15:08','retorno','2025-08-15 15:15:08','2025-08-15 15:15:08'),(552,9,'2025-08-15','12:22:19','retorno','2025-08-15 15:22:19','2025-08-15 15:22:19'),(553,17,'2025-08-15','12:23:39','retorno','2025-08-15 15:23:39','2025-08-15 15:23:39'),(554,4,'2025-08-15','12:24:17','retorno','2025-08-15 15:24:17','2025-08-15 15:24:17'),(555,14,'2025-08-15','12:24:18','retorno','2025-08-15 15:24:18','2025-08-15 15:24:18'),(556,3,'2025-08-15','12:24:35','retorno','2025-08-15 15:24:35','2025-08-15 15:24:35'),(557,18,'2025-08-15','12:52:21','retorno','2025-08-15 15:52:21','2025-08-15 15:52:21'),(558,2,'2025-08-15','13:06:08','retorno','2025-08-15 16:06:08','2025-08-15 16:06:08'),(559,11,'2025-08-15','13:10:05','retorno','2025-08-15 16:10:05','2025-08-15 16:10:05'),(560,8,'2025-08-15','13:12:59','almoco','2025-08-15 16:12:59','2025-08-15 16:12:59'),(561,8,'2025-08-15','14:23:05','retorno','2025-08-15 17:23:05','2025-08-15 17:23:05'),(562,14,'2025-08-15','16:48:01','saida','2025-08-15 19:48:01','2025-08-15 19:48:01'),(563,3,'2025-08-15','17:16:18','saida','2025-08-15 20:16:18','2025-08-15 20:16:18'),(564,9,'2025-08-15','17:16:37','saida','2025-08-15 20:16:37','2025-08-15 20:16:37'),(565,17,'2025-08-15','17:16:57','saida','2025-08-15 20:16:57','2025-08-15 20:16:57'),(566,4,'2025-08-15','17:17:17','saida','2025-08-15 20:17:17','2025-08-15 20:17:17'),(567,15,'2025-08-15','17:19:50','saida','2025-08-15 20:19:50','2025-08-15 20:19:50'),(568,2,'2025-08-15','18:00:24','saida','2025-08-15 21:00:24','2025-08-15 21:00:24'),(569,11,'2025-08-15','18:00:25','saida','2025-08-15 21:00:25','2025-08-15 21:00:25'),(570,7,'2025-08-15','18:00:49','saida','2025-08-15 21:00:49','2025-08-15 21:00:49'),(571,10,'2025-08-15','18:01:15','saida','2025-08-15 21:01:15','2025-08-15 21:01:15'),(572,8,'2025-08-15','18:01:58','saida','2025-08-15 21:01:58','2025-08-15 21:01:58'),(573,18,'2025-08-15','18:14:05','saida','2025-08-15 21:14:05','2025-08-15 21:14:05'),(574,18,'2025-08-16','08:04:48','entrada','2025-08-16 11:04:48','2025-08-16 11:04:48'),(575,18,'2025-08-16','12:30:36','almoco','2025-08-16 15:30:36','2025-08-16 15:30:36'),(576,14,'2025-08-18','06:56:33','entrada','2025-08-18 09:56:34','2025-08-18 09:56:34'),(577,13,'2025-08-18','06:57:42','entrada','2025-08-18 09:57:42','2025-08-18 09:57:42'),(578,15,'2025-08-18','07:11:09','entrada','2025-08-18 10:11:09','2025-08-18 10:11:09'),(579,9,'2025-08-18','07:25:00','entrada','2025-08-18 10:25:00','2025-08-18 10:25:00'),(580,3,'2025-08-18','07:26:06','entrada','2025-08-18 10:26:06','2025-08-18 10:26:06'),(581,4,'2025-08-18','07:26:47','entrada','2025-08-18 10:26:47','2025-08-18 10:26:47'),(582,8,'2025-08-18','07:45:57','entrada','2025-08-18 10:45:57','2025-08-18 10:45:57'),(583,7,'2025-08-18','07:52:21','entrada','2025-08-18 10:52:21','2025-08-18 10:52:21'),(584,6,'2025-08-18','07:53:41','entrada','2025-08-18 10:53:41','2025-08-18 10:53:41'),(585,10,'2025-08-18','08:00:40','entrada','2025-08-18 11:00:40','2025-08-18 11:00:40'),(586,2,'2025-08-18','08:01:40','entrada','2025-08-18 11:01:40','2025-08-18 11:01:40'),(587,5,'2025-08-18','08:25:51','entrada','2025-08-18 11:25:51','2025-08-18 11:25:51'),(588,7,'2025-08-18','10:30:04','almoco','2025-08-18 13:30:04','2025-08-18 13:30:04'),(589,10,'2025-08-18','10:55:07','almoco','2025-08-18 13:55:07','2025-08-18 13:55:07'),(590,3,'2025-08-18','11:25:50','almoco','2025-08-18 14:25:50','2025-08-18 14:25:50'),(591,15,'2025-08-18','11:26:30','almoco','2025-08-18 14:26:30','2025-08-18 14:26:30'),(592,17,'2025-08-18','11:27:28','entrada','2025-08-18 14:27:28','2025-08-18 14:27:28'),(593,14,'2025-08-18','11:28:02','almoco','2025-08-18 14:28:02','2025-08-18 14:28:02'),(594,13,'2025-08-18','11:28:06','almoco','2025-08-18 14:28:06','2025-08-18 14:28:06'),(595,9,'2025-08-18','11:29:11','almoco','2025-08-18 14:29:11','2025-08-18 14:29:11'),(596,4,'2025-08-18','11:30:24','almoco','2025-08-18 14:30:25','2025-08-18 14:30:25'),(597,6,'2025-08-18','11:39:15','almoco','2025-08-18 14:39:15','2025-08-18 14:39:15'),(598,2,'2025-08-18','11:50:04','almoco','2025-08-18 14:50:04','2025-08-18 14:50:04'),(599,10,'2025-08-18','12:06:46','retorno','2025-08-18 15:06:46','2025-08-18 15:06:46'),(600,15,'2025-08-18','12:19:42','retorno','2025-08-18 15:19:42','2025-08-18 15:19:42'),(601,14,'2025-08-18','12:22:58','retorno','2025-08-18 15:22:58','2025-08-18 15:22:58'),(602,9,'2025-08-18','12:24:30','retorno','2025-08-18 15:24:30','2025-08-18 15:24:30'),(603,3,'2025-08-18','12:25:39','retorno','2025-08-18 15:25:39','2025-08-18 15:25:39'),(604,17,'2025-08-18','12:26:28','almoco','2025-08-18 15:26:28','2025-08-18 15:26:28'),(605,4,'2025-08-18','12:27:36','retorno','2025-08-18 15:27:36','2025-08-18 15:27:36'),(606,6,'2025-08-18','12:34:29','retorno','2025-08-18 15:34:29','2025-08-18 15:34:29'),(607,8,'2025-08-18','12:41:47','almoco','2025-08-18 15:41:47','2025-08-18 15:41:47'),(608,18,'2025-08-18','12:57:29','entrada','2025-08-18 15:57:29','2025-08-18 15:57:29'),(609,13,'2025-08-18','12:59:05','retorno','2025-08-18 15:59:05','2025-08-18 15:59:05'),(610,2,'2025-08-18','13:02:22','retorno','2025-08-18 16:02:22','2025-08-18 16:02:22'),(611,8,'2025-08-18','13:51:52','retorno','2025-08-18 16:51:52','2025-08-18 16:51:52'),(612,14,'2025-08-18','16:48:24','saida','2025-08-18 19:48:24','2025-08-18 19:48:24'),(613,7,'2025-08-18','17:01:22','retorno','2025-08-18 20:01:22','2025-08-18 20:01:22'),(614,3,'2025-08-18','17:15:42','saida','2025-08-18 20:15:42','2025-08-18 20:15:42'),(615,17,'2025-08-18','17:16:10','retorno','2025-08-18 20:16:10','2025-08-18 20:16:10'),(616,9,'2025-08-18','17:16:35','saida','2025-08-18 20:16:35','2025-08-18 20:16:35'),(617,15,'2025-08-18','17:24:49','saida','2025-08-18 20:24:49','2025-08-18 20:24:49'),(618,13,'2025-08-18','17:48:56','saida','2025-08-18 20:48:56','2025-08-18 20:48:56'),(619,6,'2025-08-18','17:59:16','saida','2025-08-18 20:59:16','2025-08-18 20:59:16'),(620,2,'2025-08-18','18:01:00','saida','2025-08-18 21:01:00','2025-08-18 21:01:00'),(621,10,'2025-08-18','18:03:01','saida','2025-08-18 21:03:01','2025-08-18 21:03:01'),(622,8,'2025-08-18','18:05:47','saida','2025-08-18 21:05:47','2025-08-18 21:05:47'),(623,4,'2025-08-18','18:10:27','saida','2025-08-18 21:10:27','2025-08-18 21:10:27'),(624,18,'2025-08-18','18:37:16','almoco','2025-08-18 21:37:16','2025-08-18 21:37:16'),(625,14,'2025-08-19','06:57:30','entrada','2025-08-19 09:57:30','2025-08-19 09:57:30'),(626,13,'2025-08-19','06:58:03','entrada','2025-08-19 09:58:03','2025-08-19 09:58:03'),(627,15,'2025-08-19','07:16:48','entrada','2025-08-19 10:16:48','2025-08-19 10:16:48'),(628,4,'2025-08-19','07:26:26','entrada','2025-08-19 10:26:26','2025-08-19 10:26:26'),(629,9,'2025-08-19','07:26:28','entrada','2025-08-19 10:26:28','2025-08-19 10:26:28'),(630,17,'2025-08-19','07:29:51','entrada','2025-08-19 10:29:51','2025-08-19 10:29:51'),(631,3,'2025-08-19','07:40:47','entrada','2025-08-19 10:40:47','2025-08-19 10:40:47'),(632,8,'2025-08-19','07:46:07','entrada','2025-08-19 10:46:07','2025-08-19 10:46:07'),(633,11,'2025-08-19','07:52:01','entrada','2025-08-19 10:52:01','2025-08-19 10:52:01'),(634,6,'2025-08-19','07:57:27','entrada','2025-08-19 10:57:27','2025-08-19 10:57:27'),(635,10,'2025-08-19','08:00:25','entrada','2025-08-19 11:00:25','2025-08-19 11:00:25'),(636,2,'2025-08-19','08:11:26','entrada','2025-08-19 11:11:26','2025-08-19 11:11:26'),(637,7,'2025-08-19','08:20:15','entrada','2025-08-19 11:20:15','2025-08-19 11:20:15'),(638,18,'2025-08-19','09:07:13','entrada','2025-08-19 12:07:13','2025-08-19 12:07:13'),(639,18,'2025-08-19','10:30:43','almoco','2025-08-19 13:30:43','2025-08-19 13:30:43'),(640,10,'2025-08-19','10:51:01','almoco','2025-08-19 13:51:01','2025-08-19 13:51:01'),(641,3,'2025-08-19','11:25:46','almoco','2025-08-19 14:25:46','2025-08-19 14:25:46'),(642,4,'2025-08-19','11:26:07','almoco','2025-08-19 14:26:07','2025-08-19 14:26:07'),(643,9,'2025-08-19','11:26:19','almoco','2025-08-19 14:26:19','2025-08-19 14:26:19'),(644,17,'2025-08-19','11:27:59','almoco','2025-08-19 14:27:59','2025-08-19 14:27:59'),(645,13,'2025-08-19','11:29:19','almoco','2025-08-19 14:29:19','2025-08-19 14:29:19'),(646,14,'2025-08-19','11:29:20','almoco','2025-08-19 14:29:20','2025-08-19 14:29:20'),(647,18,'2025-08-19','11:40:26','retorno','2025-08-19 14:40:26','2025-08-19 14:40:26'),(648,6,'2025-08-19','11:40:37','almoco','2025-08-19 14:40:37','2025-08-19 14:40:37'),(649,11,'2025-08-19','12:00:47','almoco','2025-08-19 15:00:47','2025-08-19 15:00:47'),(650,10,'2025-08-19','12:01:53','retorno','2025-08-19 15:01:53','2025-08-19 15:01:53'),(651,2,'2025-08-19','12:05:31','almoco','2025-08-19 15:05:31','2025-08-19 15:05:31'),(652,14,'2025-08-19','12:24:32','retorno','2025-08-19 15:24:32','2025-08-19 15:24:32'),(653,9,'2025-08-19','12:26:24','retorno','2025-08-19 15:26:24','2025-08-19 15:26:24'),(654,17,'2025-08-19','12:26:32','retorno','2025-08-19 15:26:32','2025-08-19 15:26:32'),(655,4,'2025-08-19','12:26:42','retorno','2025-08-19 15:26:42','2025-08-19 15:26:42'),(656,3,'2025-08-19','12:27:08','retorno','2025-08-19 15:27:08','2025-08-19 15:27:08'),(657,15,'2025-08-19','12:27:55','almoco','2025-08-19 15:27:55','2025-08-19 15:27:55'),(658,6,'2025-08-19','12:42:38','retorno','2025-08-19 15:42:38','2025-08-19 15:42:38'),(659,13,'2025-08-19','12:55:05','retorno','2025-08-19 15:55:05','2025-08-19 15:55:05'),(660,11,'2025-08-19','13:12:34','retorno','2025-08-19 16:12:34','2025-08-19 16:12:34'),(661,7,'2025-08-19','13:17:30','almoco','2025-08-19 16:17:30','2025-08-19 16:17:30'),(662,8,'2025-08-19','13:20:48','almoco','2025-08-19 16:20:48','2025-08-19 16:20:48'),(663,8,'2025-08-19','14:29:27','retorno','2025-08-19 17:29:27','2025-08-19 17:29:27'),(664,14,'2025-08-19','16:49:41','saida','2025-08-19 19:49:41','2025-08-19 19:49:41'),(665,3,'2025-08-19','17:15:54','saida','2025-08-19 20:15:54','2025-08-19 20:15:54'),(666,9,'2025-08-19','17:15:55','saida','2025-08-19 20:15:55','2025-08-19 20:15:55'),(667,17,'2025-08-19','17:16:28','saida','2025-08-19 20:16:28','2025-08-19 20:16:28'),(668,4,'2025-08-19','17:17:47','saida','2025-08-19 20:17:47','2025-08-19 20:17:47'),(669,15,'2025-08-19','17:27:31','retorno','2025-08-19 20:27:31','2025-08-19 20:27:31'),(670,13,'2025-08-19','17:58:28','saida','2025-08-19 20:58:28','2025-08-19 20:58:28'),(671,11,'2025-08-19','18:00:41','saida','2025-08-19 21:00:41','2025-08-19 21:00:41'),(672,2,'2025-08-19','18:01:15','retorno','2025-08-19 21:01:15','2025-08-19 21:01:15'),(673,10,'2025-08-19','18:01:37','saida','2025-08-19 21:01:38','2025-08-19 21:01:38'),(674,8,'2025-08-19','18:02:34','saida','2025-08-19 21:02:34','2025-08-19 21:02:34'),(675,6,'2025-08-19','18:13:47','saida','2025-08-19 21:13:47','2025-08-19 21:13:47'),(676,18,'2025-08-19','18:32:24','saida','2025-08-19 21:32:24','2025-08-19 21:32:24'),(677,13,'2025-08-20','06:54:40','entrada','2025-08-20 09:54:40','2025-08-20 09:54:40'),(678,14,'2025-08-20','06:57:14','entrada','2025-08-20 09:57:14','2025-08-20 09:57:14'),(679,15,'2025-08-20','07:15:31','entrada','2025-08-20 10:15:31','2025-08-20 10:15:31'),(680,3,'2025-08-20','07:25:13','entrada','2025-08-20 10:25:13','2025-08-20 10:25:13'),(681,9,'2025-08-20','07:26:21','entrada','2025-08-20 10:26:21','2025-08-20 10:26:21'),(682,4,'2025-08-20','07:27:10','entrada','2025-08-20 10:27:10','2025-08-20 10:27:10'),(683,17,'2025-08-20','07:28:46','entrada','2025-08-20 10:28:46','2025-08-20 10:28:46'),(684,8,'2025-08-20','07:46:43','entrada','2025-08-20 10:46:43','2025-08-20 10:46:43'),(685,2,'2025-08-20','07:56:36','entrada','2025-08-20 10:56:36','2025-08-20 10:56:36'),(686,7,'2025-08-20','07:58:23','entrada','2025-08-20 10:58:23','2025-08-20 10:58:23'),(687,11,'2025-08-20','07:58:29','entrada','2025-08-20 10:58:29','2025-08-20 10:58:29'),(688,10,'2025-08-20','08:05:46','entrada','2025-08-20 11:05:46','2025-08-20 11:05:46'),(689,10,'2025-08-20','10:51:48','almoco','2025-08-20 13:51:48','2025-08-20 13:51:48'),(690,7,'2025-08-20','11:06:02','almoco','2025-08-20 14:06:02','2025-08-20 14:06:02'),(691,3,'2025-08-20','11:26:01','almoco','2025-08-20 14:26:01','2025-08-20 14:26:01'),(692,9,'2025-08-20','11:26:24','almoco','2025-08-20 14:26:24','2025-08-20 14:26:24'),(693,4,'2025-08-20','11:27:06','almoco','2025-08-20 14:27:06','2025-08-20 14:27:06'),(694,15,'2025-08-20','11:27:08','almoco','2025-08-20 14:27:08','2025-08-20 14:27:08'),(695,14,'2025-08-20','11:27:20','almoco','2025-08-20 14:27:20','2025-08-20 14:27:20'),(696,17,'2025-08-20','11:27:39','almoco','2025-08-20 14:27:39','2025-08-20 14:27:39'),(697,13,'2025-08-20','11:27:39','almoco','2025-08-20 14:27:39','2025-08-20 14:27:39'),(698,11,'2025-08-20','12:00:15','almoco','2025-08-20 15:00:15','2025-08-20 15:00:15'),(699,10,'2025-08-20','12:01:35','retorno','2025-08-20 15:01:35','2025-08-20 15:01:35'),(700,7,'2025-08-20','12:02:13','retorno','2025-08-20 15:02:13','2025-08-20 15:02:13'),(701,2,'2025-08-20','12:05:04','almoco','2025-08-20 15:05:04','2025-08-20 15:05:04'),(702,15,'2025-08-20','12:22:50','retorno','2025-08-20 15:22:50','2025-08-20 15:22:50'),(703,14,'2025-08-20','12:25:42','retorno','2025-08-20 15:25:42','2025-08-20 15:25:42'),(704,17,'2025-08-20','12:26:03','retorno','2025-08-20 15:26:03','2025-08-20 15:26:03'),(705,4,'2025-08-20','12:26:27','retorno','2025-08-20 15:26:27','2025-08-20 15:26:27'),(706,3,'2025-08-20','12:26:30','retorno','2025-08-20 15:26:30','2025-08-20 15:26:30'),(707,13,'2025-08-20','12:59:16','retorno','2025-08-20 15:59:16','2025-08-20 15:59:16'),(708,2,'2025-08-20','13:05:30','retorno','2025-08-20 16:05:30','2025-08-20 16:05:30'),(709,11,'2025-08-20','13:12:48','retorno','2025-08-20 16:12:48','2025-08-20 16:12:48'),(710,8,'2025-08-20','13:22:06','almoco','2025-08-20 16:22:06','2025-08-20 16:22:06'),(711,8,'2025-08-20','14:30:46','retorno','2025-08-20 17:30:46','2025-08-20 17:30:46'),(712,14,'2025-08-20','16:53:24','saida','2025-08-20 19:53:24','2025-08-20 19:53:24'),(713,7,'2025-08-20','17:02:23','saida','2025-08-20 20:02:23','2025-08-20 20:02:23'),(714,3,'2025-08-20','17:15:56','saida','2025-08-20 20:15:56','2025-08-20 20:15:56'),(715,17,'2025-08-20','17:16:33','saida','2025-08-20 20:16:33','2025-08-20 20:16:33'),(716,4,'2025-08-20','17:19:33','saida','2025-08-20 20:19:33','2025-08-20 20:19:33'),(717,15,'2025-08-20','17:24:22','saida','2025-08-20 20:24:22','2025-08-20 20:24:22'),(718,13,'2025-08-20','17:50:07','saida','2025-08-20 20:50:07','2025-08-20 20:50:07'),(719,11,'2025-08-20','18:00:27','saida','2025-08-20 21:00:27','2025-08-20 21:00:27'),(720,10,'2025-08-20','18:01:15','saida','2025-08-20 21:01:15','2025-08-20 21:01:15'),(721,2,'2025-08-20','18:01:19','saida','2025-08-20 21:01:19','2025-08-20 21:01:19'),(722,8,'2025-08-20','18:02:14','saida','2025-08-20 21:02:14','2025-08-20 21:02:14'),(723,14,'2025-08-21','06:55:44','entrada','2025-08-21 09:55:44','2025-08-21 09:55:44'),(724,13,'2025-08-21','06:56:29','entrada','2025-08-21 09:56:29','2025-08-21 09:56:29'),(725,15,'2025-08-21','07:05:13','entrada','2025-08-21 10:05:13','2025-08-21 10:05:13'),(726,3,'2025-08-21','07:26:18','entrada','2025-08-21 10:26:18','2025-08-21 10:26:18'),(727,4,'2025-08-21','07:28:18','entrada','2025-08-21 10:28:18','2025-08-21 10:28:18'),(728,17,'2025-08-21','07:32:09','entrada','2025-08-21 10:32:09','2025-08-21 10:32:09'),(729,8,'2025-08-21','07:51:11','entrada','2025-08-21 10:51:11','2025-08-21 10:51:11'),(730,11,'2025-08-21','07:52:49','entrada','2025-08-21 10:52:49','2025-08-21 10:52:49'),(731,2,'2025-08-21','07:59:01','entrada','2025-08-21 10:59:01','2025-08-21 10:59:01'),(732,10,'2025-08-21','07:59:13','entrada','2025-08-21 10:59:13','2025-08-21 10:59:13'),(733,7,'2025-08-21','08:00:03','entrada','2025-08-21 11:00:03','2025-08-21 11:00:03'),(734,6,'2025-08-21','08:06:12','entrada','2025-08-21 11:06:12','2025-08-21 11:06:12'),(735,10,'2025-08-21','10:58:59','almoco','2025-08-21 13:58:59','2025-08-21 13:58:59'),(736,7,'2025-08-21','11:09:12','almoco','2025-08-21 14:09:12','2025-08-21 14:09:12'),(737,3,'2025-08-21','11:25:50','almoco','2025-08-21 14:25:50','2025-08-21 14:25:50'),(738,4,'2025-08-21','11:26:21','almoco','2025-08-21 14:26:21','2025-08-21 14:26:21'),(739,14,'2025-08-21','11:26:45','almoco','2025-08-21 14:26:45','2025-08-21 14:26:45'),(740,17,'2025-08-21','11:26:48','almoco','2025-08-21 14:26:48','2025-08-21 14:26:48'),(741,15,'2025-08-21','11:27:20','almoco','2025-08-21 14:27:20','2025-08-21 14:27:20'),(742,6,'2025-08-21','11:34:08','almoco','2025-08-21 14:34:08','2025-08-21 14:34:08'),(743,13,'2025-08-21','11:35:55','almoco','2025-08-21 14:35:55','2025-08-21 14:35:55'),(744,11,'2025-08-21','12:01:52','almoco','2025-08-21 15:01:52','2025-08-21 15:01:52'),(745,7,'2025-08-21','12:06:14','retorno','2025-08-21 15:06:14','2025-08-21 15:06:14'),(746,10,'2025-08-21','12:12:19','retorno','2025-08-21 15:12:19','2025-08-21 15:12:19'),(747,2,'2025-08-21','12:12:45','almoco','2025-08-21 15:12:45','2025-08-21 15:12:45'),(748,15,'2025-08-21','12:23:18','retorno','2025-08-21 15:23:18','2025-08-21 15:23:18'),(749,14,'2025-08-21','12:23:34','retorno','2025-08-21 15:23:34','2025-08-21 15:23:34'),(750,3,'2025-08-21','12:25:32','retorno','2025-08-21 15:25:32','2025-08-21 15:25:32'),(751,17,'2025-08-21','12:26:10','retorno','2025-08-21 15:26:10','2025-08-21 15:26:10'),(752,4,'2025-08-21','12:28:46','retorno','2025-08-21 15:28:46','2025-08-21 15:28:46'),(753,6,'2025-08-21','12:32:31','retorno','2025-08-21 15:32:31','2025-08-21 15:32:31'),(754,13,'2025-08-21','12:57:52','retorno','2025-08-21 15:57:52','2025-08-21 15:57:52'),(755,2,'2025-08-21','13:08:24','retorno','2025-08-21 16:08:24','2025-08-21 16:08:24'),(756,11,'2025-08-21','13:13:28','retorno','2025-08-21 16:13:28','2025-08-21 16:13:28'),(757,8,'2025-08-21','13:21:11','almoco','2025-08-21 16:21:11','2025-08-21 16:21:11'),(758,8,'2025-08-21','14:26:11','retorno','2025-08-21 17:26:11','2025-08-21 17:26:11'),(759,14,'2025-08-21','16:46:11','saida','2025-08-21 19:46:11','2025-08-21 19:46:11'),(760,7,'2025-08-21','17:02:14','saida','2025-08-21 20:02:14','2025-08-21 20:02:14'),(761,3,'2025-08-21','17:16:11','saida','2025-08-21 20:16:11','2025-08-21 20:16:11'),(762,17,'2025-08-21','17:17:13','saida','2025-08-21 20:17:13','2025-08-21 20:17:13'),(763,15,'2025-08-21','17:19:40','saida','2025-08-21 20:19:40','2025-08-21 20:19:40'),(764,4,'2025-08-21','17:45:05','saida','2025-08-21 20:45:05','2025-08-21 20:45:05'),(765,13,'2025-08-21','17:46:39','saida','2025-08-21 20:46:39','2025-08-21 20:46:39'),(766,6,'2025-08-21','17:51:32','saida','2025-08-21 20:51:32','2025-08-21 20:51:32'),(767,8,'2025-08-21','18:00:21','saida','2025-08-21 21:00:21','2025-08-21 21:00:21'),(768,10,'2025-08-21','18:00:46','saida','2025-08-21 21:00:46','2025-08-21 21:00:46'),(769,11,'2025-08-21','18:01:31','saida','2025-08-21 21:01:31','2025-08-21 21:01:31'),(770,2,'2025-08-21','18:02:56','saida','2025-08-21 21:02:56','2025-08-21 21:02:56'),(771,14,'2025-08-22','06:56:00','entrada','2025-08-22 09:56:00','2025-08-22 09:56:00'),(772,13,'2025-08-22','06:56:31','entrada','2025-08-22 09:56:31','2025-08-22 09:56:31'),(773,15,'2025-08-22','07:09:32','entrada','2025-08-22 10:09:32','2025-08-22 10:09:32'),(774,3,'2025-08-22','07:22:35','entrada','2025-08-22 10:22:35','2025-08-22 10:22:35'),(775,17,'2025-08-22','07:29:52','entrada','2025-08-22 10:29:52','2025-08-22 10:29:52'),(776,8,'2025-08-22','07:50:49','entrada','2025-08-22 10:50:49','2025-08-22 10:50:49'),(777,10,'2025-08-22','07:54:53','entrada','2025-08-22 10:54:53','2025-08-22 10:54:53'),(778,7,'2025-08-22','07:55:26','entrada','2025-08-22 10:55:26','2025-08-22 10:55:26'),(779,2,'2025-08-22','07:57:09','entrada','2025-08-22 10:57:09','2025-08-22 10:57:09'),(780,11,'2025-08-22','07:58:39','entrada','2025-08-22 10:58:39','2025-08-22 10:58:39'),(781,6,'2025-08-22','08:00:38','entrada','2025-08-22 11:00:38','2025-08-22 11:00:38'),(782,18,'2025-08-22','09:23:38','entrada','2025-08-22 12:23:38','2025-08-22 12:23:38'),(783,10,'2025-08-22','10:51:07','almoco','2025-08-22 13:51:07','2025-08-22 13:51:07'),(784,7,'2025-08-22','11:15:14','almoco','2025-08-22 14:15:14','2025-08-22 14:15:14'),(785,3,'2025-08-22','11:25:59','almoco','2025-08-22 14:25:59','2025-08-22 14:25:59'),(786,17,'2025-08-22','11:26:29','almoco','2025-08-22 14:26:29','2025-08-22 14:26:29'),(787,15,'2025-08-22','11:27:02','almoco','2025-08-22 14:27:03','2025-08-22 14:27:03'),(788,14,'2025-08-22','11:28:25','almoco','2025-08-22 14:28:25','2025-08-22 14:28:25'),(789,13,'2025-08-22','11:30:19','almoco','2025-08-22 14:30:19','2025-08-22 14:30:19'),(790,18,'2025-08-22','11:33:47','almoco','2025-08-22 14:33:47','2025-08-22 14:33:47'),(791,11,'2025-08-22','12:00:12','almoco','2025-08-22 15:00:12','2025-08-22 15:00:12'),(792,10,'2025-08-22','12:01:02','retorno','2025-08-22 15:01:02','2025-08-22 15:01:02'),(793,6,'2025-08-22','12:06:25','almoco','2025-08-22 15:06:25','2025-08-22 15:06:25'),(794,15,'2025-08-22','12:16:47','retorno','2025-08-22 15:16:47','2025-08-22 15:16:47'),(795,7,'2025-08-22','12:17:34','retorno','2025-08-22 15:17:34','2025-08-22 15:17:34'),(796,14,'2025-08-22','12:20:02','retorno','2025-08-22 15:20:02','2025-08-22 15:20:02'),(797,17,'2025-08-22','12:26:01','retorno','2025-08-22 15:26:01','2025-08-22 15:26:01'),(798,18,'2025-08-22','12:33:34','retorno','2025-08-22 15:33:34','2025-08-22 15:33:34'),(799,13,'2025-08-22','12:52:35','retorno','2025-08-22 15:52:35','2025-08-22 15:52:35'),(800,6,'2025-08-22','13:00:19','retorno','2025-08-22 16:00:19','2025-08-22 16:00:19'),(801,11,'2025-08-22','13:11:33','retorno','2025-08-22 16:11:33','2025-08-22 16:11:33'),(802,2,'2025-08-22','13:16:49','almoco','2025-08-22 16:16:49','2025-08-22 16:16:49'),(803,8,'2025-08-22','13:31:10','almoco','2025-08-22 16:31:10','2025-08-22 16:31:10'),(804,2,'2025-08-22','14:21:47','retorno','2025-08-22 17:21:47','2025-08-22 17:21:47'),(805,8,'2025-08-22','14:37:59','retorno','2025-08-22 17:37:59','2025-08-22 17:37:59'),(806,14,'2025-08-22','16:46:37','saida','2025-08-22 19:46:37','2025-08-22 19:46:37'),(807,17,'2025-08-22','17:16:12','saida','2025-08-22 20:16:12','2025-08-22 20:16:12'),(808,15,'2025-08-22','17:23:14','saida','2025-08-22 20:23:14','2025-08-22 20:23:14'),(809,5,'2025-08-22','17:38:44','entrada','2025-08-22 20:38:44','2025-08-22 20:38:44'),(810,6,'2025-08-22','17:39:36','saida','2025-08-22 20:39:36','2025-08-22 20:39:36'),(811,7,'2025-08-22','18:01:23','saida','2025-08-22 21:01:23','2025-08-22 21:01:23'),(812,11,'2025-08-22','18:01:32','saida','2025-08-22 21:01:32','2025-08-22 21:01:32'),(813,2,'2025-08-22','18:01:41','saida','2025-08-22 21:01:41','2025-08-22 21:01:41'),(814,10,'2025-08-22','18:04:15','saida','2025-08-22 21:04:15','2025-08-22 21:04:15'),(815,8,'2025-08-22','18:05:19','saida','2025-08-22 21:05:19','2025-08-22 21:05:19'),(816,18,'2025-08-22','18:28:20','saida','2025-08-22 21:28:20','2025-08-22 21:28:20'),(817,13,'2025-08-22','18:38:33','saida','2025-08-22 21:38:33','2025-08-22 21:38:33'),(818,7,'2025-08-23','08:42:08','entrada','2025-08-23 11:42:08','2025-08-23 11:42:08'),(819,7,'2025-08-23','12:45:39','almoco','2025-08-23 15:45:39','2025-08-23 15:45:39'),(820,14,'2025-08-25','06:53:38','entrada','2025-08-25 09:53:38','2025-08-25 09:53:38'),(821,13,'2025-08-25','06:56:52','entrada','2025-08-25 09:56:52','2025-08-25 09:56:52'),(822,15,'2025-08-25','07:11:30','entrada','2025-08-25 10:11:30','2025-08-25 10:11:30'),(823,9,'2025-08-25','07:25:41','entrada','2025-08-25 10:25:41','2025-08-25 10:25:41'),(824,4,'2025-08-25','07:26:22','entrada','2025-08-25 10:26:22','2025-08-25 10:26:22'),(825,3,'2025-08-25','07:28:51','entrada','2025-08-25 10:28:51','2025-08-25 10:28:51'),(826,17,'2025-08-25','07:30:40','entrada','2025-08-25 10:30:40','2025-08-25 10:30:40'),(827,8,'2025-08-25','07:49:20','entrada','2025-08-25 10:49:20','2025-08-25 10:49:20'),(828,7,'2025-08-25','07:56:58','entrada','2025-08-25 10:56:58','2025-08-25 10:56:58'),(829,2,'2025-08-25','07:58:34','entrada','2025-08-25 10:58:34','2025-08-25 10:58:34'),(830,10,'2025-08-25','08:00:05','entrada','2025-08-25 11:00:05','2025-08-25 11:00:05'),(831,6,'2025-08-25','08:07:58','entrada','2025-08-25 11:07:58','2025-08-25 11:07:58'),(832,18,'2025-08-25','09:21:45','entrada','2025-08-25 12:21:45','2025-08-25 12:21:45'),(833,10,'2025-08-25','10:51:58','almoco','2025-08-25 13:51:58','2025-08-25 13:51:58'),(834,7,'2025-08-25','11:04:59','almoco','2025-08-25 14:04:59','2025-08-25 14:04:59'),(835,3,'2025-08-25','11:25:47','almoco','2025-08-25 14:25:47','2025-08-25 14:25:47'),(836,15,'2025-08-25','11:26:13','almoco','2025-08-25 14:26:13','2025-08-25 14:26:13'),(837,9,'2025-08-25','11:26:22','almoco','2025-08-25 14:26:22','2025-08-25 14:26:22'),(838,17,'2025-08-25','11:26:40','almoco','2025-08-25 14:26:40','2025-08-25 14:26:40'),(839,14,'2025-08-25','11:26:50','almoco','2025-08-25 14:26:50','2025-08-25 14:26:50'),(840,4,'2025-08-25','11:26:54','almoco','2025-08-25 14:26:54','2025-08-25 14:26:54'),(841,13,'2025-08-25','11:28:15','almoco','2025-08-25 14:28:15','2025-08-25 14:28:15'),(842,18,'2025-08-25','11:39:42','almoco','2025-08-25 14:39:42','2025-08-25 14:39:42'),(843,6,'2025-08-25','11:53:21','almoco','2025-08-25 14:53:21','2025-08-25 14:53:21'),(844,11,'2025-08-25','12:00:25','entrada','2025-08-25 15:00:25','2025-08-25 15:00:25'),(845,10,'2025-08-25','12:04:12','retorno','2025-08-25 15:04:12','2025-08-25 15:04:12'),(846,7,'2025-08-25','12:04:13','retorno','2025-08-25 15:04:13','2025-08-25 15:04:13'),(847,2,'2025-08-25','12:07:16','almoco','2025-08-25 15:07:16','2025-08-25 15:07:16'),(848,15,'2025-08-25','12:15:14','retorno','2025-08-25 15:15:14','2025-08-25 15:15:14'),(849,14,'2025-08-25','12:24:29','retorno','2025-08-25 15:24:29','2025-08-25 15:24:29'),(850,17,'2025-08-25','12:25:41','retorno','2025-08-25 15:25:41','2025-08-25 15:25:41'),(851,9,'2025-08-25','12:26:16','retorno','2025-08-25 15:26:16','2025-08-25 15:26:16'),(852,4,'2025-08-25','12:26:52','retorno','2025-08-25 15:26:52','2025-08-25 15:26:52'),(853,18,'2025-08-25','12:28:58','retorno','2025-08-25 15:28:58','2025-08-25 15:28:58'),(854,6,'2025-08-25','12:50:35','retorno','2025-08-25 15:50:35','2025-08-25 15:50:35'),(855,13,'2025-08-25','13:01:31','retorno','2025-08-25 16:01:31','2025-08-25 16:01:31'),(856,2,'2025-08-25','13:08:33','retorno','2025-08-25 16:08:33','2025-08-25 16:08:33'),(857,11,'2025-08-25','13:10:30','almoco','2025-08-25 16:10:30','2025-08-25 16:10:30'),(858,8,'2025-08-25','13:15:20','almoco','2025-08-25 16:15:20','2025-08-25 16:15:20'),(859,8,'2025-08-25','14:21:18','retorno','2025-08-25 17:21:18','2025-08-25 17:21:18'),(860,14,'2025-08-25','16:48:55','saida','2025-08-25 19:48:55','2025-08-25 19:48:55'),(861,7,'2025-08-25','17:04:46','saida','2025-08-25 20:04:46','2025-08-25 20:04:46'),(862,9,'2025-08-25','17:16:36','saida','2025-08-25 20:16:36','2025-08-25 20:16:36'),(863,17,'2025-08-25','17:19:04','saida','2025-08-25 20:19:04','2025-08-25 20:19:04'),(864,4,'2025-08-25','17:20:15','saida','2025-08-25 20:20:15','2025-08-25 20:20:15'),(865,15,'2025-08-25','17:24:37','saida','2025-08-25 20:24:37','2025-08-25 20:24:37'),(866,6,'2025-08-25','17:40:15','saida','2025-08-25 20:40:15','2025-08-25 20:40:15'),(867,13,'2025-08-25','17:50:34','saida','2025-08-25 20:50:34','2025-08-25 20:50:34'),(868,2,'2025-08-25','18:00:26','saida','2025-08-25 21:00:26','2025-08-25 21:00:26'),(869,11,'2025-08-25','18:00:37','retorno','2025-08-25 21:00:37','2025-08-25 21:00:37'),(870,8,'2025-08-25','18:01:12','saida','2025-08-25 21:01:12','2025-08-25 21:01:12'),(871,10,'2025-08-25','18:01:34','saida','2025-08-25 21:01:34','2025-08-25 21:01:34'),(872,18,'2025-08-25','18:22:51','saida','2025-08-25 21:22:51','2025-08-25 21:22:51'),(873,14,'2025-08-26','06:56:15','entrada','2025-08-26 09:56:15','2025-08-26 09:56:15'),(874,13,'2025-08-26','06:57:10','entrada','2025-08-26 09:57:10','2025-08-26 09:57:10'),(875,15,'2025-08-26','07:10:20','entrada','2025-08-26 10:10:20','2025-08-26 10:10:20'),(876,3,'2025-08-26','07:22:56','entrada','2025-08-26 10:22:56','2025-08-26 10:22:56'),(877,9,'2025-08-26','07:24:24','entrada','2025-08-26 10:24:24','2025-08-26 10:24:24'),(878,4,'2025-08-26','07:25:55','entrada','2025-08-26 10:25:55','2025-08-26 10:25:55'),(879,8,'2025-08-26','07:50:03','entrada','2025-08-26 10:50:03','2025-08-26 10:50:03'),(880,10,'2025-08-26','07:57:34','entrada','2025-08-26 10:57:34','2025-08-26 10:57:34'),(881,7,'2025-08-26','07:57:43','entrada','2025-08-26 10:57:43','2025-08-26 10:57:43'),(882,2,'2025-08-26','07:59:43','entrada','2025-08-26 10:59:43','2025-08-26 10:59:43'),(883,11,'2025-08-26','08:00:10','entrada','2025-08-26 11:00:10','2025-08-26 11:00:10'),(884,6,'2025-08-26','08:20:57','entrada','2025-08-26 11:20:57','2025-08-26 11:20:57'),(885,17,'2025-08-26','09:24:14','entrada','2025-08-26 12:24:14','2025-08-26 12:24:14'),(886,10,'2025-08-26','10:52:01','almoco','2025-08-26 13:52:01','2025-08-26 13:52:01'),(887,7,'2025-08-26','11:03:26','almoco','2025-08-26 14:03:26','2025-08-26 14:03:26'),(888,3,'2025-08-26','11:25:50','almoco','2025-08-26 14:25:50','2025-08-26 14:25:50'),(889,15,'2025-08-26','11:25:56','almoco','2025-08-26 14:25:56','2025-08-26 14:25:56'),(890,4,'2025-08-26','11:26:27','almoco','2025-08-26 14:26:27','2025-08-26 14:26:27'),(891,9,'2025-08-26','11:26:37','almoco','2025-08-26 14:26:37','2025-08-26 14:26:37'),(892,17,'2025-08-26','11:26:44','almoco','2025-08-26 14:26:44','2025-08-26 14:26:44'),(893,13,'2025-08-26','11:27:36','almoco','2025-08-26 14:27:36','2025-08-26 14:27:36'),(894,14,'2025-08-26','11:27:41','almoco','2025-08-26 14:27:41','2025-08-26 14:27:41'),(895,11,'2025-08-26','11:59:49','almoco','2025-08-26 14:59:49','2025-08-26 14:59:49'),(896,10,'2025-08-26','12:02:59','retorno','2025-08-26 15:02:59','2025-08-26 15:02:59'),(897,7,'2025-08-26','12:06:43','retorno','2025-08-26 15:06:43','2025-08-26 15:06:43'),(898,2,'2025-08-26','12:08:44','almoco','2025-08-26 15:08:44','2025-08-26 15:08:44'),(899,6,'2025-08-26','12:10:33','almoco','2025-08-26 15:10:33','2025-08-26 15:10:33'),(900,15,'2025-08-26','12:18:05','retorno','2025-08-26 15:18:05','2025-08-26 15:18:05'),(901,14,'2025-08-26','12:24:00','retorno','2025-08-26 15:24:00','2025-08-26 15:24:00'),(902,3,'2025-08-26','12:24:16','retorno','2025-08-26 15:24:16','2025-08-26 15:24:16'),(903,4,'2025-08-26','12:25:40','retorno','2025-08-26 15:25:40','2025-08-26 15:25:40'),(904,9,'2025-08-26','12:26:04','retorno','2025-08-26 15:26:04','2025-08-26 15:26:04'),(905,17,'2025-08-26','12:26:09','retorno','2025-08-26 15:26:09','2025-08-26 15:26:09'),(906,13,'2025-08-26','12:57:55','retorno','2025-08-26 15:57:55','2025-08-26 15:57:55'),(907,6,'2025-08-26','13:07:41','retorno','2025-08-26 16:07:41','2025-08-26 16:07:41'),(908,2,'2025-08-26','13:12:50','retorno','2025-08-26 16:12:50','2025-08-26 16:12:50'),(909,11,'2025-08-26','13:13:52','retorno','2025-08-26 16:13:52','2025-08-26 16:13:52'),(910,8,'2025-08-26','13:22:58','almoco','2025-08-26 16:22:58','2025-08-26 16:22:58'),(911,8,'2025-08-26','14:29:25','retorno','2025-08-26 17:29:25','2025-08-26 17:29:25'),(912,14,'2025-08-26','16:47:28','saida','2025-08-26 19:47:28','2025-08-26 19:47:28'),(913,7,'2025-08-26','17:00:09','saida','2025-08-26 20:00:09','2025-08-26 20:00:09'),(914,3,'2025-08-26','17:15:43','saida','2025-08-26 20:15:43','2025-08-26 20:15:43'),(915,9,'2025-08-26','17:16:28','saida','2025-08-26 20:16:28','2025-08-26 20:16:28'),(916,17,'2025-08-26','17:16:50','saida','2025-08-26 20:16:50','2025-08-26 20:16:50'),(917,4,'2025-08-26','17:20:03','saida','2025-08-26 20:20:03','2025-08-26 20:20:03'),(918,15,'2025-08-26','17:21:57','saida','2025-08-26 20:21:57','2025-08-26 20:21:57'),(919,6,'2025-08-26','17:35:31','saida','2025-08-26 20:35:31','2025-08-26 20:35:31'),(920,13,'2025-08-26','17:53:14','saida','2025-08-26 20:53:14','2025-08-26 20:53:14'),(921,2,'2025-08-26','18:01:14','saida','2025-08-26 21:01:14','2025-08-26 21:01:14'),(922,10,'2025-08-26','18:03:47','saida','2025-08-26 21:03:47','2025-08-26 21:03:47'),(923,8,'2025-08-26','18:10:42','saida','2025-08-26 21:10:42','2025-08-26 21:10:42'),(924,11,'2025-08-26','18:11:25','saida','2025-08-26 21:11:25','2025-08-26 21:11:25'),(925,14,'2025-08-27','06:55:25','entrada','2025-08-27 09:55:25','2025-08-27 09:55:25'),(926,13,'2025-08-27','06:56:28','entrada','2025-08-27 09:56:28','2025-08-27 09:56:28'),(927,15,'2025-08-27','07:14:55','entrada','2025-08-27 10:14:55','2025-08-27 10:14:55'),(928,9,'2025-08-27','07:24:46','entrada','2025-08-27 10:24:46','2025-08-27 10:24:46'),(929,3,'2025-08-27','07:24:51','entrada','2025-08-27 10:24:51','2025-08-27 10:24:51'),(930,17,'2025-08-27','07:29:38','entrada','2025-08-27 10:29:38','2025-08-27 10:29:38'),(931,8,'2025-08-27','07:51:09','entrada','2025-08-27 10:51:09','2025-08-27 10:51:09'),(932,10,'2025-08-27','07:53:22','entrada','2025-08-27 10:53:22','2025-08-27 10:53:22'),(933,11,'2025-08-27','07:57:20','entrada','2025-08-27 10:57:20','2025-08-27 10:57:20'),(934,7,'2025-08-27','07:58:37','entrada','2025-08-27 10:58:37','2025-08-27 10:58:37'),(935,6,'2025-08-27','08:02:32','entrada','2025-08-27 11:02:32','2025-08-27 11:02:32'),(936,2,'2025-08-27','08:04:48','entrada','2025-08-27 11:04:48','2025-08-27 11:04:48'),(937,18,'2025-08-27','09:16:51','entrada','2025-08-27 12:16:51','2025-08-27 12:16:51'),(938,10,'2025-08-27','11:01:26','almoco','2025-08-27 14:01:26','2025-08-27 14:01:26'),(939,7,'2025-08-27','11:06:03','almoco','2025-08-27 14:06:03','2025-08-27 14:06:03'),(940,3,'2025-08-27','11:25:49','almoco','2025-08-27 14:25:49','2025-08-27 14:25:49'),(941,14,'2025-08-27','11:26:26','almoco','2025-08-27 14:26:26','2025-08-27 14:26:26'),(942,15,'2025-08-27','11:26:31','almoco','2025-08-27 14:26:31','2025-08-27 14:26:31'),(943,9,'2025-08-27','11:26:33','almoco','2025-08-27 14:26:33','2025-08-27 14:26:33'),(944,13,'2025-08-27','11:27:14','almoco','2025-08-27 14:27:14','2025-08-27 14:27:14'),(945,17,'2025-08-27','11:27:14','almoco','2025-08-27 14:27:14','2025-08-27 14:27:14'),(946,6,'2025-08-27','11:59:36','almoco','2025-08-27 14:59:36','2025-08-27 14:59:36'),(947,11,'2025-08-27','12:00:29','almoco','2025-08-27 15:00:29','2025-08-27 15:00:29'),(948,7,'2025-08-27','12:02:30','retorno','2025-08-27 15:02:30','2025-08-27 15:02:30'),(949,2,'2025-08-27','12:03:30','almoco','2025-08-27 15:03:30','2025-08-27 15:03:30'),(950,10,'2025-08-27','12:11:23','retorno','2025-08-27 15:11:23','2025-08-27 15:11:23'),(951,15,'2025-08-27','12:21:16','retorno','2025-08-27 15:21:16','2025-08-27 15:21:16'),(952,14,'2025-08-27','12:23:04','retorno','2025-08-27 15:23:04','2025-08-27 15:23:04'),(953,17,'2025-08-27','12:25:16','retorno','2025-08-27 15:25:16','2025-08-27 15:25:16'),(954,3,'2025-08-27','12:25:32','retorno','2025-08-27 15:25:32','2025-08-27 15:25:32'),(955,9,'2025-08-27','12:26:06','retorno','2025-08-27 15:26:06','2025-08-27 15:26:06'),(956,18,'2025-08-27','12:42:08','almoco','2025-08-27 15:42:08','2025-08-27 15:42:08'),(957,6,'2025-08-27','12:57:07','retorno','2025-08-27 15:57:07','2025-08-27 15:57:07'),(958,13,'2025-08-27','12:57:47','retorno','2025-08-27 15:57:47','2025-08-27 15:57:47'),(959,2,'2025-08-27','13:06:15','retorno','2025-08-27 16:06:15','2025-08-27 16:06:15'),(960,11,'2025-08-27','13:12:39','retorno','2025-08-27 16:12:39','2025-08-27 16:12:39'),(961,8,'2025-08-27','13:19:42','almoco','2025-08-27 16:19:42','2025-08-27 16:19:42'),(962,8,'2025-08-27','14:30:04','retorno','2025-08-27 17:30:04','2025-08-27 17:30:04'),(963,11,'2025-08-27','16:11:01','saida','2025-08-27 19:11:01','2025-08-27 19:11:01'),(964,14,'2025-08-27','16:48:39','saida','2025-08-27 19:48:39','2025-08-27 19:48:39'),(965,7,'2025-08-27','17:00:43','saida','2025-08-27 20:00:43','2025-08-27 20:00:43'),(966,3,'2025-08-27','17:15:44','saida','2025-08-27 20:15:44','2025-08-27 20:15:44'),(967,17,'2025-08-27','17:16:41','saida','2025-08-27 20:16:41','2025-08-27 20:16:41'),(968,9,'2025-08-27','17:17:59','saida','2025-08-27 20:17:59','2025-08-27 20:17:59'),(969,15,'2025-08-27','17:19:32','saida','2025-08-27 20:19:32','2025-08-27 20:19:32'),(970,6,'2025-08-27','17:40:59','saida','2025-08-27 20:40:59','2025-08-27 20:40:59'),(971,13,'2025-08-27','17:47:18','saida','2025-08-27 20:47:18','2025-08-27 20:47:18'),(972,10,'2025-08-27','18:00:31','saida','2025-08-27 21:00:31','2025-08-27 21:00:31'),(973,2,'2025-08-27','18:00:52','saida','2025-08-27 21:00:52','2025-08-27 21:00:52'),(974,8,'2025-08-27','18:04:27','saida','2025-08-27 21:04:27','2025-08-27 21:04:27'),(975,18,'2025-08-27','18:17:52','retorno','2025-08-27 21:17:52','2025-08-27 21:17:52'),(976,14,'2025-08-28','06:54:33','entrada','2025-08-28 09:54:33','2025-08-28 09:54:33'),(977,13,'2025-08-28','06:55:35','entrada','2025-08-28 09:55:35','2025-08-28 09:55:35'),(978,15,'2025-08-28','07:05:08','entrada','2025-08-28 10:05:08','2025-08-28 10:05:08'),(979,3,'2025-08-28','07:22:47','entrada','2025-08-28 10:22:47','2025-08-28 10:22:47'),(980,9,'2025-08-28','07:28:10','entrada','2025-08-28 10:28:10','2025-08-28 10:28:10'),(981,4,'2025-08-28','07:29:44','entrada','2025-08-28 10:29:44','2025-08-28 10:29:44'),(982,8,'2025-08-28','07:50:08','entrada','2025-08-28 10:50:08','2025-08-28 10:50:08'),(983,6,'2025-08-28','07:52:04','entrada','2025-08-28 10:52:04','2025-08-28 10:52:04'),(984,2,'2025-08-28','07:54:29','entrada','2025-08-28 10:54:29','2025-08-28 10:54:29'),(985,11,'2025-08-28','07:56:12','entrada','2025-08-28 10:56:12','2025-08-28 10:56:12'),(986,10,'2025-08-28','07:59:46','entrada','2025-08-28 10:59:46','2025-08-28 10:59:46'),(987,7,'2025-08-28','08:06:47','entrada','2025-08-28 11:06:47','2025-08-28 11:06:47'),(988,18,'2025-08-28','09:03:51','entrada','2025-08-28 12:03:51','2025-08-28 12:03:51'),(989,1,'2025-08-28','10:56:38','entrada','2025-08-28 13:56:38','2025-08-28 13:56:38'),(990,10,'2025-08-28','11:02:26','almoco','2025-08-28 14:02:26','2025-08-28 14:02:26'),(991,7,'2025-08-28','11:09:07','almoco','2025-08-28 14:09:07','2025-08-28 14:09:07'),(992,18,'2025-08-28','11:22:57','almoco','2025-08-28 14:22:57','2025-08-28 14:22:57'),(993,3,'2025-08-28','11:25:55','almoco','2025-08-28 14:25:55','2025-08-28 14:25:55'),(994,9,'2025-08-28','11:26:18','almoco','2025-08-28 14:26:18','2025-08-28 14:26:18'),(995,15,'2025-08-28','11:26:47','almoco','2025-08-28 14:26:47','2025-08-28 14:26:47'),(996,4,'2025-08-28','11:26:52','almoco','2025-08-28 14:26:52','2025-08-28 14:26:52'),(997,14,'2025-08-28','11:27:34','almoco','2025-08-28 14:27:34','2025-08-28 14:27:34'),(998,13,'2025-08-28','11:30:45','almoco','2025-08-28 14:30:45','2025-08-28 14:30:45'),(999,6,'2025-08-28','11:49:08','almoco','2025-08-28 14:49:08','2025-08-28 14:49:08'),(1000,5,'2025-08-28','11:51:42','entrada','2025-08-28 14:51:42','2025-08-28 14:51:42'),(1001,11,'2025-08-28','12:04:16','almoco','2025-08-28 15:04:16','2025-08-28 15:04:16'),(1002,7,'2025-08-28','12:09:04','retorno','2025-08-28 15:09:04','2025-08-28 15:09:04'),(1003,10,'2025-08-28','12:12:00','retorno','2025-08-28 15:12:00','2025-08-28 15:12:00'),(1004,2,'2025-08-28','12:13:19','almoco','2025-08-28 15:13:19','2025-08-28 15:13:19'),(1005,15,'2025-08-28','12:20:54','retorno','2025-08-28 15:20:54','2025-08-28 15:20:54'),(1006,9,'2025-08-28','12:22:15','retorno','2025-08-28 15:22:15','2025-08-28 15:22:15'),(1007,17,'2025-08-28','12:23:30','entrada','2025-08-28 15:23:30','2025-08-28 15:23:30'),(1008,3,'2025-08-28','12:24:10','retorno','2025-08-28 15:24:10','2025-08-28 15:24:10'),(1009,4,'2025-08-28','12:26:28','retorno','2025-08-28 15:26:28','2025-08-28 15:26:28'),(1010,14,'2025-08-28','12:27:03','retorno','2025-08-28 15:27:03','2025-08-28 15:27:03'),(1011,18,'2025-08-28','12:27:44','retorno','2025-08-28 15:27:44','2025-08-28 15:27:44'),(1012,6,'2025-08-28','12:46:34','retorno','2025-08-28 15:46:34','2025-08-28 15:46:34'),(1013,13,'2025-08-28','13:00:46','retorno','2025-08-28 16:00:46','2025-08-28 16:00:46'),(1014,11,'2025-08-28','13:15:49','retorno','2025-08-28 16:15:49','2025-08-28 16:15:49'),(1015,2,'2025-08-28','13:16:01','retorno','2025-08-28 16:16:01','2025-08-28 16:16:01'),(1016,8,'2025-08-28','13:21:48','almoco','2025-08-28 16:21:49','2025-08-28 16:21:49'),(1017,8,'2025-08-28','14:32:09','retorno','2025-08-28 17:32:09','2025-08-28 17:32:09'),(1018,14,'2025-08-28','16:46:53','saida','2025-08-28 19:46:53','2025-08-28 19:46:53'),(1019,7,'2025-08-28','17:07:26','saida','2025-08-28 20:07:26','2025-08-28 20:07:26'),(1020,3,'2025-08-28','17:15:56','saida','2025-08-28 20:15:56','2025-08-28 20:15:56'),(1021,9,'2025-08-28','17:16:20','saida','2025-08-28 20:16:20','2025-08-28 20:16:20'),(1022,17,'2025-08-28','17:16:42','almoco','2025-08-28 20:16:42','2025-08-28 20:16:42'),(1023,4,'2025-08-28','17:18:10','saida','2025-08-28 20:18:10','2025-08-28 20:18:10'),(1024,15,'2025-08-28','17:22:43','saida','2025-08-28 20:22:43','2025-08-28 20:22:43'),(1025,6,'2025-08-28','17:33:18','saida','2025-08-28 20:33:18','2025-08-28 20:33:18'),(1026,13,'2025-08-28','17:49:52','saida','2025-08-28 20:49:52','2025-08-28 20:49:52'),(1027,8,'2025-08-28','18:01:03','saida','2025-08-28 21:01:03','2025-08-28 21:01:03'),(1028,11,'2025-08-28','18:02:19','saida','2025-08-28 21:02:19','2025-08-28 21:02:19'),(1029,10,'2025-08-28','18:03:50','saida','2025-08-28 21:03:50','2025-08-28 21:03:50'),(1030,2,'2025-08-28','18:06:59','saida','2025-08-28 21:06:59','2025-08-28 21:06:59'),(1031,18,'2025-08-28','18:24:53','saida','2025-08-28 21:24:53','2025-08-28 21:24:53'),(1032,14,'2025-08-29','06:56:39','entrada','2025-08-29 09:56:39','2025-08-29 09:56:39'),(1033,13,'2025-08-29','06:56:42','entrada','2025-08-29 09:56:42','2025-08-29 09:56:42'),(1034,15,'2025-08-29','07:05:26','entrada','2025-08-29 10:05:26','2025-08-29 10:05:26'),(1035,3,'2025-08-29','07:22:54','entrada','2025-08-29 10:22:54','2025-08-29 10:22:54'),(1036,9,'2025-08-29','07:22:57','entrada','2025-08-29 10:22:57','2025-08-29 10:22:57'),(1037,4,'2025-08-29','07:25:44','entrada','2025-08-29 10:25:44','2025-08-29 10:25:44'),(1038,8,'2025-08-29','07:50:09','entrada','2025-08-29 10:50:09','2025-08-29 10:50:09'),(1039,6,'2025-08-29','07:53:51','entrada','2025-08-29 10:53:51','2025-08-29 10:53:51'),(1040,11,'2025-08-29','07:58:02','entrada','2025-08-29 10:58:02','2025-08-29 10:58:02'),(1041,7,'2025-08-29','07:58:03','entrada','2025-08-29 10:58:03','2025-08-29 10:58:03'),(1042,10,'2025-08-29','08:00:06','entrada','2025-08-29 11:00:06','2025-08-29 11:00:06'),(1043,2,'2025-08-29','08:01:07','entrada','2025-08-29 11:01:07','2025-08-29 11:01:07'),(1044,10,'2025-08-29','10:53:27','almoco','2025-08-29 13:53:27','2025-08-29 13:53:27'),(1045,7,'2025-08-29','11:06:04','almoco','2025-08-29 14:06:04','2025-08-29 14:06:04'),(1046,3,'2025-08-29','11:26:01','almoco','2025-08-29 14:26:01','2025-08-29 14:26:01'),(1047,4,'2025-08-29','11:26:20','almoco','2025-08-29 14:26:20','2025-08-29 14:26:20'),(1048,9,'2025-08-29','11:26:41','almoco','2025-08-29 14:26:41','2025-08-29 14:26:41'),(1049,15,'2025-08-29','11:27:01','almoco','2025-08-29 14:27:01','2025-08-29 14:27:01'),(1050,14,'2025-08-29','11:27:07','almoco','2025-08-29 14:27:07','2025-08-29 14:27:07'),(1051,13,'2025-08-29','11:27:41','almoco','2025-08-29 14:27:41','2025-08-29 14:27:41'),(1052,6,'2025-08-29','11:59:10','almoco','2025-08-29 14:59:10','2025-08-29 14:59:10'),(1053,11,'2025-08-29','12:00:32','almoco','2025-08-29 15:00:32','2025-08-29 15:00:32'),(1054,7,'2025-08-29','12:07:50','retorno','2025-08-29 15:07:50','2025-08-29 15:07:50'),(1055,2,'2025-08-29','12:18:36','almoco','2025-08-29 15:18:36','2025-08-29 15:18:36'),(1056,14,'2025-08-29','12:22:12','retorno','2025-08-29 15:22:12','2025-08-29 15:22:12'),(1057,15,'2025-08-29','12:23:08','retorno','2025-08-29 15:23:08','2025-08-29 15:23:08'),(1058,9,'2025-08-29','12:23:11','retorno','2025-08-29 15:23:11','2025-08-29 15:23:11'),(1059,3,'2025-08-29','12:23:59','retorno','2025-08-29 15:23:59','2025-08-29 15:23:59'),(1060,17,'2025-08-29','12:24:09','entrada','2025-08-29 15:24:09','2025-08-29 15:24:09'),(1061,4,'2025-08-29','12:24:55','retorno','2025-08-29 15:24:55','2025-08-29 15:24:55'),(1062,10,'2025-08-29','12:49:45','retorno','2025-08-29 15:49:45','2025-08-29 15:49:45'),(1063,6,'2025-08-29','12:55:52','retorno','2025-08-29 15:55:52','2025-08-29 15:55:52'),(1064,13,'2025-08-29','12:57:20','retorno','2025-08-29 15:57:20','2025-08-29 15:57:20'),(1065,11,'2025-08-29','13:12:57','retorno','2025-08-29 16:12:57','2025-08-29 16:12:57'),(1066,2,'2025-08-29','13:16:57','retorno','2025-08-29 16:16:57','2025-08-29 16:16:57'),(1067,8,'2025-08-29','13:31:30','almoco','2025-08-29 16:31:30','2025-08-29 16:31:30'),(1068,8,'2025-08-29','14:37:53','retorno','2025-08-29 17:37:53','2025-08-29 17:37:53'),(1069,1,'2025-08-29','15:01:54','entrada','2025-08-29 18:01:54','2025-08-29 18:01:54'),(1070,18,'2025-08-29','15:23:25','entrada','2025-08-29 18:23:25','2025-08-29 18:23:25'),(1071,14,'2025-08-29','16:47:13','saida','2025-08-29 19:47:13','2025-08-29 19:47:13'),(1072,3,'2025-08-29','17:15:49','saida','2025-08-29 20:15:49','2025-08-29 20:15:49'),(1073,9,'2025-08-29','17:16:16','saida','2025-08-29 20:16:16','2025-08-29 20:16:16'),(1074,17,'2025-08-29','17:16:30','almoco','2025-08-29 20:16:30','2025-08-29 20:16:30'),(1075,4,'2025-08-29','17:17:01','saida','2025-08-29 20:17:01','2025-08-29 20:17:01'),(1076,15,'2025-08-29','17:24:22','saida','2025-08-29 20:24:22','2025-08-29 20:24:22'),(1077,6,'2025-08-29','17:28:46','saida','2025-08-29 20:28:46','2025-08-29 20:28:46'),(1078,5,'2025-08-29','17:29:46','entrada','2025-08-29 20:29:46','2025-08-29 20:29:46'),(1079,1,'2025-08-29','17:37:26','almoco','2025-08-29 20:37:26','2025-08-29 20:37:26'),(1080,13,'2025-08-29','17:48:59','saida','2025-08-29 20:48:59','2025-08-29 20:48:59'),(1081,11,'2025-08-29','18:00:28','saida','2025-08-29 21:00:28','2025-08-29 21:00:28'),(1082,10,'2025-08-29','18:02:14','saida','2025-08-29 21:02:14','2025-08-29 21:02:14'),(1083,2,'2025-08-29','18:05:01','saida','2025-08-29 21:05:01','2025-08-29 21:05:01'),(1084,7,'2025-08-29','18:06:05','saida','2025-08-29 21:06:05','2025-08-29 21:06:05'),(1085,8,'2025-08-29','18:07:06','saida','2025-08-29 21:07:06','2025-08-29 21:07:06'),(1086,18,'2025-08-29','18:40:02','almoco','2025-08-29 21:40:02','2025-08-29 21:40:02'),(1087,18,'2025-08-30','09:16:09','entrada','2025-08-30 12:16:09','2025-08-30 12:16:09'),(1088,18,'2025-08-30','12:00:22','almoco','2025-08-30 15:00:22','2025-08-30 15:00:22'),(1089,14,'2025-09-01','06:49:55','entrada','2025-09-01 09:49:55','2025-09-01 09:49:55'),(1090,13,'2025-09-01','06:52:22','entrada','2025-09-01 09:52:22','2025-09-01 09:52:22'),(1091,15,'2025-09-01','07:05:20','entrada','2025-09-01 10:05:20','2025-09-01 10:05:20'),(1092,9,'2025-09-01','07:24:59','entrada','2025-09-01 10:24:59','2025-09-01 10:24:59'),(1093,3,'2025-09-01','07:25:32','entrada','2025-09-01 10:25:32','2025-09-01 10:25:32'),(1094,4,'2025-09-01','07:26:54','entrada','2025-09-01 10:26:54','2025-09-01 10:26:54'),(1095,17,'2025-09-01','07:30:47','entrada','2025-09-01 10:30:47','2025-09-01 10:30:47'),(1096,8,'2025-09-01','07:48:59','entrada','2025-09-01 10:48:59','2025-09-01 10:48:59'),(1097,7,'2025-09-01','07:56:11','entrada','2025-09-01 10:56:11','2025-09-01 10:56:11'),(1098,11,'2025-09-01','07:56:26','entrada','2025-09-01 10:56:26','2025-09-01 10:56:26'),(1099,10,'2025-09-01','08:00:07','entrada','2025-09-01 11:00:07','2025-09-01 11:00:07'),(1100,6,'2025-09-01','08:15:49','entrada','2025-09-01 11:15:49','2025-09-01 11:15:49'),(1101,10,'2025-09-01','10:50:21','almoco','2025-09-01 13:50:21','2025-09-01 13:50:21'),(1102,7,'2025-09-01','11:14:41','almoco','2025-09-01 14:14:41','2025-09-01 14:14:41'),(1103,3,'2025-09-01','11:25:37','almoco','2025-09-01 14:25:37','2025-09-01 14:25:37'),(1104,14,'2025-09-01','11:25:56','almoco','2025-09-01 14:25:56','2025-09-01 14:25:56'),(1105,15,'2025-09-01','11:26:06','almoco','2025-09-01 14:26:06','2025-09-01 14:26:06'),(1106,17,'2025-09-01','11:26:31','almoco','2025-09-01 14:26:31','2025-09-01 14:26:31'),(1107,9,'2025-09-01','11:26:36','almoco','2025-09-01 14:26:36','2025-09-01 14:26:36'),(1108,4,'2025-09-01','11:27:19','almoco','2025-09-01 14:27:19','2025-09-01 14:27:19'),(1109,13,'2025-09-01','11:29:05','almoco','2025-09-01 14:29:05','2025-09-01 14:29:05'),(1110,6,'2025-09-01','11:37:17','almoco','2025-09-01 14:37:17','2025-09-01 14:37:17'),(1111,10,'2025-09-01','12:01:15','retorno','2025-09-01 15:01:15','2025-09-01 15:01:15'),(1112,11,'2025-09-01','12:02:40','almoco','2025-09-01 15:02:40','2025-09-01 15:02:40'),(1113,7,'2025-09-01','12:06:35','retorno','2025-09-01 15:06:35','2025-09-01 15:06:35'),(1115,9,'2025-09-01','12:23:23','retorno','2025-09-01 15:23:23','2025-09-01 15:23:23'),(1116,3,'2025-09-01','12:23:55','retorno','2025-09-01 15:23:55','2025-09-01 15:23:55'),(1117,17,'2025-09-01','12:24:12','retorno','2025-09-01 15:24:12','2025-09-01 15:24:12'),(1118,14,'2025-09-01','12:24:30','retorno','2025-09-01 15:24:30','2025-09-01 15:24:30'),(1119,4,'2025-09-01','12:25:47','retorno','2025-09-01 15:25:47','2025-09-01 15:25:47'),(1120,6,'2025-09-01','12:36:05','retorno','2025-09-01 15:36:05','2025-09-01 15:36:05'),(1121,13,'2025-09-01','12:53:31','retorno','2025-09-01 15:53:31','2025-09-01 15:53:31'),(1122,15,'2025-09-01','12:58:10','retorno','2025-09-01 15:58:10','2025-09-01 15:58:10'),(1123,11,'2025-09-01','13:12:05','retorno','2025-09-01 16:12:05','2025-09-01 16:12:05'),(1124,8,'2025-09-01','13:33:14','almoco','2025-09-01 16:33:14','2025-09-01 16:33:14'),(1125,8,'2025-09-01','14:45:42','retorno','2025-09-01 17:45:42','2025-09-01 17:45:42'),(1126,14,'2025-09-01','16:48:08','saida','2025-09-01 19:48:08','2025-09-01 19:48:08'),(1127,7,'2025-09-01','17:02:37','saida','2025-09-01 20:02:37','2025-09-01 20:02:37'),(1128,17,'2025-09-01','17:50:37','saida','2025-09-01 20:50:37','2025-09-01 20:50:37'),(1129,9,'2025-09-01','17:50:40','saida','2025-09-01 20:50:40','2025-09-01 20:50:40'),(1130,3,'2025-09-01','17:51:04','saida','2025-09-01 20:51:04','2025-09-01 20:51:04'),(1131,15,'2025-09-01','17:51:53','saida','2025-09-01 20:51:53','2025-09-01 20:51:53'),(1132,4,'2025-09-01','17:53:36','saida','2025-09-01 20:53:36','2025-09-01 20:53:36'),(1133,6,'2025-09-01','17:55:41','saida','2025-09-01 20:55:41','2025-09-01 20:55:41'),(1134,5,'2025-09-01','17:57:07','entrada','2025-09-01 20:57:07','2025-09-01 20:57:07'),(1135,11,'2025-09-01','18:01:51','saida','2025-09-01 21:01:51','2025-09-01 21:01:51'),(1136,10,'2025-09-01','18:02:54','saida','2025-09-01 21:02:54','2025-09-01 21:02:54'),(1137,13,'2025-09-01','18:09:43','saida','2025-09-01 21:09:43','2025-09-01 21:09:43'),(1138,8,'2025-09-01','18:23:41','saida','2025-09-01 21:23:41','2025-09-01 21:23:41'),(1139,13,'2025-09-02','06:56:24','entrada','2025-09-02 09:56:24','2025-09-02 09:56:24'),(1140,14,'2025-09-02','06:56:32','entrada','2025-09-02 09:56:32','2025-09-02 09:56:32'),(1141,15,'2025-09-02','07:06:26','entrada','2025-09-02 10:06:26','2025-09-02 10:06:26'),(1142,17,'2025-09-02','07:08:23','entrada','2025-09-02 10:08:23','2025-09-02 10:08:23'),(1143,9,'2025-09-02','07:16:35','entrada','2025-09-02 10:16:35','2025-09-02 10:16:35'),(1144,3,'2025-09-02','07:21:07','entrada','2025-09-02 10:21:07','2025-09-02 10:21:07'),(1145,4,'2025-09-02','07:26:04','entrada','2025-09-02 10:26:04','2025-09-02 10:26:04'),(1146,6,'2025-09-02','07:48:33','entrada','2025-09-02 10:48:33','2025-09-02 10:48:33'),(1147,8,'2025-09-02','07:54:08','entrada','2025-09-02 10:54:08','2025-09-02 10:54:08'),(1148,11,'2025-09-02','07:55:12','entrada','2025-09-02 10:55:12','2025-09-02 10:55:12'),(1149,10,'2025-09-02','07:59:20','entrada','2025-09-02 10:59:20','2025-09-02 10:59:20'),(1150,2,'2025-09-02','08:00:17','entrada','2025-09-02 11:00:17','2025-09-02 11:00:17'),(1151,7,'2025-09-02','08:09:03','entrada','2025-09-02 11:09:03','2025-09-02 11:09:03'),(1152,5,'2025-09-02','08:24:52','entrada','2025-09-02 11:24:52','2025-09-02 11:24:52'),(1153,18,'2025-09-02','09:03:16','entrada','2025-09-02 12:03:16','2025-09-02 12:03:16'),(1154,10,'2025-09-02','10:55:13','almoco','2025-09-02 13:55:13','2025-09-02 13:55:13'),(1155,7,'2025-09-02','11:04:04','almoco','2025-09-02 14:04:04','2025-09-02 14:04:04'),(1156,3,'2025-09-02','11:25:56','almoco','2025-09-02 14:25:56','2025-09-02 14:25:56'),(1157,4,'2025-09-02','11:26:26','almoco','2025-09-02 14:26:26','2025-09-02 14:26:26'),(1158,9,'2025-09-02','11:26:39','almoco','2025-09-02 14:26:39','2025-09-02 14:26:39'),(1159,14,'2025-09-02','11:27:41','almoco','2025-09-02 14:27:41','2025-09-02 14:27:41'),(1160,15,'2025-09-02','11:30:22','almoco','2025-09-02 14:30:22','2025-09-02 14:30:22'),(1161,13,'2025-09-02','11:32:42','almoco','2025-09-02 14:32:42','2025-09-02 14:32:42'),(1162,18,'2025-09-02','11:37:57','almoco','2025-09-02 14:37:57','2025-09-02 14:37:57'),(1163,5,'2025-09-02','11:38:01','almoco','2025-09-02 14:38:01','2025-09-02 14:38:01'),(1164,16,'2025-09-02','11:38:48','entrada','2025-09-02 14:38:48','2025-09-02 14:38:48'),(1165,6,'2025-09-02','11:40:06','almoco','2025-09-02 14:40:06','2025-09-02 14:40:06'),(1166,11,'2025-09-02','12:00:08','almoco','2025-09-02 15:00:08','2025-09-02 15:00:08'),(1167,7,'2025-09-02','12:05:42','retorno','2025-09-02 15:05:42','2025-09-02 15:05:42'),(1168,2,'2025-09-02','12:06:59','almoco','2025-09-02 15:06:59','2025-09-02 15:06:59'),(1169,10,'2025-09-02','12:07:57','retorno','2025-09-02 15:07:57','2025-09-02 15:07:57'),(1170,14,'2025-09-02','12:23:02','retorno','2025-09-02 15:23:02','2025-09-02 15:23:02'),(1171,15,'2025-09-02','12:24:18','retorno','2025-09-02 15:24:18','2025-09-02 15:24:18'),(1172,9,'2025-09-02','12:24:37','retorno','2025-09-02 15:24:37','2025-09-02 15:24:37'),(1173,3,'2025-09-02','12:24:47','retorno','2025-09-02 15:24:47','2025-09-02 15:24:47'),(1174,4,'2025-09-02','12:25:23','retorno','2025-09-02 15:25:23','2025-09-02 15:25:23'),(1175,17,'2025-09-02','12:25:47','almoco','2025-09-02 15:25:47','2025-09-02 15:25:47'),(1176,6,'2025-09-02','12:36:45','retorno','2025-09-02 15:36:46','2025-09-02 15:36:46'),(1177,16,'2025-09-02','12:38:46','almoco','2025-09-02 15:38:46','2025-09-02 15:38:46'),(1178,18,'2025-09-02','12:42:11','retorno','2025-09-02 15:42:11','2025-09-02 15:42:11'),(1179,5,'2025-09-02','12:42:26','retorno','2025-09-02 15:42:26','2025-09-02 15:42:26'),(1180,13,'2025-09-02','13:00:55','retorno','2025-09-02 16:00:55','2025-09-02 16:00:55'),(1181,2,'2025-09-02','13:17:53','retorno','2025-09-02 16:17:53','2025-09-02 16:17:53'),(1182,11,'2025-09-02','13:19:36','retorno','2025-09-02 16:19:36','2025-09-02 16:19:36'),(1183,8,'2025-09-02','13:25:15','almoco','2025-09-02 16:25:15','2025-09-02 16:25:15'),(1184,17,'2025-09-02','14:22:18','retorno','2025-09-02 17:22:18','2025-09-02 17:22:18'),(1185,8,'2025-09-02','14:35:23','retorno','2025-09-02 17:35:23','2025-09-02 17:35:23'),(1186,14,'2025-09-02','16:46:30','saida','2025-09-02 19:46:30','2025-09-02 19:46:30'),(1187,7,'2025-09-02','17:14:55','saida','2025-09-02 20:14:55','2025-09-02 20:14:55'),(1188,3,'2025-09-02','17:15:58','saida','2025-09-02 20:15:58','2025-09-02 20:15:58'),(1189,9,'2025-09-02','17:18:39','saida','2025-09-02 20:18:39','2025-09-02 20:18:39'),(1190,15,'2025-09-02','17:21:33','saida','2025-09-02 20:21:33','2025-09-02 20:21:33'),(1191,4,'2025-09-02','17:27:17','saida','2025-09-02 20:27:17','2025-09-02 20:27:17'),(1192,16,'2025-09-02','17:28:11','retorno','2025-09-02 20:28:11','2025-09-02 20:28:11'),(1193,6,'2025-09-02','17:32:06','saida','2025-09-02 20:32:06','2025-09-02 20:32:06'),(1194,5,'2025-09-02','17:33:29','saida','2025-09-02 20:33:29','2025-09-02 20:33:29'),(1195,13,'2025-09-02','17:46:53','saida','2025-09-02 20:46:53','2025-09-02 20:46:53'),(1196,2,'2025-09-02','18:00:29','saida','2025-09-02 21:00:29','2025-09-02 21:00:29'),(1197,10,'2025-09-02','18:01:21','saida','2025-09-02 21:01:21','2025-09-02 21:01:21'),(1198,8,'2025-09-02','18:02:16','saida','2025-09-02 21:02:16','2025-09-02 21:02:16'),(1199,11,'2025-09-02','18:02:53','saida','2025-09-02 21:02:53','2025-09-02 21:02:53'),(1200,18,'2025-09-02','18:30:48','saida','2025-09-02 21:30:48','2025-09-02 21:30:48');
/*!40000 ALTER TABLE `RegistroPonto` ENABLE KEYS */;
UNLOCK TABLES;

--
-- Table structure for table `TipoTecido`
--

DROP TABLE IF EXISTS `TipoTecido`;
/*!40101 SET @saved_cs_client     = @@character_set_client */;
/*!50503 SET character_set_client = utf8mb4 */;
CREATE TABLE `TipoTecido` (
  `id` int NOT NULL AUTO_INCREMENT,
  `nome` varchar(255) NOT NULL,
  `created_at` datetime NOT NULL,
  `updated_at` datetime NOT NULL,
  PRIMARY KEY (`id`),
  UNIQUE KEY `nome` (`nome`),
  UNIQUE KEY `nome_2` (`nome`),
  UNIQUE KEY `nome_3` (`nome`),
  UNIQUE KEY `nome_4` (`nome`),
  UNIQUE KEY `nome_5` (`nome`),
  UNIQUE KEY `nome_6` (`nome`),
  UNIQUE KEY `nome_7` (`nome`),
  UNIQUE KEY `nome_8` (`nome`),
  UNIQUE KEY `nome_9` (`nome`),
  UNIQUE KEY `nome_10` (`nome`),
  UNIQUE KEY `nome_11` (`nome`),
  UNIQUE KEY `nome_12` (`nome`),
  UNIQUE KEY `nome_13` (`nome`),
  UNIQUE KEY `nome_14` (`nome`),
  UNIQUE KEY `nome_15` (`nome`),
  UNIQUE KEY `nome_16` (`nome`),
  UNIQUE KEY `nome_17` (`nome`),
  UNIQUE KEY `nome_18` (`nome`),
  UNIQUE KEY `nome_19` (`nome`),
  UNIQUE KEY `nome_20` (`nome`),
  UNIQUE KEY `nome_21` (`nome`),
  UNIQUE KEY `nome_22` (`nome`),
  UNIQUE KEY `nome_23` (`nome`),
  UNIQUE KEY `nome_24` (`nome`),
  UNIQUE KEY `nome_25` (`nome`),
  UNIQUE KEY `nome_26` (`nome`),
  UNIQUE KEY `nome_27` (`nome`),
  UNIQUE KEY `nome_28` (`nome`),
  UNIQUE KEY `nome_29` (`nome`),
  UNIQUE KEY `nome_30` (`nome`),
  UNIQUE KEY `nome_31` (`nome`),
  UNIQUE KEY `nome_32` (`nome`),
  UNIQUE KEY `nome_33` (`nome`),
  UNIQUE KEY `nome_34` (`nome`),
  UNIQUE KEY `nome_35` (`nome`),
  UNIQUE KEY `nome_36` (`nome`),
  UNIQUE KEY `nome_37` (`nome`),
  UNIQUE KEY `nome_38` (`nome`),
  UNIQUE KEY `nome_39` (`nome`),
  UNIQUE KEY `nome_40` (`nome`),
  UNIQUE KEY `nome_41` (`nome`),
  UNIQUE KEY `nome_42` (`nome`),
  UNIQUE KEY `nome_43` (`nome`),
  UNIQUE KEY `nome_44` (`nome`),
  UNIQUE KEY `nome_45` (`nome`),
  UNIQUE KEY `nome_46` (`nome`),
  UNIQUE KEY `nome_47` (`nome`),
  UNIQUE KEY `nome_48` (`nome`),
  UNIQUE KEY `nome_49` (`nome`),
  UNIQUE KEY `nome_50` (`nome`),
  UNIQUE KEY `nome_51` (`nome`),
  UNIQUE KEY `nome_52` (`nome`),
  UNIQUE KEY `nome_53` (`nome`),
  UNIQUE KEY `nome_54` (`nome`),
  UNIQUE KEY `nome_55` (`nome`),
  UNIQUE KEY `nome_56` (`nome`),
  UNIQUE KEY `nome_57` (`nome`),
  UNIQUE KEY `nome_58` (`nome`),
  UNIQUE KEY `nome_59` (`nome`),
  UNIQUE KEY `nome_60` (`nome`),
  UNIQUE KEY `nome_61` (`nome`)
) ENGINE=InnoDB AUTO_INCREMENT=18 DEFAULT CHARSET=utf8mb3;
/*!40101 SET character_set_client = @saved_cs_client */;

--
-- Dumping data for table `TipoTecido`
--

LOCK TABLES `TipoTecido` WRITE;
/*!40000 ALTER TABLE `TipoTecido` DISABLE KEYS */;
INSERT INTO `TipoTecido` VALUES (1,'ALGODÃO FIO 30','2025-06-21 16:10:16','2025-07-31 00:40:03'),(2,'MALHA PV','2025-07-31 00:39:16','2025-07-31 00:40:12'),(3,'HELANCA COLEGIAL','2025-07-31 00:40:27','2025-07-31 00:40:27'),(4,'HELANCA POLIAMIDA','2025-07-31 00:40:42','2025-07-31 00:40:42'),(5,'SUPLEX','2025-07-31 00:40:54','2025-07-31 00:40:54'),(6,'PIQUET MIX','2025-07-31 00:41:14','2025-07-31 00:41:14'),(7,'PIQUET PV','2025-07-31 00:41:26','2025-07-31 00:41:26'),(9,'DRAY','2025-07-31 01:45:29','2025-07-31 01:45:29'),(10,'DRAY COM ELASTANO','2025-07-31 01:45:51','2025-07-31 01:45:51'),(11,'BRIM PESADO','2025-07-31 01:46:07','2025-07-31 01:46:07'),(12,'BRIM LEVE','2025-07-31 01:46:21','2025-07-31 01:46:21'),(13,'MOLETOM','2025-07-31 01:46:38','2025-07-31 01:46:38'),(14,'OXFORD','2025-07-31 01:47:21','2025-07-31 01:47:21'),(15,'GABADIRNE','2025-07-31 01:47:50','2025-07-31 01:47:50'),(16,'TRICOLINE','2025-07-31 01:47:59','2025-07-31 01:47:59'),(17,'GRAFIL','2025-07-31 01:49:00','2025-07-31 01:49:00');
/*!40000 ALTER TABLE `TipoTecido` ENABLE KEYS */;
UNLOCK TABLES;

--
-- Table structure for table `VpontoBone`
--

DROP TABLE IF EXISTS `VpontoBone`;
/*!40101 SET @saved_cs_client     = @@character_set_client */;
/*!50503 SET character_set_client = utf8mb4 */;
CREATE TABLE `VpontoBone` (
  `id` int NOT NULL AUTO_INCREMENT,
  `qtd_peca` int NOT NULL,
  `valor_ponto` decimal(10,2) NOT NULL,
  `valor_minimo` decimal(10,2) NOT NULL,
  `created_at` datetime NOT NULL,
  `updated_at` datetime NOT NULL,
  PRIMARY KEY (`id`)
) ENGINE=InnoDB DEFAULT CHARSET=utf8mb3;
/*!40101 SET character_set_client = @saved_cs_client */;

--
-- Dumping data for table `VpontoBone`
--

LOCK TABLES `VpontoBone` WRITE;
/*!40000 ALTER TABLE `VpontoBone` DISABLE KEYS */;
/*!40000 ALTER TABLE `VpontoBone` ENABLE KEYS */;
UNLOCK TABLES;

--
-- Table structure for table `VpontoPeca`
--

DROP TABLE IF EXISTS `VpontoPeca`;
/*!40101 SET @saved_cs_client     = @@character_set_client */;
/*!50503 SET character_set_client = utf8mb4 */;
CREATE TABLE `VpontoPeca` (
  `id` int NOT NULL AUTO_INCREMENT,
  `qtd_peca` int NOT NULL,
  `valor_ponto` decimal(10,2) NOT NULL,
  `valor_minimo` decimal(10,2) NOT NULL,
  `created_at` datetime NOT NULL,
  `updated_at` datetime NOT NULL,
  PRIMARY KEY (`id`)
) ENGINE=InnoDB DEFAULT CHARSET=utf8mb3;
/*!40101 SET character_set_client = @saved_cs_client */;

--
-- Dumping data for table `VpontoPeca`
--

LOCK TABLES `VpontoPeca` WRITE;
/*!40000 ALTER TABLE `VpontoPeca` DISABLE KEYS */;
/*!40000 ALTER TABLE `VpontoPeca` ENABLE KEYS */;
UNLOCK TABLES;

--
-- Table structure for table `configuracoes`
--

DROP TABLE IF EXISTS `configuracoes`;
/*!40101 SET @saved_cs_client     = @@character_set_client */;
/*!50503 SET character_set_client = utf8mb4 */;
CREATE TABLE `configuracoes` (
  `id` int NOT NULL AUTO_INCREMENT,
  `chave` varchar(255) NOT NULL,
  `valor` varchar(255) NOT NULL,
  `jornada_padrao` varchar(255) NOT NULL,
  `tolerancia_minutos` int DEFAULT NULL,
  `numero_destino` varchar(255) NOT NULL,
  `whatsapp_notificacoes` tinyint(1) DEFAULT '0',
  PRIMARY KEY (`id`),
  UNIQUE KEY `chave` (`chave`),
  UNIQUE KEY `chave_2` (`chave`),
  UNIQUE KEY `chave_3` (`chave`),
  UNIQUE KEY `chave_4` (`chave`),
  UNIQUE KEY `chave_5` (`chave`),
  UNIQUE KEY `chave_6` (`chave`),
  UNIQUE KEY `chave_7` (`chave`),
  UNIQUE KEY `chave_8` (`chave`),
  UNIQUE KEY `chave_9` (`chave`),
  UNIQUE KEY `chave_10` (`chave`),
  UNIQUE KEY `chave_11` (`chave`),
  UNIQUE KEY `chave_12` (`chave`),
  UNIQUE KEY `chave_13` (`chave`),
  UNIQUE KEY `chave_14` (`chave`),
  UNIQUE KEY `chave_15` (`chave`),
  UNIQUE KEY `chave_16` (`chave`),
  UNIQUE KEY `chave_17` (`chave`),
  UNIQUE KEY `chave_18` (`chave`),
  UNIQUE KEY `chave_19` (`chave`),
  UNIQUE KEY `chave_20` (`chave`),
  UNIQUE KEY `chave_21` (`chave`),
  UNIQUE KEY `chave_22` (`chave`),
  UNIQUE KEY `chave_23` (`chave`),
  UNIQUE KEY `chave_24` (`chave`),
  UNIQUE KEY `chave_25` (`chave`),
  UNIQUE KEY `chave_26` (`chave`),
  UNIQUE KEY `chave_27` (`chave`),
  UNIQUE KEY `chave_28` (`chave`),
  UNIQUE KEY `chave_29` (`chave`),
  UNIQUE KEY `chave_30` (`chave`),
  UNIQUE KEY `chave_31` (`chave`),
  UNIQUE KEY `chave_32` (`chave`),
  UNIQUE KEY `chave_33` (`chave`),
  UNIQUE KEY `chave_34` (`chave`),
  UNIQUE KEY `chave_35` (`chave`),
  UNIQUE KEY `chave_36` (`chave`),
  UNIQUE KEY `chave_37` (`chave`),
  UNIQUE KEY `chave_38` (`chave`),
  UNIQUE KEY `chave_39` (`chave`),
  UNIQUE KEY `chave_40` (`chave`),
  UNIQUE KEY `chave_41` (`chave`),
  UNIQUE KEY `chave_42` (`chave`),
  UNIQUE KEY `chave_43` (`chave`),
  UNIQUE KEY `chave_44` (`chave`),
  UNIQUE KEY `chave_45` (`chave`),
  UNIQUE KEY `chave_46` (`chave`),
  UNIQUE KEY `chave_47` (`chave`),
  UNIQUE KEY `chave_48` (`chave`),
  UNIQUE KEY `chave_49` (`chave`),
  UNIQUE KEY `chave_50` (`chave`),
  UNIQUE KEY `chave_51` (`chave`),
  UNIQUE KEY `chave_52` (`chave`),
  UNIQUE KEY `chave_53` (`chave`),
  UNIQUE KEY `chave_54` (`chave`),
  UNIQUE KEY `chave_55` (`chave`),
  UNIQUE KEY `chave_56` (`chave`),
  UNIQUE KEY `chave_57` (`chave`),
  UNIQUE KEY `chave_58` (`chave`),
  UNIQUE KEY `chave_59` (`chave`),
  UNIQUE KEY `chave_60` (`chave`)
) ENGINE=InnoDB AUTO_INCREMENT=2 DEFAULT CHARSET=utf8mb3;
/*!40101 SET character_set_client = @saved_cs_client */;

--
-- Dumping data for table `configuracoes`
--

LOCK TABLES `configuracoes` WRITE;
/*!40000 ALTER TABLE `configuracoes` DISABLE KEYS */;
INSERT INTO `configuracoes` VALUES (1,'capacidade_diaria','100','08:48',5,'556281163140',1);
/*!40000 ALTER TABLE `configuracoes` ENABLE KEYS */;
UNLOCK TABLES;

--
-- Table structure for table `feriados`
--

DROP TABLE IF EXISTS `feriados`;
/*!40101 SET @saved_cs_client     = @@character_set_client */;
/*!50503 SET character_set_client = utf8mb4 */;
CREATE TABLE `feriados` (
  `id` int NOT NULL AUTO_INCREMENT,
  `nome` varchar(255) DEFAULT NULL,
  `data` date DEFAULT NULL,
  PRIMARY KEY (`id`)
) ENGINE=InnoDB AUTO_INCREMENT=5 DEFAULT CHARSET=utf8mb3;
/*!40101 SET character_set_client = @saved_cs_client */;

--
-- Dumping data for table `feriados`
--

LOCK TABLES `feriados` WRITE;
/*!40000 ALTER TABLE `feriados` DISABLE KEYS */;
INSERT INTO `feriados` VALUES (1,'dia da independencia','2025-09-07'),(2,'Senhora Aparecida','2025-10-12'),(3,'Proclamação da Republica','2025-11-15'),(4,'Natal','2025-09-25');
/*!40000 ALTER TABLE `feriados` ENABLE KEYS */;
UNLOCK TABLES;

--
-- Table structure for table `prod_costura`
--

DROP TABLE IF EXISTS `prod_costura`;
/*!40101 SET @saved_cs_client     = @@character_set_client */;
/*!50503 SET character_set_client = utf8mb4 */;
CREATE TABLE `prod_costura` (
  `id` int NOT NULL AUTO_INCREMENT,
  `data` date DEFAULT NULL,
  `funcionario` varchar(255) NOT NULL,
  `maquina` varchar(255) NOT NULL,
  `tecido` varchar(255) NOT NULL,
  `processo` varchar(255) NOT NULL,
  `inicio_processo` datetime NOT NULL,
  `fim_processo` datetime NOT NULL,
  `tempo_total` int NOT NULL COMMENT 'duração em segundos',
  `tempo_medio` int NOT NULL COMMENT 'média em segundos por peça',
  `qtd_peca` int NOT NULL,
  `modelo_peca` varchar(255) NOT NULL,
  `observacao` text,
  PRIMARY KEY (`id`)
) ENGINE=InnoDB AUTO_INCREMENT=2 DEFAULT CHARSET=utf8mb3;
/*!40101 SET character_set_client = @saved_cs_client */;

--
-- Dumping data for table `prod_costura`
--

LOCK TABLES `prod_costura` WRITE;
/*!40000 ALTER TABLE `prod_costura` DISABLE KEYS */;
INSERT INTO `prod_costura` VALUES (1,'2025-08-31','ATM','overlock','ALGODÃO FIO 30','overloka','2025-08-31 12:10:00','2025-08-31 14:15:00',7500,375,20,'CAMISETA GOLA \"O\"','');
/*!40000 ALTER TABLE `prod_costura` ENABLE KEYS */;
UNLOCK TABLES;
/*!40103 SET TIME_ZONE=@OLD_TIME_ZONE */;

/*!40101 SET SQL_MODE=@OLD_SQL_MODE */;
/*!40014 SET FOREIGN_KEY_CHECKS=@OLD_FOREIGN_KEY_CHECKS */;
/*!40014 SET UNIQUE_CHECKS=@OLD_UNIQUE_CHECKS */;
/*!40101 SET CHARACTER_SET_CLIENT=@OLD_CHARACTER_SET_CLIENT */;
/*!40101 SET CHARACTER_SET_RESULTS=@OLD_CHARACTER_SET_RESULTS */;
/*!40101 SET COLLATION_CONNECTION=@OLD_COLLATION_CONNECTION */;
/*!40111 SET SQL_NOTES=@OLD_SQL_NOTES */;

-- Dump completed on 2025-09-02 22:58:05
